{"id":451,"date":"2015-12-01T11:35:00","date_gmt":"2015-12-01T13:35:00","guid":{"rendered":"http:\/\/sites.usp.br\/direitoshumanos\/?page_id=451"},"modified":"2025-09-03T17:09:45","modified_gmt":"2025-09-03T20:09:45","slug":"o-premio","status":"publish","type":"page","link":"https:\/\/sites.usp.br\/direitoshumanos\/o-premio\/","title":{"rendered":"O Pr\u00eamio"},"content":{"rendered":"<blockquote><p>O <span style=\"color: #008080;\">Pr\u00eamio USP de Direitos Humanos<\/span> foi entregue pela primeira vez em 2000. Ele carrega consigo o objetivo de identificar e homenagear pessoas e institui\u00e7\u00f5es que, por suas atividades exemplares, tenham contribu\u00eddo significativamente para a difus\u00e3o, dissemina\u00e7\u00e3o e divulga\u00e7\u00e3o dos Direitos Humanos no Brasil.<\/p>\n<p>Foram premiados e homenageados nas 14 edi\u00e7\u00f5es realizadas do evento diversas institui\u00e7\u00f5es e indiv\u00edduos. Nomes como o da Dra. Zilda Arns Neumann, e do Dr. Drauzio Varella e organiza\u00e7\u00f5es tal qual a Viva Rio, j\u00e1 foram agraciados pela premia\u00e7\u00e3o.<\/p>\n<p>Um pr\u00eamio como o USP de Direitos Humanos possui uma enorme relev\u00e2ncia para atualidade, visto que em muitos lugares e para parte da popula\u00e7\u00e3o mundial os direitos b\u00e1sicos da personalidade humana muitas vezes n\u00e3o s\u00e3o respeitados ou nem mesmo alcan\u00e7ados. A premia\u00e7\u00e3o surge para divulgar e coroar a\u00e7\u00f5es e de pessoas e grupos que fazem do mundo um lugar justo e melhor para v\u00e1rios cidad\u00e3os.<\/p>\n<p><strong><a href=\"http:\/\/sites.usp.br\/direitoshumanos\/premio-de-direitos-humanos\/\">Confira aqui <\/a><\/strong>os agraciados e as agraciadas de cada edi\u00e7\u00e3o.<\/p><\/blockquote>\n","protected":false},"excerpt":{"rendered":"<p>O Pr\u00eamio USP de Direitos Humanos foi entregue pela primeira vez em 2000. Ele carrega consigo o objetivo de identificar e homenagear pessoas e institui\u00e7\u00f5es que, por suas atividades exemplares, tenham contribu\u00eddo significativamente para&#46;&#46;&#46;<\/p>\n","protected":false},"author":153,"featured_media":0,"parent":0,"menu_order":0,"comment_status":"closed","ping_status":"closed","template":"","meta":{"footnotes":"","_links_to":"","_links_to_target":""},"class_list":["post-451","page","type-page","status-publish","hentry"],"_links":{"self":[{"href":"https:\/\/sites.usp.br\/direitoshumanos\/wp-json\/wp\/v2\/pages\/451","targetHints":{"allow":["GET"]}}],"collection":[{"href":"https:\/\/sites.usp.br\/direitoshumanos\/wp-json\/wp\/v2\/pages"}],"about":[{"href":"https:\/\/sites.usp.br\/direitoshumanos\/wp-json\/wp\/v2\/types\/page"}],"author":[{"embeddable":true,"href":"https:\/\/sites.usp.br\/direitoshumanos\/wp-json\/wp\/v2\/users\/153"}],"replies":[{"embeddable":true,"href":"https:\/\/sites.usp.br\/direitoshumanos\/wp-json\/wp\/v2\/comments?post=451"}],"version-history":[{"count":4,"href":"https:\/\/sites.usp.br\/direitoshumanos\/wp-json\/wp\/v2\/pages\/451\/revisions"}],"predecessor-version":[{"id":1821,"href":"https:\/\/sites.usp.br\/direitoshumanos\/wp-json\/wp\/v2\/pages\/451\/revisions\/1821"}],"wp:attachment":[{"href":"https:\/\/sites.usp.br\/direitoshumanos\/wp-json\/wp\/v2\/media?parent=451"}],"curies":[{"name":"wp","href":"https:\/\/api.w.org\/{rel}","templated":true}]}}