{"id":62,"date":"2019-03-08T19:37:30","date_gmt":"2019-03-08T21:37:30","guid":{"rendered":"http:\/\/sites.usp.br\/deca\/?page_id=62"},"modified":"2024-03-13T10:54:15","modified_gmt":"2024-03-13T12:54:15","slug":"outros-eventos","status":"publish","type":"page","link":"https:\/\/sites.usp.br\/diversaeca\/outros-eventos\/","title":{"rendered":"Outros Eventos"},"content":{"rendered":"<figure class=\"wp-block-pullquote\">\r\n<blockquote>\r\n<p>2017<\/p>\r\n<cite><strong>Em 2017, o projeto diversidade na eca organizou 2 eventos<\/strong><\/cite><\/blockquote>\r\n<\/figure>\r\n<!-- \/wp:post-content -->\r\n\r\n<!-- wp:media-text {\"mediaId\":194,\"mediaType\":\"image\",\"mediaWidth\":42} -->\r\n<div class=\"wp-block-media-text alignwide\" style=\"grid-template-columns: 42% auto;\">\r\n<figure class=\"wp-block-media-text__media\"><img loading=\"lazy\" decoding=\"async\" width=\"500\" height=\"500\" class=\"wp-image-194\" src=\"https:\/\/sites.usp.br\/diversaeca\/wp-content\/uploads\/sites\/452\/2019\/03\/Logotipo-\u2013-DH.png\" alt=\"\" srcset=\"https:\/\/sites.usp.br\/diversaeca\/wp-content\/uploads\/sites\/452\/2019\/03\/Logotipo-\u2013-DH.png 500w, https:\/\/sites.usp.br\/diversaeca\/wp-content\/uploads\/sites\/452\/2019\/03\/Logotipo-\u2013-DH-150x150.png 150w, https:\/\/sites.usp.br\/diversaeca\/wp-content\/uploads\/sites\/452\/2019\/03\/Logotipo-\u2013-DH-300x300.png 300w, https:\/\/sites.usp.br\/diversaeca\/wp-content\/uploads\/sites\/452\/2019\/03\/Logotipo-\u2013-DH-250x250.png 250w, https:\/\/sites.usp.br\/diversaeca\/wp-content\/uploads\/sites\/452\/2019\/03\/Logotipo-\u2013-DH-174x174.png 174w, https:\/\/sites.usp.br\/diversaeca\/wp-content\/uploads\/sites\/452\/2019\/03\/Logotipo-\u2013-DH-45x45.png 45w, https:\/\/sites.usp.br\/diversaeca\/wp-content\/uploads\/sites\/452\/2019\/03\/Logotipo-\u2013-DH-200x200.png 200w, https:\/\/sites.usp.br\/diversaeca\/wp-content\/uploads\/sites\/452\/2019\/03\/Logotipo-\u2013-DH-400x400.png 400w\" sizes=\"auto, (max-width: 500px) 100vw, 500px\" \/><\/figure>\r\n<div class=\"wp-block-media-text__content\"><!-- wp:heading {\"level\":4} -->\r\n<h4 id=\"mce_34\">Semin\u00e1rio Comiss\u00f5es de Direitos Humanos e Viol\u00eancia de G\u00eanero<\/h4>\r\n<!-- \/wp:heading -->\r\n\r\n<!-- wp:paragraph -->\r\n<p>No dia 28 de Setembro de 2017, das 9hrs as 18 hrs, o projeto apoiou o evento que teve como objetivo reunir as Comiss\u00f5es de Direitos Humanos e seus membros para debater e expor as principais dificuldades.<\/p>\r\n<!-- \/wp:paragraph --><\/div>\r\n<\/div>\r\n<!-- \/wp:media-text -->\r\n\r\n<!-- wp:separator --><hr class=\"wp-block-separator\" \/><!-- \/wp:separator -->\r\n\r\n<!-- wp:media-text {\"mediaPosition\":\"right\",\"mediaId\":197,\"mediaType\":\"image\",\"mediaWidth\":48} -->\r\n<div class=\"wp-block-media-text alignwide has-media-on-the-right\" style=\"grid-template-columns: auto 48%;\">\r\n<figure class=\"wp-block-media-text__media\"><img loading=\"lazy\" decoding=\"async\" width=\"919\" height=\"613\" class=\"wp-image-197\" src=\"https:\/\/sites.usp.br\/diversaeca\/wp-content\/uploads\/sites\/452\/2019\/03\/26195826_144185442966555_558295441790050387_n.jpg\" alt=\"\" srcset=\"https:\/\/sites.usp.br\/diversaeca\/wp-content\/uploads\/sites\/452\/2019\/03\/26195826_144185442966555_558295441790050387_n.jpg 919w, https:\/\/sites.usp.br\/diversaeca\/wp-content\/uploads\/sites\/452\/2019\/03\/26195826_144185442966555_558295441790050387_n-300x200.jpg 300w, https:\/\/sites.usp.br\/diversaeca\/wp-content\/uploads\/sites\/452\/2019\/03\/26195826_144185442966555_558295441790050387_n-768x512.jpg 768w, https:\/\/sites.usp.br\/diversaeca\/wp-content\/uploads\/sites\/452\/2019\/03\/26195826_144185442966555_558295441790050387_n-750x500.jpg 750w, https:\/\/sites.usp.br\/diversaeca\/wp-content\/uploads\/sites\/452\/2019\/03\/26195826_144185442966555_558295441790050387_n-400x267.jpg 400w\" sizes=\"auto, (max-width: 919px) 100vw, 919px\" \/><\/figure>\r\n<div class=\"wp-block-media-text__content\"><!-- wp:heading {\"level\":4} -->\r\n<h4>Semana da Consci\u00eancia Negra na ECA<\/h4>\r\n<!-- \/wp:heading -->\r\n\r\n<!-- wp:paragraph -->\r\n<p>O evento contou com mesas de debate com trabalhos de Graduandos, Mestrandos e doutorandos que pesquisam<br \/>tem\u00e1ticas raciais;<\/p>\r\n<!-- \/wp:paragraph --><\/div>\r\n<\/div>\r\n<!-- \/wp:media-text -->\r\n\r\n<!-- wp:media-text {\"mediaId\":201,\"mediaType\":\"image\",\"mediaWidth\":52} -->\r\n<div class=\"wp-block-media-text alignwide\" style=\"grid-template-columns: 52% auto;\">\r\n<figure class=\"wp-block-media-text__media\"><img loading=\"lazy\" decoding=\"async\" width=\"919\" height=\"613\" class=\"wp-image-201\" src=\"https:\/\/sites.usp.br\/diversaeca\/wp-content\/uploads\/sites\/452\/2019\/03\/26165471_144181029633663_7719835180316319232_n.jpg\" alt=\"\" srcset=\"https:\/\/sites.usp.br\/diversaeca\/wp-content\/uploads\/sites\/452\/2019\/03\/26165471_144181029633663_7719835180316319232_n.jpg 919w, https:\/\/sites.usp.br\/diversaeca\/wp-content\/uploads\/sites\/452\/2019\/03\/26165471_144181029633663_7719835180316319232_n-300x200.jpg 300w, https:\/\/sites.usp.br\/diversaeca\/wp-content\/uploads\/sites\/452\/2019\/03\/26165471_144181029633663_7719835180316319232_n-768x512.jpg 768w, https:\/\/sites.usp.br\/diversaeca\/wp-content\/uploads\/sites\/452\/2019\/03\/26165471_144181029633663_7719835180316319232_n-750x500.jpg 750w, https:\/\/sites.usp.br\/diversaeca\/wp-content\/uploads\/sites\/452\/2019\/03\/26165471_144181029633663_7719835180316319232_n-400x267.jpg 400w\" sizes=\"auto, (max-width: 919px) 100vw, 919px\" \/><\/figure>\r\n<div class=\"wp-block-media-text__content\"><!-- wp:paragraph -->\r\n<p>O evento tamb\u00e9m contou com a Exposi\u00e7\u00e3o no sagu\u00e3o do Pr\u00e9dio Central da Escola de Comunica\u00e7\u00f5es e Artes do artista Negro Mois\u00e9s<br \/>Patr\u00edcio. Contamos tamb\u00e9m com outras apresenta\u00e7\u00f5es culturais durante o evento.<\/p>\r\n<!-- \/wp:paragraph --><\/div>\r\n<\/div>\r\n<!-- \/wp:media-text -->\r\n\r\n<!-- wp:media-text {\"mediaPosition\":\"right\",\"mediaId\":200,\"mediaType\":\"image\"} -->\r\n<div class=\"wp-block-media-text alignwide has-media-on-the-right\">\r\n<figure class=\"wp-block-media-text__media\"><img loading=\"lazy\" decoding=\"async\" width=\"919\" height=\"613\" class=\"wp-image-200\" src=\"https:\/\/sites.usp.br\/diversaeca\/wp-content\/uploads\/sites\/452\/2019\/03\/26219952_144182122966887_2375059772203069328_n-1.jpg\" alt=\"\" srcset=\"https:\/\/sites.usp.br\/diversaeca\/wp-content\/uploads\/sites\/452\/2019\/03\/26219952_144182122966887_2375059772203069328_n-1.jpg 919w, https:\/\/sites.usp.br\/diversaeca\/wp-content\/uploads\/sites\/452\/2019\/03\/26219952_144182122966887_2375059772203069328_n-1-300x200.jpg 300w, https:\/\/sites.usp.br\/diversaeca\/wp-content\/uploads\/sites\/452\/2019\/03\/26219952_144182122966887_2375059772203069328_n-1-768x512.jpg 768w, https:\/\/sites.usp.br\/diversaeca\/wp-content\/uploads\/sites\/452\/2019\/03\/26219952_144182122966887_2375059772203069328_n-1-750x500.jpg 750w, https:\/\/sites.usp.br\/diversaeca\/wp-content\/uploads\/sites\/452\/2019\/03\/26219952_144182122966887_2375059772203069328_n-1-400x267.jpg 400w\" sizes=\"auto, (max-width: 919px) 100vw, 919px\" \/><\/figure>\r\n<div class=\"wp-block-media-text__content\"><!-- wp:paragraph -->\r\n<p>Apresenta\u00e7\u00e3o Musical do Quarteto Bambar\u00e9;<\/p>\r\n<!-- \/wp:paragraph --><\/div>\r\n<\/div>\r\n<!-- \/wp:media-text -->\r\n\r\n<!-- wp:media-text {\"mediaId\":202,\"mediaType\":\"image\"} -->\r\n<div class=\"wp-block-media-text alignwide\">\r\n<figure class=\"wp-block-media-text__media\"><img loading=\"lazy\" decoding=\"async\" width=\"919\" height=\"613\" class=\"wp-image-202\" src=\"https:\/\/sites.usp.br\/diversaeca\/wp-content\/uploads\/sites\/452\/2019\/03\/26166338_144198699631896_2185025680512004553_n.jpg\" alt=\"\" srcset=\"https:\/\/sites.usp.br\/diversaeca\/wp-content\/uploads\/sites\/452\/2019\/03\/26166338_144198699631896_2185025680512004553_n.jpg 919w, https:\/\/sites.usp.br\/diversaeca\/wp-content\/uploads\/sites\/452\/2019\/03\/26166338_144198699631896_2185025680512004553_n-300x200.jpg 300w, https:\/\/sites.usp.br\/diversaeca\/wp-content\/uploads\/sites\/452\/2019\/03\/26166338_144198699631896_2185025680512004553_n-768x512.jpg 768w, https:\/\/sites.usp.br\/diversaeca\/wp-content\/uploads\/sites\/452\/2019\/03\/26166338_144198699631896_2185025680512004553_n-750x500.jpg 750w, https:\/\/sites.usp.br\/diversaeca\/wp-content\/uploads\/sites\/452\/2019\/03\/26166338_144198699631896_2185025680512004553_n-400x267.jpg 400w\" sizes=\"auto, (max-width: 919px) 100vw, 919px\" \/><\/figure>\r\n<div class=\"wp-block-media-text__content\"><!-- wp:paragraph -->\r\n<p>Exibi\u00e7\u00e3o de tr\u00eas document\u00e1rios com<br \/>tem\u00e1ticas de negritude e abertura para debate com o p\u00fablico e os realizadores de um das produ\u00e7\u00f5es audiovisuais exibidas (Coletivo I N \u00c1 ) \u201cDeixa, deixa eu dizer o que penso dessa vida\u201d).<\/p>\r\n<\/div>\r\n<\/div>\r\n<!-- \/wp:paragraph -->\r\n\r\n<!-- wp:paragraph -->\r\n<p>&nbsp;<\/p><!-- \/wp:paragraph -->","protected":false},"excerpt":{"rendered":"<p>2017 Em 2017, o projeto diversidade na eca organizou 2 eventos Semin\u00e1rio Comiss\u00f5es de Direitos Humanos e Viol\u00eancia de G\u00eanero No dia 28 de Setembro de 2017, das 9hrs as 18 hrs, o projeto apoiou o evento que teve como objetivo reunir as Comiss\u00f5es de Direitos Humanos e seus membros para debater e expor as principais dificuldades. Semana da Consci\u00eancia Negra na ECA O evento contou com mesas de debate com trabalhos de Graduandos, Mestrandos e doutorandos que pesquisamtem\u00e1ticas raciais; O evento tamb\u00e9m contou com a Exposi\u00e7\u00e3o no sagu\u00e3o do Pr\u00e9dio Central da Escola de Comunica\u00e7\u00f5es e Artes do artista Negro Mois\u00e9sPatr\u00edcio. Contamos tamb\u00e9m com outras apresenta\u00e7\u00f5es culturais durante o evento. Apresenta\u00e7\u00e3o Musical do Quarteto Bambar\u00e9; Exibi\u00e7\u00e3o de tr\u00eas document\u00e1rios comtem\u00e1ticas de negritude e abertura para debate com o p\u00fablico e os realizadores de um das produ\u00e7\u00f5es audiovisuais exibidas (Coletivo I N \u00c1 ) \u201cDeixa, deixa eu dizer o que penso dessa vida\u201d). &nbsp;<\/p>\n","protected":false},"author":1,"featured_media":0,"parent":0,"menu_order":0,"comment_status":"closed","ping_status":"closed","template":"","meta":{"footnotes":"","_links_to":"","_links_to_target":""},"class_list":["post-62","page","type-page","status-publish","hentry"],"_links":{"self":[{"href":"https:\/\/sites.usp.br\/diversaeca\/wp-json\/wp\/v2\/pages\/62","targetHints":{"allow":["GET"]}}],"collection":[{"href":"https:\/\/sites.usp.br\/diversaeca\/wp-json\/wp\/v2\/pages"}],"about":[{"href":"https:\/\/sites.usp.br\/diversaeca\/wp-json\/wp\/v2\/types\/page"}],"author":[{"embeddable":true,"href":"https:\/\/sites.usp.br\/diversaeca\/wp-json\/wp\/v2\/users\/1"}],"replies":[{"embeddable":true,"href":"https:\/\/sites.usp.br\/diversaeca\/wp-json\/wp\/v2\/comments?post=62"}],"version-history":[{"count":4,"href":"https:\/\/sites.usp.br\/diversaeca\/wp-json\/wp\/v2\/pages\/62\/revisions"}],"predecessor-version":[{"id":778,"href":"https:\/\/sites.usp.br\/diversaeca\/wp-json\/wp\/v2\/pages\/62\/revisions\/778"}],"wp:attachment":[{"href":"https:\/\/sites.usp.br\/diversaeca\/wp-json\/wp\/v2\/media?parent=62"}],"curies":[{"name":"wp","href":"https:\/\/api.w.org\/{rel}","templated":true}]}}