{"id":625,"date":"2020-10-22T20:38:37","date_gmt":"2020-10-22T23:38:37","guid":{"rendered":"http:\/\/sites.usp.br\/docencia\/?page_id=625"},"modified":"2023-11-13T15:34:55","modified_gmt":"2023-11-13T18:34:55","slug":"disciplinas-onlines","status":"publish","type":"page","link":"https:\/\/sites.usp.br\/docencia\/disciplinas-onlines\/","title":{"rendered":"disciplinas onlines"},"content":{"rendered":"\t\t<div data-elementor-type=\"wp-page\" data-elementor-id=\"625\" class=\"elementor elementor-625\">\n\t\t\t\t\t\t<section class=\"elementor-section elementor-top-section elementor-element elementor-element-adca5b2 elementor-section-boxed elementor-section-height-default elementor-section-height-default\" data-id=\"adca5b2\" data-element_type=\"section\">\n\t\t\t\t\t\t<div class=\"elementor-container elementor-column-gap-default\">\n\t\t\t\t\t<div class=\"elementor-column elementor-col-66 elementor-top-column elementor-element elementor-element-26ec251\" data-id=\"26ec251\" data-element_type=\"column\">\n\t\t\t<div class=\"elementor-widget-wrap elementor-element-populated\">\n\t\t\t\t\t\t<div class=\"elementor-element elementor-element-06d86fb elementor-widget elementor-widget-heading\" data-id=\"06d86fb\" data-element_type=\"widget\" data-widget_type=\"heading.default\">\n\t\t\t\t<div class=\"elementor-widget-container\">\n\t\t\t<h2 class=\"elementor-heading-title elementor-size-default\">Disciplina DG5004 <\/h2>\t\t<\/div>\n\t\t\t\t<\/div>\n\t\t\t\t\t<\/div>\n\t\t<\/div>\n\t\t\t\t<div class=\"elementor-column elementor-col-33 elementor-top-column elementor-element elementor-element-003050d\" data-id=\"003050d\" data-element_type=\"column\">\n\t\t\t<div class=\"elementor-widget-wrap elementor-element-populated\">\n\t\t\t\t\t\t<div class=\"elementor-element elementor-element-7d14c9f elementor-widget elementor-widget-text-editor\" data-id=\"7d14c9f\" data-element_type=\"widget\" data-widget_type=\"text-editor.default\">\n\t\t\t\t<div class=\"elementor-widget-container\">\n\t\t\t\t\t\t\t<p>A cada semestre, 1000 vagas s\u00e3o disponibilizadas para p\u00f3s-graduandos de todas as unidades USP para realizarem o curso online \u201cDoc\u00eancia no Ensino Superior: uma primeira aproxima\u00e7\u00e3o\u201d. Hospedado no ambiente e-disciplinas USP, que em linhas gerais consiste numa s\u00e9rie de entrevistas gravadas em v\u00eddeo, textos, leituras sugeridas e participa\u00e7\u00e3o no f\u00f3rum de discuss\u00f5es para intera\u00e7\u00e3o entre os participantes.<\/p>\t\t\t\t\t\t<\/div>\n\t\t\t\t<\/div>\n\t\t\t\t<div class=\"elementor-element elementor-element-afdd91e elementor-widget elementor-widget-spacer\" data-id=\"afdd91e\" data-element_type=\"widget\" data-widget_type=\"spacer.default\">\n\t\t\t\t<div class=\"elementor-widget-container\">\n\t\t\t\t\t<div class=\"elementor-spacer\">\n\t\t\t<div class=\"elementor-spacer-inner\"><\/div>\n\t\t<\/div>\n\t\t\t\t<\/div>\n\t\t\t\t<\/div>\n\t\t\t\t\t<\/div>\n\t\t<\/div>\n\t\t\t\t\t<\/div>\n\t\t<\/section>\n\t\t\t\t<section class=\"elementor-section elementor-top-section elementor-element elementor-element-7d30c77 elementor-section-stretched elementor-section-full_width elementor-section-height-default elementor-section-height-default\" data-id=\"7d30c77\" data-element_type=\"section\" data-settings=\"{&quot;stretch_section&quot;:&quot;section-stretched&quot;}\">\n\t\t\t\t\t\t<div class=\"elementor-container elementor-column-gap-default\">\n\t\t\t\t\t<div class=\"elementor-column elementor-col-25 elementor-top-column elementor-element elementor-element-516eb5e\" data-id=\"516eb5e\" data-element_type=\"column\">\n\t\t\t<div class=\"elementor-widget-wrap elementor-element-populated\">\n\t\t\t\t\t\t<div class=\"elementor-element elementor-element-000c813 elementor-widget elementor-widget-heading\" data-id=\"000c813\" data-element_type=\"widget\" data-widget_type=\"heading.default\">\n\t\t\t\t<div class=\"elementor-widget-container\">\n\t\t\t<h2 class=\"elementor-heading-title elementor-size-default\">Para maiores informa\u00e7\u00f5es:<br> <br><br><br><br><br><br>Acesse o <br>e-disciplina<br><br><br><br> <br>Assista<br>o v\u00eddeo<br>ao lado<br><\/h2>\t\t<\/div>\n\t\t\t\t<\/div>\n\t\t\t\t\t<\/div>\n\t\t<\/div>\n\t\t\t\t<div class=\"elementor-column elementor-col-25 elementor-top-column elementor-element elementor-element-af78890\" data-id=\"af78890\" data-element_type=\"column\">\n\t\t\t<div class=\"elementor-widget-wrap elementor-element-populated\">\n\t\t\t\t\t\t<div class=\"elementor-element elementor-element-1f14c37 elementor-widget elementor-widget-video\" data-id=\"1f14c37\" data-element_type=\"widget\" data-settings=\"{&quot;youtube_url&quot;:&quot;https:\\\/\\\/www.youtube.com\\\/watch?v=5xwiPeJF6jw&quot;,&quot;video_type&quot;:&quot;youtube&quot;,&quot;controls&quot;:&quot;yes&quot;}\" data-widget_type=\"video.default\">\n\t\t\t\t<div class=\"elementor-widget-container\">\n\t\t\t\t\t<div class=\"elementor-wrapper elementor-open-inline\">\n\t\t\t<div class=\"elementor-video\"><\/div>\t\t<\/div>\n\t\t\t\t<\/div>\n\t\t\t\t<\/div>\n\t\t\t\t\t<\/div>\n\t\t<\/div>\n\t\t\t\t<div class=\"elementor-column elementor-col-50 elementor-top-column elementor-element elementor-element-5a192d4\" data-id=\"5a192d4\" data-element_type=\"column\">\n\t\t\t<div class=\"elementor-widget-wrap\">\n\t\t\t\t\t\t\t<\/div>\n\t\t<\/div>\n\t\t\t\t\t<\/div>\n\t\t<\/section>\n\t\t\t\t<section class=\"elementor-section elementor-top-section elementor-element elementor-element-ad0b1d6 elementor-section-stretched elementor-section-full_width elementor-section-height-default elementor-section-height-default\" data-id=\"ad0b1d6\" data-element_type=\"section\" data-settings=\"{&quot;stretch_section&quot;:&quot;section-stretched&quot;}\">\n\t\t\t\t\t\t<div class=\"elementor-container elementor-column-gap-default\">\n\t\t\t\t\t<div class=\"elementor-column elementor-col-100 elementor-top-column elementor-element elementor-element-bade0d0\" data-id=\"bade0d0\" data-element_type=\"column\">\n\t\t\t<div class=\"elementor-widget-wrap elementor-element-populated\">\n\t\t\t\t\t\t<div class=\"elementor-element elementor-element-05ef822 elementor-tabs-view-vertical elementor-widget elementor-widget-tabs\" data-id=\"05ef822\" data-element_type=\"widget\" data-widget_type=\"tabs.default\">\n\t\t\t\t<div class=\"elementor-widget-container\">\n\t\t\t\t\t<div class=\"elementor-tabs\">\n\t\t\t<div class=\"elementor-tabs-wrapper\" role=\"tablist\" >\n\t\t\t\t\t\t\t\t\t<div id=\"elementor-tab-title-6221\" class=\"elementor-tab-title elementor-tab-desktop-title\" aria-selected=\"true\" data-tab=\"1\" role=\"tab\" tabindex=\"0\" aria-controls=\"elementor-tab-content-6221\" aria-expanded=\"false\">Disciplinas DPG5004 (2021.1)<\/div>\n\t\t\t\t\t\t\t\t\t<div id=\"elementor-tab-title-6222\" class=\"elementor-tab-title elementor-tab-desktop-title\" aria-selected=\"false\" data-tab=\"2\" role=\"tab\" tabindex=\"-1\" aria-controls=\"elementor-tab-content-6222\" aria-expanded=\"false\">Disciplina DPG5004 (2020.2)<\/div>\n\t\t\t\t\t\t\t\t\t<div id=\"elementor-tab-title-6223\" class=\"elementor-tab-title elementor-tab-desktop-title\" aria-selected=\"false\" data-tab=\"3\" role=\"tab\" tabindex=\"-1\" aria-controls=\"elementor-tab-content-6223\" aria-expanded=\"false\">Disciplina DPG5004 (2020.1)<\/div>\n\t\t\t\t\t\t\t<\/div>\n\t\t\t<div class=\"elementor-tabs-content-wrapper\" role=\"tablist\" aria-orientation=\"vertical\">\n\t\t\t\t\t\t\t\t\t<div class=\"elementor-tab-title elementor-tab-mobile-title\" aria-selected=\"true\" data-tab=\"1\" role=\"tab\" tabindex=\"0\" aria-controls=\"elementor-tab-content-6221\" aria-expanded=\"false\">Disciplinas DPG5004 (2021.1)<\/div>\n\t\t\t\t\t<div id=\"elementor-tab-content-6221\" class=\"elementor-tab-content elementor-clearfix\" data-tab=\"1\" role=\"tabpanel\" aria-labelledby=\"elementor-tab-title-6221\" tabindex=\"0\" hidden=\"false\"><p><span style=\"color: #333333;\">DPG5004 (2021.1) &#8211; Doc\u00eancia no Ensino Superior: Uma Primeira Aproxima\u00e7\u00e3o I (2021) &#8211; 1\u00ba semestre<br><\/span><\/p>N\u00famero de alunos inscritos: 248\n<p>N\u00famero de alunos que cursaram: 207<\/p>\n<p><span style=\"color: #333333;\">Saiba mais em: <u><a style=\"color: #333333;\" href=\"https:\/\/uspdigital.usp.br\/janus\/componente\/catalogoDisciplinasInicial.jsf?action=3&amp;sgldis=DPG5004\" target=\"_blank\" rel=\"noopener\">Cat\u00e1logo de disciplinas<\/a><\/u><\/span><\/p>\n<p><span style=\"color: #333333;\">O curso est\u00e1 estruturado na forma de entrevistas abordando os seguintes temas:<\/span><\/p>\n<p><span style=\"color: #333333;\">1. Doc\u00eancia No Ensino Superior: Uma Breve Caracteriza\u00e7\u00e3o<\/span><br><span style=\"color: #333333;\">2. Saberes Docentes, Planejamento da Pr\u00e1tica Pedag\u00f3gica e Organiza\u00e7\u00e3o da Aula<\/span><br><span style=\"color: #333333;\">3. Pr\u00e1ticas de Ensino, Inova\u00e7\u00e3o Pedag\u00f3gica e Usos das M\u00eddias Digitais<\/span><br><span style=\"color: #333333;\">4. Avalia\u00e7\u00e3o da Aprendizagem: Concep\u00e7\u00f5es e Pr\u00e1ticas<\/span><br><span style=\"color: #333333;\">5. Recursos Did\u00e1ticos<\/span><br><span style=\"color: #333333;\">6. Compartilhando Experi\u00eancias Docentes<\/span><\/p>\n<p class=\"info infopt\"><span style=\"color: #333333;\"><strong>Docentes Respons\u00e1veis:<\/strong><\/span><\/p>\n<p>Adriana Backx Noronha Viana<br>Fabio Gregori<br>Paula Perin Vicentini<br>Rita de Cassia Gallego<br>Sylvia Domingos Barrera<br>Dagma Venturini Marques Abramides<\/p>\n<p class=\"info infopt\"><span style=\"color: #333333;\"><strong>Objetivos:<\/strong><\/span><\/p>\n<p class=\"info infopt campoTextoMantendoLinhas\"><span style=\"color: #333333;\">A disciplina tem por objetivo oferecer aos p\u00f3s-graduandos uma introdu\u00e7\u00e3o \u00e0s quest\u00f5es que caracterizam o exerc\u00edcio da doc\u00eancia em n\u00edvel superior. Para tanto, busca-se favorecer o debate acerca das concep\u00e7\u00f5es de universidade, tendo em vista as transforma\u00e7\u00f5es pelas quais esse n\u00edvel de ensino tem passado, no Brasil, nas \u00faltimas d\u00e9cadas. Sem desconsiderar as especificidades das in\u00fameras \u00e1reas que comp\u00f5em a Universidade de S\u00e3o Paulo, pretende-se fornecer elementos b\u00e1sicos para que o futuro professor de Ensino Superior entenda os aspectos principais de seu of\u00edcio, notadamente os processos formativos e os saberes docentes, a rela\u00e7\u00e3o pedag\u00f3gica e o espa\u00e7o da sala de aula, o planejamento e a organiza\u00e7\u00e3o de sua pr\u00e1tica, bem como a avalia\u00e7\u00e3o. Trata-se, portanto, de fomentar uma compreens\u00e3o mais acurada de sua inser\u00e7\u00e3o profissional como docente no meio universit\u00e1rio, favorecendo pr\u00e1ticas, com base nas quais se desenvolvam processos formativos de qualidade\/excel\u00eancia e que contribuam para a efetiva democratiza\u00e7\u00e3o do Ensino Superior.<\/span><\/p><\/div>\n\t\t\t\t\t\t\t\t\t<div class=\"elementor-tab-title elementor-tab-mobile-title\" aria-selected=\"false\" data-tab=\"2\" role=\"tab\" tabindex=\"-1\" aria-controls=\"elementor-tab-content-6222\" aria-expanded=\"false\">Disciplina DPG5004 (2020.2)<\/div>\n\t\t\t\t\t<div id=\"elementor-tab-content-6222\" class=\"elementor-tab-content elementor-clearfix\" data-tab=\"2\" role=\"tabpanel\" aria-labelledby=\"elementor-tab-title-6222\" tabindex=\"0\" hidden=\"hidden\"><p><span style=\"color: #333333;\">DPG5004 (2020.2) &#8211; Doc\u00eancia no Ensino Superior: Uma Primeira Aproxima\u00e7\u00e3o I (2020) &#8211; 2\u00ba semestre<\/span><\/p><span style=\"color: #333333;\">N\u00famero de alunos inscritos: 445<\/span>\n<p>N\u00famero de alunos que cursaram: 372<\/p>\n<p>Saiba mais em: <u><a href=\"https:\/\/uspdigital.usp.br\/janus\/componente\/catalogoDisciplinasInicial.jsf?action=3&amp;sgldis=DPG5004\" target=\"_blank\" rel=\"noopener\">Cat\u00e1logo de disciplinas<\/a><\/u><\/p>\n<p>O curso est\u00e1 estruturado na forma de entrevistas abordando os seguintes temas:<\/p>\n<p>1. Doc\u00eancia No Ensino Superior: Uma Breve Caracteriza\u00e7\u00e3o<br>2. Saberes Docentes, Planejamento da Pr\u00e1tica Pedag\u00f3gica e Organiza\u00e7\u00e3o da Aula<br>3. Pr\u00e1ticas de Ensino, Inova\u00e7\u00e3o Pedag\u00f3gica e Usos das M\u00eddias Digitais<br>4. Avalia\u00e7\u00e3o da Aprendizagem: Concep\u00e7\u00f5es e Pr\u00e1ticas<br>5. Recursos Did\u00e1ticos<br>6. Compartilhando Experi\u00eancias Docentes<\/p>\n<p class=\"info infopt\"><strong>Docentes Respons\u00e1veis:<\/strong><\/p>\n<p class=\"info infopt\"><strong>Objetivos:<\/strong><\/p>\n<p class=\"info infopt campoTextoMantendoLinhas\">A disciplina tem por objetivo oferecer aos p\u00f3s-graduandos uma introdu\u00e7\u00e3o \u00e0s quest\u00f5es que caracterizam o exerc\u00edcio da doc\u00eancia em n\u00edvel superior. Para tanto, busca-se favorecer o debate acerca das concep\u00e7\u00f5es de universidade, tendo em vista as transforma\u00e7\u00f5es pelas quais esse n\u00edvel de ensino tem passado, no Brasil, nas \u00faltimas d\u00e9cadas. Sem desconsiderar as especificidades das in\u00fameras \u00e1reas que comp\u00f5em a Universidade de S\u00e3o Paulo, pretende-se fornecer elementos b\u00e1sicos para que o futuro professor de Ensino Superior entenda os aspectos principais de seu of\u00edcio, notadamente os processos formativos e os saberes docentes, a rela\u00e7\u00e3o pedag\u00f3gica e o espa\u00e7o da sala de aula, o planejamento e a organiza\u00e7\u00e3o de sua pr\u00e1tica, bem como a avalia\u00e7\u00e3o. Trata-se, portanto, de fomentar uma compreens\u00e3o mais acurada de sua inser\u00e7\u00e3o profissional como docente no meio universit\u00e1rio, favorecendo pr\u00e1ticas, com base nas quais se desenvolvam processos formativos de qualidade\/excel\u00eancia e que contribuam para a efetiva democratiza\u00e7\u00e3o do Ensino Superior.<\/p><\/div>\n\t\t\t\t\t\t\t\t\t<div class=\"elementor-tab-title elementor-tab-mobile-title\" aria-selected=\"false\" data-tab=\"3\" role=\"tab\" tabindex=\"-1\" aria-controls=\"elementor-tab-content-6223\" aria-expanded=\"false\">Disciplina DPG5004 (2020.1)<\/div>\n\t\t\t\t\t<div id=\"elementor-tab-content-6223\" class=\"elementor-tab-content elementor-clearfix\" data-tab=\"3\" role=\"tabpanel\" aria-labelledby=\"elementor-tab-title-6223\" tabindex=\"0\" hidden=\"hidden\"><p>DPG5004 (2020.2) &#8211; Doc\u00eancia no Ensino Superior: Uma Primeira Aproxima\u00e7\u00e3o I (2020) &#8211; 1\u00ba semestre<\/p>N\u00famero de alunos inscritos: 506\n<p>N\u00famero de alunos que cursaram: 463<\/p>\n<p>Saiba mais em:<a href=\"https:\/\/uspdigital.usp.br\/janus\/componente\/catalogoDisciplinasInicial.jsf?action=3&amp;sgldis=DPG5004\" target=\"_blank\" rel=\"noopener\"> <u>Cat\u00e1logo de disciplinas<\/u><\/a><\/p>\n<p>O curso est\u00e1 estruturado na forma de entrevistas abordando os seguintes temas:<\/p>\n<p>1. Doc\u00eancia No Ensino Superior: Uma Breve Caracteriza\u00e7\u00e3o<br>2. Saberes Docentes, Planejamento da Pr\u00e1tica Pedag\u00f3gica e Organiza\u00e7\u00e3o da Aula<br>3. Pr\u00e1ticas de Ensino, Inova\u00e7\u00e3o Pedag\u00f3gica e Usos das M\u00eddias Digitais<br>4. Avalia\u00e7\u00e3o da Aprendizagem: Concep\u00e7\u00f5es e Pr\u00e1ticas<br>5. Recursos Did\u00e1ticos<br>6. Compartilhando Experi\u00eancias Docentes<\/p>\n<p class=\"info infopt\"><strong>Docentes Respons\u00e1veis:<\/strong><\/p>\n<p class=\"info infopt\"><strong>Objetivos:<\/strong><\/p>\n<p class=\"info infopt campoTextoMantendoLinhas\">A disciplina tem por objetivo oferecer aos p\u00f3s-graduandos uma introdu\u00e7\u00e3o \u00e0s quest\u00f5es que caracterizam o exerc\u00edcio da doc\u00eancia em n\u00edvel superior. Para tanto, busca-se favorecer o debate acerca das concep\u00e7\u00f5es de universidade, tendo em vista as transforma\u00e7\u00f5es pelas quais esse n\u00edvel de ensino tem passado, no Brasil, nas \u00faltimas d\u00e9cadas. Sem desconsiderar as especificidades das in\u00fameras \u00e1reas que comp\u00f5em a Universidade de S\u00e3o Paulo, pretende-se fornecer elementos b\u00e1sicos para que o futuro professor de Ensino Superior entenda os aspectos principais de seu of\u00edcio, notadamente os processos formativos e os saberes docentes, a rela\u00e7\u00e3o pedag\u00f3gica e o espa\u00e7o da sala de aula, o planejamento e a organiza\u00e7\u00e3o de sua pr\u00e1tica, bem como a avalia\u00e7\u00e3o. Trata-se, portanto, de fomentar uma compreens\u00e3o mais acurada de sua inser\u00e7\u00e3o profissional como docente no meio universit\u00e1rio, favorecendo pr\u00e1ticas, com base nas quais se desenvolvam processos formativos de qualidade\/excel\u00eancia e que contribuam para a efetiva democratiza\u00e7\u00e3o do Ensino Superior.<\/p><\/div>\n\t\t\t\t\t\t\t<\/div>\n\t\t<\/div>\n\t\t\t\t<\/div>\n\t\t\t\t<\/div>\n\t\t\t\t\t<\/div>\n\t\t<\/div>\n\t\t\t\t\t<\/div>\n\t\t<\/section>\n\t\t\t\t<\/div>\n\t\t","protected":false},"excerpt":{"rendered":"<p>Disciplina DG5004 A cada semestre, 1000 vagas s\u00e3o disponibilizadas para p\u00f3s-graduandos de todas as unidades USP para realizarem o curso online \u201cDoc\u00eancia no Ensino Superior: uma primeira aproxima\u00e7\u00e3o\u201d. Hospedado no ambiente e-disciplinas USP, que em linhas gerais consiste numa s\u00e9rie de entrevistas gravadas em v\u00eddeo, textos, leituras sugeridas e participa\u00e7\u00e3o no f\u00f3rum de discuss\u00f5es para [&hellip;]<\/p>\n","protected":false},"author":22119,"featured_media":0,"parent":0,"menu_order":0,"comment_status":"closed","ping_status":"closed","template":"","meta":{"footnotes":"","_links_to":"","_links_to_target":""},"class_list":["post-625","page","type-page","status-publish","hentry","entry"],"_links":{"self":[{"href":"https:\/\/sites.usp.br\/docencia\/wp-json\/wp\/v2\/pages\/625","targetHints":{"allow":["GET"]}}],"collection":[{"href":"https:\/\/sites.usp.br\/docencia\/wp-json\/wp\/v2\/pages"}],"about":[{"href":"https:\/\/sites.usp.br\/docencia\/wp-json\/wp\/v2\/types\/page"}],"author":[{"embeddable":true,"href":"https:\/\/sites.usp.br\/docencia\/wp-json\/wp\/v2\/users\/22119"}],"replies":[{"embeddable":true,"href":"https:\/\/sites.usp.br\/docencia\/wp-json\/wp\/v2\/comments?post=625"}],"version-history":[{"count":4,"href":"https:\/\/sites.usp.br\/docencia\/wp-json\/wp\/v2\/pages\/625\/revisions"}],"predecessor-version":[{"id":1052,"href":"https:\/\/sites.usp.br\/docencia\/wp-json\/wp\/v2\/pages\/625\/revisions\/1052"}],"wp:attachment":[{"href":"https:\/\/sites.usp.br\/docencia\/wp-json\/wp\/v2\/media?parent=625"}],"curies":[{"name":"wp","href":"https:\/\/api.w.org\/{rel}","templated":true}]}}