{"id":832,"date":"2021-02-06T12:03:09","date_gmt":"2021-02-06T15:03:09","guid":{"rendered":"http:\/\/sites.usp.br\/docencia\/?page_id=832"},"modified":"2023-11-13T15:00:15","modified_gmt":"2023-11-13T18:00:15","slug":"vivenciando-2021","status":"publish","type":"page","link":"https:\/\/sites.usp.br\/docencia\/vivenciando-2021\/","title":{"rendered":"vivenciando 2021"},"content":{"rendered":"\t\t<div data-elementor-type=\"wp-page\" data-elementor-id=\"832\" class=\"elementor elementor-832\">\n\t\t\t\t\t\t<section class=\"elementor-section elementor-top-section elementor-element elementor-element-fa98f77 elementor-section-boxed elementor-section-height-default elementor-section-height-default\" data-id=\"fa98f77\" data-element_type=\"section\">\n\t\t\t\t\t\t<div class=\"elementor-container elementor-column-gap-default\">\n\t\t\t\t\t<div class=\"elementor-column elementor-col-33 elementor-top-column elementor-element elementor-element-6f94a81\" data-id=\"6f94a81\" data-element_type=\"column\">\n\t\t\t<div class=\"elementor-widget-wrap elementor-element-populated\">\n\t\t\t\t\t\t<div class=\"elementor-element elementor-element-70fc47c elementor-widget elementor-widget-heading\" data-id=\"70fc47c\" data-element_type=\"widget\" data-widget_type=\"heading.default\">\n\t\t\t\t<div class=\"elementor-widget-container\">\n\t\t\t<h2 class=\"elementor-heading-title elementor-size-default\">VIVENCIANDO 2021<\/h2>\t\t<\/div>\n\t\t\t\t<\/div>\n\t\t\t\t\t<\/div>\n\t\t<\/div>\n\t\t\t\t<div class=\"elementor-column elementor-col-66 elementor-top-column elementor-element elementor-element-8f01232\" data-id=\"8f01232\" data-element_type=\"column\">\n\t\t\t<div class=\"elementor-widget-wrap elementor-element-populated\">\n\t\t\t\t\t\t<div class=\"elementor-element elementor-element-11b3e96 elementor-widget elementor-widget-text-editor\" data-id=\"11b3e96\" data-element_type=\"widget\" data-widget_type=\"text-editor.default\">\n\t\t\t\t<div class=\"elementor-widget-container\">\n\t\t\t\t\t\t\t<p>No ano passado, a Comiss\u00e3o de Forma\u00e7\u00e3o Did\u00e1tico Pedag\u00f3gica da PRPG da USP organizou o Ciclo de Debates \u2018Vivenciando 2020\u2019 no qual discutimos conceitos, abordagens, procedimentos e contextos relativos ao ensino, particularmente em decorr\u00eancia da situa\u00e7\u00e3o de pandemia, mas n\u00e3o apenas.<br \/>A pandemia se mant\u00e9m em 2021, o que traz diversas situa\u00e7\u00f5es relevantes para a p\u00f3s-gradua\u00e7\u00e3o, seus processos de ensino-aprendizagem, suas pr\u00e1ticas pedag\u00f3gicas e procedimentos, aos quais se associam mudan\u00e7as no contexto sociocultural, econ\u00f4mico e sanit\u00e1rio. Neste cen\u00e1rio, continuaremos com o Ciclo de Debates \u2018Vivenciando 2021\u2019, em que pretendemos discutir aspectos fundamentais para a p\u00f3s-gradua\u00e7\u00e3o, mas que ganham transcend\u00eancia na realidade de transforma\u00e7\u00f5es vivenciadas, e as que ainda est\u00e3o por vir.<br \/>No dia 16 de abril, \u00e0s 15:00, acontecer\u00e1 o primeiro debate do \u201cVivenciando 2021\u201d cujo tema ser\u00e1 Sentido e Dimens\u00f5es do Programa de P\u00f3s-Gradua\u00e7\u00e3o: estrat\u00e9gias de uma pol\u00edtica de ci\u00eancia e de forma\u00e7\u00e3o superior para um Pa\u00eds. Aqui, considerando o fio condutor do \u201cVivenciando 2021\u201d, a reflex\u00e3o sobre os sentidos e dimens\u00f5es do conceito \u2018programa\u2019 em Programas de P\u00f3s-gradua\u00e7\u00e3o, objetivamos abordar, de diferentes perspectivas, quest\u00f5es referentes a essa tem\u00e1tica.<\/p>\t\t\t\t\t\t<\/div>\n\t\t\t\t<\/div>\n\t\t\t\t\t<\/div>\n\t\t<\/div>\n\t\t\t\t\t<\/div>\n\t\t<\/section>\n\t\t\t\t<section class=\"elementor-section elementor-top-section elementor-element elementor-element-b137a43 elementor-section-boxed elementor-section-height-default elementor-section-height-default\" data-id=\"b137a43\" data-element_type=\"section\">\n\t\t\t\t\t\t<div class=\"elementor-container elementor-column-gap-default\">\n\t\t\t\t\t<div class=\"elementor-column elementor-col-100 elementor-top-column elementor-element elementor-element-56e3a18\" data-id=\"56e3a18\" data-element_type=\"column\">\n\t\t\t<div class=\"elementor-widget-wrap elementor-element-populated\">\n\t\t\t\t\t\t<div class=\"elementor-element elementor-element-f553388 elementor-widget elementor-widget-heading\" data-id=\"f553388\" data-element_type=\"widget\" data-widget_type=\"heading.default\">\n\t\t\t\t<div class=\"elementor-widget-container\">\n\t\t\t<h2 class=\"elementor-heading-title elementor-size-default\">1\u00b0 semestre<\/h2>\t\t<\/div>\n\t\t\t\t<\/div>\n\t\t\t\t\t<\/div>\n\t\t<\/div>\n\t\t\t\t\t<\/div>\n\t\t<\/section>\n\t\t\t\t<section class=\"elementor-section elementor-top-section elementor-element elementor-element-51c33d3 elementor-section-boxed elementor-section-height-default elementor-section-height-default\" data-id=\"51c33d3\" data-element_type=\"section\">\n\t\t\t\t\t\t<div class=\"elementor-container elementor-column-gap-default\">\n\t\t\t\t\t<div class=\"elementor-column elementor-col-50 elementor-top-column elementor-element elementor-element-998a103\" data-id=\"998a103\" data-element_type=\"column\">\n\t\t\t<div class=\"elementor-widget-wrap elementor-element-populated\">\n\t\t\t\t\t\t<div class=\"elementor-element elementor-element-5107a3b elementor-widget elementor-widget-image\" data-id=\"5107a3b\" data-element_type=\"widget\" data-widget_type=\"image.default\">\n\t\t\t\t<div class=\"elementor-widget-container\">\n\t\t\t\t\t\t\t\t\t\t\t\t\t\t<a href=\"https:\/\/youtu.be\/42p0NzdqBnI\" target=\"_blank\">\n\t\t\t\t\t\t\t<img fetchpriority=\"high\" decoding=\"async\" width=\"1024\" height=\"1024\" src=\"https:\/\/sites.usp.br\/docencia\/wp-content\/uploads\/sites\/556\/2021\/04\/099_Vivenciando-2021_alt2_DIA-16_p-1024x1024.jpg\" class=\"attachment-large size-large wp-image-867\" alt=\"\" srcset=\"https:\/\/sites.usp.br\/docencia\/wp-content\/uploads\/sites\/556\/2021\/04\/099_Vivenciando-2021_alt2_DIA-16_p-1024x1024.jpg 1024w, https:\/\/sites.usp.br\/docencia\/wp-content\/uploads\/sites\/556\/2021\/04\/099_Vivenciando-2021_alt2_DIA-16_p-300x300.jpg 300w, https:\/\/sites.usp.br\/docencia\/wp-content\/uploads\/sites\/556\/2021\/04\/099_Vivenciando-2021_alt2_DIA-16_p-150x150.jpg 150w, https:\/\/sites.usp.br\/docencia\/wp-content\/uploads\/sites\/556\/2021\/04\/099_Vivenciando-2021_alt2_DIA-16_p-768x768.jpg 768w, https:\/\/sites.usp.br\/docencia\/wp-content\/uploads\/sites\/556\/2021\/04\/099_Vivenciando-2021_alt2_DIA-16_p-45x45.jpg 45w, https:\/\/sites.usp.br\/docencia\/wp-content\/uploads\/sites\/556\/2021\/04\/099_Vivenciando-2021_alt2_DIA-16_p.jpg 1180w\" sizes=\"(max-width: 1024px) 100vw, 1024px\" \/>\t\t\t\t\t\t\t\t<\/a>\n\t\t\t\t\t\t\t\t\t\t\t\t\t<\/div>\n\t\t\t\t<\/div>\n\t\t\t\t<div class=\"elementor-element elementor-element-cac50dd elementor-widget elementor-widget-image\" data-id=\"cac50dd\" data-element_type=\"widget\" data-widget_type=\"image.default\">\n\t\t\t\t<div class=\"elementor-widget-container\">\n\t\t\t\t\t\t\t\t\t\t\t\t\t\t<a href=\"https:\/\/youtu.be\/DaG5nCGhdRo\" target=\"_blank\">\n\t\t\t\t\t\t\t<img decoding=\"async\" width=\"1024\" height=\"1024\" src=\"https:\/\/sites.usp.br\/docencia\/wp-content\/uploads\/sites\/556\/2021\/05\/vivenciando-2021_21.05-1024x1024.png\" class=\"attachment-large size-large wp-image-879\" alt=\"\" srcset=\"https:\/\/sites.usp.br\/docencia\/wp-content\/uploads\/sites\/556\/2021\/05\/vivenciando-2021_21.05-1024x1024.png 1024w, https:\/\/sites.usp.br\/docencia\/wp-content\/uploads\/sites\/556\/2021\/05\/vivenciando-2021_21.05-300x300.png 300w, https:\/\/sites.usp.br\/docencia\/wp-content\/uploads\/sites\/556\/2021\/05\/vivenciando-2021_21.05-150x150.png 150w, https:\/\/sites.usp.br\/docencia\/wp-content\/uploads\/sites\/556\/2021\/05\/vivenciando-2021_21.05-768x768.png 768w, https:\/\/sites.usp.br\/docencia\/wp-content\/uploads\/sites\/556\/2021\/05\/vivenciando-2021_21.05-1536x1536.png 1536w, https:\/\/sites.usp.br\/docencia\/wp-content\/uploads\/sites\/556\/2021\/05\/vivenciando-2021_21.05-2048x2048.png 2048w, https:\/\/sites.usp.br\/docencia\/wp-content\/uploads\/sites\/556\/2021\/05\/vivenciando-2021_21.05-45x45.png 45w\" sizes=\"(max-width: 1024px) 100vw, 1024px\" \/>\t\t\t\t\t\t\t\t<\/a>\n\t\t\t\t\t\t\t\t\t\t\t\t\t<\/div>\n\t\t\t\t<\/div>\n\t\t\t\t\t<\/div>\n\t\t<\/div>\n\t\t\t\t<div class=\"elementor-column elementor-col-50 elementor-top-column elementor-element elementor-element-bd6d28e\" data-id=\"bd6d28e\" data-element_type=\"column\">\n\t\t\t<div class=\"elementor-widget-wrap elementor-element-populated\">\n\t\t\t\t\t\t<div class=\"elementor-element elementor-element-464ce60 elementor-widget elementor-widget-image\" data-id=\"464ce60\" data-element_type=\"widget\" data-widget_type=\"image.default\">\n\t\t\t\t<div class=\"elementor-widget-container\">\n\t\t\t\t\t\t\t\t\t\t\t\t\t\t<a href=\"https:\/\/youtu.be\/QqiTQHr97zA\" target=\"_blank\">\n\t\t\t\t\t\t\t<img decoding=\"async\" width=\"1024\" height=\"1024\" src=\"https:\/\/sites.usp.br\/docencia\/wp-content\/uploads\/sites\/556\/2021\/04\/099_Vivenciando-2021_alt2_DIA-30_p-1024x1024.jpg\" class=\"attachment-large size-large wp-image-868\" alt=\"\" srcset=\"https:\/\/sites.usp.br\/docencia\/wp-content\/uploads\/sites\/556\/2021\/04\/099_Vivenciando-2021_alt2_DIA-30_p-1024x1024.jpg 1024w, https:\/\/sites.usp.br\/docencia\/wp-content\/uploads\/sites\/556\/2021\/04\/099_Vivenciando-2021_alt2_DIA-30_p-300x300.jpg 300w, https:\/\/sites.usp.br\/docencia\/wp-content\/uploads\/sites\/556\/2021\/04\/099_Vivenciando-2021_alt2_DIA-30_p-150x150.jpg 150w, https:\/\/sites.usp.br\/docencia\/wp-content\/uploads\/sites\/556\/2021\/04\/099_Vivenciando-2021_alt2_DIA-30_p-768x768.jpg 768w, https:\/\/sites.usp.br\/docencia\/wp-content\/uploads\/sites\/556\/2021\/04\/099_Vivenciando-2021_alt2_DIA-30_p-45x45.jpg 45w, https:\/\/sites.usp.br\/docencia\/wp-content\/uploads\/sites\/556\/2021\/04\/099_Vivenciando-2021_alt2_DIA-30_p.jpg 1180w\" sizes=\"(max-width: 1024px) 100vw, 1024px\" \/>\t\t\t\t\t\t\t\t<\/a>\n\t\t\t\t\t\t\t\t\t\t\t\t\t<\/div>\n\t\t\t\t<\/div>\n\t\t\t\t<div class=\"elementor-element elementor-element-25e9776 elementor-widget elementor-widget-image\" data-id=\"25e9776\" data-element_type=\"widget\" data-widget_type=\"image.default\">\n\t\t\t\t<div class=\"elementor-widget-container\">\n\t\t\t\t\t\t\t\t\t\t\t\t\t\t<a href=\"https:\/\/youtu.be\/NEJr2Evx93E\" target=\"_blank\">\n\t\t\t\t\t\t\t<img loading=\"lazy\" decoding=\"async\" width=\"1024\" height=\"1024\" src=\"https:\/\/sites.usp.br\/docencia\/wp-content\/uploads\/sites\/556\/2021\/06\/vivenciando_2021_1806-1-1024x1024.png\" class=\"attachment-large size-large wp-image-884\" alt=\"\" srcset=\"https:\/\/sites.usp.br\/docencia\/wp-content\/uploads\/sites\/556\/2021\/06\/vivenciando_2021_1806-1-1024x1024.png 1024w, https:\/\/sites.usp.br\/docencia\/wp-content\/uploads\/sites\/556\/2021\/06\/vivenciando_2021_1806-1-300x300.png 300w, https:\/\/sites.usp.br\/docencia\/wp-content\/uploads\/sites\/556\/2021\/06\/vivenciando_2021_1806-1-150x150.png 150w, https:\/\/sites.usp.br\/docencia\/wp-content\/uploads\/sites\/556\/2021\/06\/vivenciando_2021_1806-1-768x768.png 768w, https:\/\/sites.usp.br\/docencia\/wp-content\/uploads\/sites\/556\/2021\/06\/vivenciando_2021_1806-1-1536x1536.png 1536w, https:\/\/sites.usp.br\/docencia\/wp-content\/uploads\/sites\/556\/2021\/06\/vivenciando_2021_1806-1-2048x2048.png 2048w, https:\/\/sites.usp.br\/docencia\/wp-content\/uploads\/sites\/556\/2021\/06\/vivenciando_2021_1806-1-45x45.png 45w\" sizes=\"(max-width: 1024px) 100vw, 1024px\" \/>\t\t\t\t\t\t\t\t<\/a>\n\t\t\t\t\t\t\t\t\t\t\t\t\t<\/div>\n\t\t\t\t<\/div>\n\t\t\t\t\t<\/div>\n\t\t<\/div>\n\t\t\t\t\t<\/div>\n\t\t<\/section>\n\t\t\t\t<section class=\"elementor-section elementor-top-section elementor-element elementor-element-078b60e elementor-section-boxed elementor-section-height-default elementor-section-height-default\" data-id=\"078b60e\" data-element_type=\"section\">\n\t\t\t\t\t\t<div class=\"elementor-container elementor-column-gap-default\">\n\t\t\t\t\t<div class=\"elementor-column elementor-col-100 elementor-top-column elementor-element elementor-element-aae988d\" data-id=\"aae988d\" data-element_type=\"column\">\n\t\t\t<div class=\"elementor-widget-wrap elementor-element-populated\">\n\t\t\t\t\t\t<div class=\"elementor-element elementor-element-665d2d9 elementor-widget elementor-widget-heading\" data-id=\"665d2d9\" data-element_type=\"widget\" data-widget_type=\"heading.default\">\n\t\t\t\t<div class=\"elementor-widget-container\">\n\t\t\t<h2 class=\"elementor-heading-title elementor-size-default\">2\u00b0 semestre<\/h2>\t\t<\/div>\n\t\t\t\t<\/div>\n\t\t\t\t\t<\/div>\n\t\t<\/div>\n\t\t\t\t\t<\/div>\n\t\t<\/section>\n\t\t\t\t<section class=\"elementor-section elementor-top-section elementor-element elementor-element-1775116 elementor-section-boxed elementor-section-height-default elementor-section-height-default\" data-id=\"1775116\" data-element_type=\"section\">\n\t\t\t\t\t\t<div class=\"elementor-container elementor-column-gap-default\">\n\t\t\t\t\t<div class=\"elementor-column elementor-col-50 elementor-top-column elementor-element elementor-element-14c9847\" data-id=\"14c9847\" data-element_type=\"column\">\n\t\t\t<div class=\"elementor-widget-wrap elementor-element-populated\">\n\t\t\t\t\t\t<div class=\"elementor-element elementor-element-adeda3b elementor-widget elementor-widget-image\" data-id=\"adeda3b\" data-element_type=\"widget\" data-widget_type=\"image.default\">\n\t\t\t\t<div class=\"elementor-widget-container\">\n\t\t\t\t\t\t\t\t\t\t\t\t\t\t<a href=\"https:\/\/youtu.be\/oNrLfw_L_IM\" target=\"_blank\">\n\t\t\t\t\t\t\t<img loading=\"lazy\" decoding=\"async\" width=\"1024\" height=\"1024\" src=\"https:\/\/sites.usp.br\/docencia\/wp-content\/uploads\/sites\/556\/2021\/11\/vivenciando-2021_19.11-1024x1024.png\" class=\"attachment-large size-large wp-image-1002\" alt=\"\" srcset=\"https:\/\/sites.usp.br\/docencia\/wp-content\/uploads\/sites\/556\/2021\/11\/vivenciando-2021_19.11-1024x1024.png 1024w, https:\/\/sites.usp.br\/docencia\/wp-content\/uploads\/sites\/556\/2021\/11\/vivenciando-2021_19.11-300x300.png 300w, https:\/\/sites.usp.br\/docencia\/wp-content\/uploads\/sites\/556\/2021\/11\/vivenciando-2021_19.11-150x150.png 150w, https:\/\/sites.usp.br\/docencia\/wp-content\/uploads\/sites\/556\/2021\/11\/vivenciando-2021_19.11-768x768.png 768w, https:\/\/sites.usp.br\/docencia\/wp-content\/uploads\/sites\/556\/2021\/11\/vivenciando-2021_19.11-1536x1536.png 1536w, https:\/\/sites.usp.br\/docencia\/wp-content\/uploads\/sites\/556\/2021\/11\/vivenciando-2021_19.11-2048x2048.png 2048w, https:\/\/sites.usp.br\/docencia\/wp-content\/uploads\/sites\/556\/2021\/11\/vivenciando-2021_19.11-45x45.png 45w\" sizes=\"(max-width: 1024px) 100vw, 1024px\" \/>\t\t\t\t\t\t\t\t<\/a>\n\t\t\t\t\t\t\t\t\t\t\t\t\t<\/div>\n\t\t\t\t<\/div>\n\t\t\t\t\t<\/div>\n\t\t<\/div>\n\t\t\t\t<div class=\"elementor-column elementor-col-50 elementor-top-column elementor-element elementor-element-62dc1cc\" data-id=\"62dc1cc\" data-element_type=\"column\">\n\t\t\t<div class=\"elementor-widget-wrap elementor-element-populated\">\n\t\t\t\t\t\t<div class=\"elementor-element elementor-element-da09b43 elementor-widget elementor-widget-image\" data-id=\"da09b43\" data-element_type=\"widget\" data-settings=\"{&quot;_animation&quot;:&quot;none&quot;}\" data-widget_type=\"image.default\">\n\t\t\t\t<div class=\"elementor-widget-container\">\n\t\t\t\t\t\t\t\t\t\t\t\t\t\t<a href=\"https:\/\/www.youtube.com\/watch?v=InZAbGDV7a0\" target=\"_blank\">\n\t\t\t\t\t\t\t<img loading=\"lazy\" decoding=\"async\" width=\"1024\" height=\"1024\" src=\"https:\/\/sites.usp.br\/docencia\/wp-content\/uploads\/sites\/556\/2021\/11\/vivenciando-2021_03_12-1024x1024.png\" class=\"attachment-large size-large wp-image-1010\" alt=\"\" srcset=\"https:\/\/sites.usp.br\/docencia\/wp-content\/uploads\/sites\/556\/2021\/11\/vivenciando-2021_03_12-1024x1024.png 1024w, https:\/\/sites.usp.br\/docencia\/wp-content\/uploads\/sites\/556\/2021\/11\/vivenciando-2021_03_12-300x300.png 300w, https:\/\/sites.usp.br\/docencia\/wp-content\/uploads\/sites\/556\/2021\/11\/vivenciando-2021_03_12-150x150.png 150w, https:\/\/sites.usp.br\/docencia\/wp-content\/uploads\/sites\/556\/2021\/11\/vivenciando-2021_03_12-768x768.png 768w, https:\/\/sites.usp.br\/docencia\/wp-content\/uploads\/sites\/556\/2021\/11\/vivenciando-2021_03_12-1536x1536.png 1536w, https:\/\/sites.usp.br\/docencia\/wp-content\/uploads\/sites\/556\/2021\/11\/vivenciando-2021_03_12-2048x2048.png 2048w, https:\/\/sites.usp.br\/docencia\/wp-content\/uploads\/sites\/556\/2021\/11\/vivenciando-2021_03_12-45x45.png 45w\" sizes=\"(max-width: 1024px) 100vw, 1024px\" \/>\t\t\t\t\t\t\t\t<\/a>\n\t\t\t\t\t\t\t\t\t\t\t\t\t<\/div>\n\t\t\t\t<\/div>\n\t\t\t\t\t<\/div>\n\t\t<\/div>\n\t\t\t\t\t<\/div>\n\t\t<\/section>\n\t\t\t\t<\/div>\n\t\t","protected":false},"excerpt":{"rendered":"<p>VIVENCIANDO 2021 No ano passado, a Comiss\u00e3o de Forma\u00e7\u00e3o Did\u00e1tico Pedag\u00f3gica da PRPG da USP organizou o Ciclo de Debates \u2018Vivenciando 2020\u2019 no qual discutimos conceitos, abordagens, procedimentos e contextos relativos ao ensino, particularmente em decorr\u00eancia da situa\u00e7\u00e3o de pandemia, mas n\u00e3o apenas.A pandemia se mant\u00e9m em 2021, o que traz diversas situa\u00e7\u00f5es relevantes para [&hellip;]<\/p>\n","protected":false},"author":22119,"featured_media":0,"parent":0,"menu_order":0,"comment_status":"closed","ping_status":"closed","template":"","meta":{"footnotes":"","_links_to":"","_links_to_target":""},"class_list":["post-832","page","type-page","status-publish","hentry","entry"],"_links":{"self":[{"href":"https:\/\/sites.usp.br\/docencia\/wp-json\/wp\/v2\/pages\/832","targetHints":{"allow":["GET"]}}],"collection":[{"href":"https:\/\/sites.usp.br\/docencia\/wp-json\/wp\/v2\/pages"}],"about":[{"href":"https:\/\/sites.usp.br\/docencia\/wp-json\/wp\/v2\/types\/page"}],"author":[{"embeddable":true,"href":"https:\/\/sites.usp.br\/docencia\/wp-json\/wp\/v2\/users\/22119"}],"replies":[{"embeddable":true,"href":"https:\/\/sites.usp.br\/docencia\/wp-json\/wp\/v2\/comments?post=832"}],"version-history":[{"count":4,"href":"https:\/\/sites.usp.br\/docencia\/wp-json\/wp\/v2\/pages\/832\/revisions"}],"predecessor-version":[{"id":1026,"href":"https:\/\/sites.usp.br\/docencia\/wp-json\/wp\/v2\/pages\/832\/revisions\/1026"}],"wp:attachment":[{"href":"https:\/\/sites.usp.br\/docencia\/wp-json\/wp\/v2\/media?parent=832"}],"curies":[{"name":"wp","href":"https:\/\/api.w.org\/{rel}","templated":true}]}}