{"id":2927,"date":"2023-11-30T16:23:36","date_gmt":"2023-11-30T19:23:36","guid":{"rendered":"https:\/\/sites.usp.br\/rdmpg\/?page_id=2927"},"modified":"2024-09-27T20:43:04","modified_gmt":"2024-09-27T23:43:04","slug":"academic-staff","status":"publish","type":"page","link":"https:\/\/sites.usp.br\/dosimetry\/cursos-pagina\/academic-staff\/","title":{"rendered":"Academic Staff"},"content":{"rendered":"\t\t<div data-elementor-type=\"wp-page\" data-elementor-id=\"2927\" class=\"elementor elementor-2927\" data-elementor-post-type=\"page\">\n\t\t\t\t\t\t<section class=\"elementor-section elementor-top-section elementor-element elementor-element-6033aa7 elementor-section-full_width elementor-section-height-default elementor-section-height-default\" data-id=\"6033aa7\" data-element_type=\"section\">\n\t\t\t\t\t\t<div class=\"elementor-container elementor-column-gap-default\">\n\t\t\t\t\t<div class=\"elementor-column elementor-col-100 elementor-top-column elementor-element elementor-element-70a82ee\" data-id=\"70a82ee\" data-element_type=\"column\">\n\t\t\t<div class=\"elementor-widget-wrap elementor-element-populated\">\n\t\t\t\t\t\t<div class=\"elementor-element elementor-element-22d9d86 elementor-widget elementor-widget-spacer\" data-id=\"22d9d86\" data-element_type=\"widget\" data-widget_type=\"spacer.default\">\n\t\t\t\t<div class=\"elementor-widget-container\">\n\t\t\t\t\t<div class=\"elementor-spacer\">\n\t\t\t<div class=\"elementor-spacer-inner\"><\/div>\n\t\t<\/div>\n\t\t\t\t<\/div>\n\t\t\t\t<\/div>\n\t\t\t\t\t<\/div>\n\t\t<\/div>\n\t\t\t\t\t<\/div>\n\t\t<\/section>\n\t\t\t\t<section class=\"elementor-section elementor-top-section elementor-element elementor-element-c1431ac elementor-section-boxed elementor-section-height-default elementor-section-height-default\" data-id=\"c1431ac\" data-element_type=\"section\">\n\t\t\t\t\t\t<div class=\"elementor-container elementor-column-gap-default\">\n\t\t\t\t\t<div class=\"elementor-column elementor-col-100 elementor-top-column elementor-element elementor-element-a312d57\" data-id=\"a312d57\" data-element_type=\"column\">\n\t\t\t<div class=\"elementor-widget-wrap elementor-element-populated\">\n\t\t\t\t\t\t<div class=\"elementor-element elementor-element-949fcca elementor-widget elementor-widget-spacer\" data-id=\"949fcca\" data-element_type=\"widget\" data-widget_type=\"spacer.default\">\n\t\t\t\t<div class=\"elementor-widget-container\">\n\t\t\t\t\t<div class=\"elementor-spacer\">\n\t\t\t<div class=\"elementor-spacer-inner\"><\/div>\n\t\t<\/div>\n\t\t\t\t<\/div>\n\t\t\t\t<\/div>\n\t\t\t\t\t<\/div>\n\t\t<\/div>\n\t\t\t\t\t<\/div>\n\t\t<\/section>\n\t\t\t\t<section class=\"elementor-section elementor-top-section elementor-element elementor-element-2d8d8cb elementor-section-full_width elementor-section-height-default elementor-section-height-default\" data-id=\"2d8d8cb\" data-element_type=\"section\">\n\t\t\t\t\t\t<div class=\"elementor-container elementor-column-gap-default\">\n\t\t\t\t\t<div class=\"elementor-column elementor-col-100 elementor-top-column elementor-element elementor-element-3bf8c18\" data-id=\"3bf8c18\" data-element_type=\"column\">\n\t\t\t<div class=\"elementor-widget-wrap elementor-element-populated\">\n\t\t\t\t\t\t<div class=\"elementor-element elementor-element-7fe6fd2 elementor-widget__width-initial elementor-position-top elementor-widget elementor-widget-image-box\" data-id=\"7fe6fd2\" data-element_type=\"widget\" data-widget_type=\"image-box.default\">\n\t\t\t\t<div class=\"elementor-widget-container\">\n\t\t\t<div class=\"elementor-image-box-wrapper\"><figure class=\"elementor-image-box-img\"><a href=\"https:\/\/sites.usp.br\/dosimetry\/elisabeth-mateus-yoshimura\/\" tabindex=\"-1\"><img decoding=\"async\" width=\"150\" height=\"150\" src=\"https:\/\/sites.usp.br\/dosimetry\/wp-content\/uploads\/sites\/1384\/2024\/01\/1-1-150x150.png\" class=\"elementor-animation-grow attachment-thumbnail size-thumbnail wp-image-3241\" alt=\"\" srcset=\"https:\/\/sites.usp.br\/dosimetry\/wp-content\/uploads\/sites\/1384\/2024\/01\/1-1-150x150.png 150w, https:\/\/sites.usp.br\/dosimetry\/wp-content\/uploads\/sites\/1384\/2024\/01\/1-1-300x300.png 300w, https:\/\/sites.usp.br\/dosimetry\/wp-content\/uploads\/sites\/1384\/2024\/01\/1-1-45x45.png 45w, https:\/\/sites.usp.br\/dosimetry\/wp-content\/uploads\/sites\/1384\/2024\/01\/1-1-200x200.png 200w, https:\/\/sites.usp.br\/dosimetry\/wp-content\/uploads\/sites\/1384\/2024\/01\/1-1-400x400.png 400w, https:\/\/sites.usp.br\/dosimetry\/wp-content\/uploads\/sites\/1384\/2024\/01\/1-1.png 500w\" sizes=\"(max-width: 150px) 100vw, 150px\" \/><\/a><\/figure><div class=\"elementor-image-box-content\"><h3 class=\"elementor-image-box-title\"><a href=\"https:\/\/sites.usp.br\/dosimetry\/elisabeth-mateus-yoshimura\/\">Ph.D. Elisabeth Mateus Yoshimura<\/a><\/h3><p class=\"elementor-image-box-description\"><div style=\"text-align: justify; text-indent: 20px;\"><font color=\"#666666\" face=\"Tahoma, Geneva, sans-serif\"><span style=\"font-size: 13px; white-space-collapse: collapse;\">Bachelor's degree in Physics from the University of S\u00e3o Paulo, a master's, and a Ph.D. in Physics, both from the University of S\u00e3o Paulo. Currently, she is a full professor at the University of S\u00e3o Paulo. Her expertise lies in the field of Physics, with emphasis on...<\/span><\/font><span style=\"color: var( --e-global-color-text ); font-family: var( --e-global-typography-text-font-family ), Sans-serif; font-size: 18px; font-weight: var( --e-global-typography-text-font-weight ); text-align: center;\"><\/span><\/div><div style=\"text-align: justify; text-indent: 20px;\"><font color=\"#666666\" face=\"Tahoma, Geneva, sans-serif\"><span style=\"font-size: 13px; white-space-collapse: collapse;\"><\/p><\/div><\/div>\t\t<\/div>\n\t\t\t\t<\/div>\n\t\t\t\t\t<\/div>\n\t\t<\/div>\n\t\t\t\t\t<\/div>\n\t\t<\/section>\n\t\t\t\t<section class=\"elementor-section elementor-top-section elementor-element elementor-element-5e6b75c elementor-section-boxed elementor-section-height-default elementor-section-height-default\" data-id=\"5e6b75c\" data-element_type=\"section\">\n\t\t\t\t\t\t<div class=\"elementor-container elementor-column-gap-default\">\n\t\t\t\t\t<div class=\"elementor-column elementor-col-100 elementor-top-column elementor-element elementor-element-d158b14\" data-id=\"d158b14\" data-element_type=\"column\">\n\t\t\t<div class=\"elementor-widget-wrap elementor-element-populated\">\n\t\t\t\t\t\t<div class=\"elementor-element elementor-element-cb0ba42 elementor-button-info elementor-align-center elementor-widget elementor-widget-button\" data-id=\"cb0ba42\" data-element_type=\"widget\" data-widget_type=\"button.default\">\n\t\t\t\t<div class=\"elementor-widget-container\">\n\t\t\t\t\t\t\t<div class=\"elementor-button-wrapper\">\n\t\t\t\t\t<a class=\"elementor-button elementor-button-link elementor-size-xs elementor-animation-grow\" href=\"https:\/\/sites.usp.br\/dosimetry\/elisabeth-mateus-yoshimura\/\">\n\t\t\t\t\t\t<span class=\"elementor-button-content-wrapper\">\n\t\t\t\t\t\t<span class=\"elementor-button-icon\">\n\t\t\t\t<i aria-hidden=\"true\" class=\"fas fa-plus\"><\/i>\t\t\t<\/span>\n\t\t\t\t\t\t\t\t\t<span class=\"elementor-button-text\">Read More<\/span>\n\t\t\t\t\t<\/span>\n\t\t\t\t\t<\/a>\n\t\t\t\t<\/div>\n\t\t\t\t\t\t<\/div>\n\t\t\t\t<\/div>\n\t\t\t\t\t<\/div>\n\t\t<\/div>\n\t\t\t\t\t<\/div>\n\t\t<\/section>\n\t\t\t\t<section class=\"elementor-section elementor-top-section elementor-element elementor-element-caa24a0 elementor-section-boxed elementor-section-height-default elementor-section-height-default\" data-id=\"caa24a0\" data-element_type=\"section\">\n\t\t\t\t\t\t<div class=\"elementor-container elementor-column-gap-default\">\n\t\t\t\t\t<div class=\"elementor-column elementor-col-100 elementor-top-column elementor-element elementor-element-852f4bc\" data-id=\"852f4bc\" data-element_type=\"column\">\n\t\t\t<div class=\"elementor-widget-wrap elementor-element-populated\">\n\t\t\t\t\t\t<div class=\"elementor-element elementor-element-f6252fa elementor-widget elementor-widget-spacer\" data-id=\"f6252fa\" data-element_type=\"widget\" data-widget_type=\"spacer.default\">\n\t\t\t\t<div class=\"elementor-widget-container\">\n\t\t\t\t\t<div class=\"elementor-spacer\">\n\t\t\t<div class=\"elementor-spacer-inner\"><\/div>\n\t\t<\/div>\n\t\t\t\t<\/div>\n\t\t\t\t<\/div>\n\t\t\t\t\t<\/div>\n\t\t<\/div>\n\t\t\t\t\t<\/div>\n\t\t<\/section>\n\t\t\t\t<section class=\"elementor-section elementor-top-section elementor-element elementor-element-4a1b56e elementor-section-boxed elementor-section-height-default elementor-section-height-default\" data-id=\"4a1b56e\" data-element_type=\"section\">\n\t\t\t\t\t\t<div class=\"elementor-container elementor-column-gap-default\">\n\t\t\t\t\t<div class=\"elementor-column elementor-col-100 elementor-top-column elementor-element elementor-element-bf69aa4\" data-id=\"bf69aa4\" data-element_type=\"column\">\n\t\t\t<div class=\"elementor-widget-wrap elementor-element-populated\">\n\t\t\t\t\t\t<div class=\"elementor-element elementor-element-c1ad5de elementor-widget__width-initial elementor-position-top elementor-widget elementor-widget-image-box\" data-id=\"c1ad5de\" data-element_type=\"widget\" data-widget_type=\"image-box.default\">\n\t\t\t\t<div class=\"elementor-widget-container\">\n\t\t\t<div class=\"elementor-image-box-wrapper\"><figure class=\"elementor-image-box-img\"><a href=\"https:\/\/sites.usp.br\/dosimetry\/prof-dr-neilo-marcos-trindade\/\" tabindex=\"-1\"><img decoding=\"async\" width=\"150\" height=\"150\" src=\"https:\/\/sites.usp.br\/dosimetry\/wp-content\/uploads\/sites\/1384\/2024\/01\/Imagem-do-WhatsApp-de-2023-12-29-as-14.24.14_1e88fce2-150x150.jpg\" class=\"elementor-animation-grow attachment-thumbnail size-thumbnail wp-image-3663\" alt=\"\" srcset=\"https:\/\/sites.usp.br\/dosimetry\/wp-content\/uploads\/sites\/1384\/2024\/01\/Imagem-do-WhatsApp-de-2023-12-29-as-14.24.14_1e88fce2-150x150.jpg 150w, https:\/\/sites.usp.br\/dosimetry\/wp-content\/uploads\/sites\/1384\/2024\/01\/Imagem-do-WhatsApp-de-2023-12-29-as-14.24.14_1e88fce2-300x300.jpg 300w, https:\/\/sites.usp.br\/dosimetry\/wp-content\/uploads\/sites\/1384\/2024\/01\/Imagem-do-WhatsApp-de-2023-12-29-as-14.24.14_1e88fce2-45x45.jpg 45w, https:\/\/sites.usp.br\/dosimetry\/wp-content\/uploads\/sites\/1384\/2024\/01\/Imagem-do-WhatsApp-de-2023-12-29-as-14.24.14_1e88fce2-200x200.jpg 200w, https:\/\/sites.usp.br\/dosimetry\/wp-content\/uploads\/sites\/1384\/2024\/01\/Imagem-do-WhatsApp-de-2023-12-29-as-14.24.14_1e88fce2-400x400.jpg 400w, https:\/\/sites.usp.br\/dosimetry\/wp-content\/uploads\/sites\/1384\/2024\/01\/Imagem-do-WhatsApp-de-2023-12-29-as-14.24.14_1e88fce2.jpg 554w\" sizes=\"(max-width: 150px) 100vw, 150px\" \/><\/a><\/figure><div class=\"elementor-image-box-content\"><h3 class=\"elementor-image-box-title\"><a href=\"https:\/\/sites.usp.br\/dosimetry\/prof-dr-neilo-marcos-trindade\/\">Ph.D. Neilo Marcos Trindade<\/a><\/h3><p class=\"elementor-image-box-description\"><div style=\"text-align: justify; text-indent: 20px;\"><font color=\"#666666\" face=\"Tahoma, Geneva, sans-serif\"><span style=\"font-size: 13px; white-space-collapse: collapse;\">Physics degree and Ph.D. in Materials Science at S\u00e3o Paulo State University (UNESP), Brazil. He has completed two post-doctorate positions. One with the Nuclear Physics Department at University of S\u00e3o Paulo (USP), Brazil, and another with Clemson University, USA. Currently, he...<\/p><\/div><\/div>\t\t<\/div>\n\t\t\t\t<\/div>\n\t\t\t\t\t<\/div>\n\t\t<\/div>\n\t\t\t\t\t<\/div>\n\t\t<\/section>\n\t\t\t\t<section class=\"elementor-section elementor-top-section elementor-element elementor-element-c3a7511 elementor-section-boxed elementor-section-height-default elementor-section-height-default\" data-id=\"c3a7511\" data-element_type=\"section\">\n\t\t\t\t\t\t<div class=\"elementor-container elementor-column-gap-default\">\n\t\t\t\t\t<div class=\"elementor-column elementor-col-100 elementor-top-column elementor-element elementor-element-5028295\" data-id=\"5028295\" data-element_type=\"column\">\n\t\t\t<div class=\"elementor-widget-wrap elementor-element-populated\">\n\t\t\t\t\t\t<div class=\"elementor-element elementor-element-b50845b elementor-button-info elementor-align-center elementor-widget elementor-widget-button\" data-id=\"b50845b\" data-element_type=\"widget\" data-widget_type=\"button.default\">\n\t\t\t\t<div class=\"elementor-widget-container\">\n\t\t\t\t\t\t\t<div class=\"elementor-button-wrapper\">\n\t\t\t\t\t<a class=\"elementor-button elementor-button-link elementor-size-xs elementor-animation-grow\" href=\"https:\/\/sites.usp.br\/dosimetry\/prof-dr-neilo-marcos-trindade\/\">\n\t\t\t\t\t\t<span class=\"elementor-button-content-wrapper\">\n\t\t\t\t\t\t<span class=\"elementor-button-icon\">\n\t\t\t\t<i aria-hidden=\"true\" class=\"fas fa-plus\"><\/i>\t\t\t<\/span>\n\t\t\t\t\t\t\t\t\t<span class=\"elementor-button-text\">Read More<\/span>\n\t\t\t\t\t<\/span>\n\t\t\t\t\t<\/a>\n\t\t\t\t<\/div>\n\t\t\t\t\t\t<\/div>\n\t\t\t\t<\/div>\n\t\t\t\t\t<\/div>\n\t\t<\/div>\n\t\t\t\t\t<\/div>\n\t\t<\/section>\n\t\t\t\t<section class=\"elementor-section elementor-top-section elementor-element elementor-element-792593b elementor-section-boxed elementor-section-height-default elementor-section-height-default\" data-id=\"792593b\" data-element_type=\"section\">\n\t\t\t\t\t\t<div class=\"elementor-container elementor-column-gap-default\">\n\t\t\t\t\t<div class=\"elementor-column elementor-col-100 elementor-top-column elementor-element elementor-element-0854458\" data-id=\"0854458\" data-element_type=\"column\">\n\t\t\t<div class=\"elementor-widget-wrap elementor-element-populated\">\n\t\t\t\t\t\t<div class=\"elementor-element elementor-element-2128be4 elementor-widget elementor-widget-spacer\" data-id=\"2128be4\" data-element_type=\"widget\" data-widget_type=\"spacer.default\">\n\t\t\t\t<div class=\"elementor-widget-container\">\n\t\t\t\t\t<div class=\"elementor-spacer\">\n\t\t\t<div class=\"elementor-spacer-inner\"><\/div>\n\t\t<\/div>\n\t\t\t\t<\/div>\n\t\t\t\t<\/div>\n\t\t\t\t\t<\/div>\n\t\t<\/div>\n\t\t\t\t\t<\/div>\n\t\t<\/section>\n\t\t\t\t<section class=\"elementor-section elementor-top-section elementor-element elementor-element-9464030 elementor-section-boxed elementor-section-height-default elementor-section-height-default\" data-id=\"9464030\" data-element_type=\"section\">\n\t\t\t\t\t\t<div class=\"elementor-container elementor-column-gap-default\">\n\t\t\t\t\t<div class=\"elementor-column elementor-col-100 elementor-top-column elementor-element elementor-element-55137a0\" data-id=\"55137a0\" data-element_type=\"column\">\n\t\t\t<div class=\"elementor-widget-wrap elementor-element-populated\">\n\t\t\t\t\t\t<div class=\"elementor-element elementor-element-b291384 elementor-widget__width-initial elementor-position-top elementor-widget elementor-widget-image-box\" data-id=\"b291384\" data-element_type=\"widget\" data-widget_type=\"image-box.default\">\n\t\t\t\t<div class=\"elementor-widget-container\">\n\t\t\t<div class=\"elementor-image-box-wrapper\"><figure class=\"elementor-image-box-img\"><a href=\"https:\/\/sites.usp.br\/dosimetry\/prof-dr-paulo-roberto-costa\/\" tabindex=\"-1\"><img decoding=\"async\" width=\"150\" height=\"150\" src=\"https:\/\/sites.usp.br\/dosimetry\/wp-content\/uploads\/sites\/1384\/2024\/01\/2-1-150x150.png\" class=\"elementor-animation-grow attachment-thumbnail size-thumbnail wp-image-3242\" alt=\"\" srcset=\"https:\/\/sites.usp.br\/dosimetry\/wp-content\/uploads\/sites\/1384\/2024\/01\/2-1-150x150.png 150w, https:\/\/sites.usp.br\/dosimetry\/wp-content\/uploads\/sites\/1384\/2024\/01\/2-1-300x300.png 300w, https:\/\/sites.usp.br\/dosimetry\/wp-content\/uploads\/sites\/1384\/2024\/01\/2-1-45x45.png 45w, https:\/\/sites.usp.br\/dosimetry\/wp-content\/uploads\/sites\/1384\/2024\/01\/2-1-200x200.png 200w, https:\/\/sites.usp.br\/dosimetry\/wp-content\/uploads\/sites\/1384\/2024\/01\/2-1-400x400.png 400w, https:\/\/sites.usp.br\/dosimetry\/wp-content\/uploads\/sites\/1384\/2024\/01\/2-1.png 500w\" sizes=\"(max-width: 150px) 100vw, 150px\" \/><\/a><\/figure><div class=\"elementor-image-box-content\"><h3 class=\"elementor-image-box-title\"><a href=\"https:\/\/sites.usp.br\/dosimetry\/prof-dr-paulo-roberto-costa\/\">Ph.D. Paulo Roberto Costa<\/a><\/h3><p class=\"elementor-image-box-description\"><div style=\"text-align: justify; text-indent: 20px;\"><font color=\"#666666\" face=\"Tahoma, Geneva, sans-serif\"><span style=\"font-size: 13px; white-space-collapse: collapse;\">Prof. Paulo has Bachelor's and MSc. degree in Physics and Ph.D. in Nuclear Technology from University of S\u00e3o Paulo. He is currently Associated Professor at the Institute of Physics at USP. He is Clinically Qualified Medical Physics in Diagnostic Imaging area by the Brazilian Association of Medical Physics. Holds expertise in the field of Medical Physics, primarily focusing on the...<\/p><\/div><\/div>\t\t<\/div>\n\t\t\t\t<\/div>\n\t\t\t\t\t<\/div>\n\t\t<\/div>\n\t\t\t\t\t<\/div>\n\t\t<\/section>\n\t\t\t\t<section class=\"elementor-section elementor-top-section elementor-element elementor-element-30700da elementor-section-boxed elementor-section-height-default elementor-section-height-default\" data-id=\"30700da\" data-element_type=\"section\">\n\t\t\t\t\t\t<div class=\"elementor-container elementor-column-gap-default\">\n\t\t\t\t\t<div class=\"elementor-column elementor-col-100 elementor-top-column elementor-element elementor-element-d25395c\" data-id=\"d25395c\" data-element_type=\"column\">\n\t\t\t<div class=\"elementor-widget-wrap elementor-element-populated\">\n\t\t\t\t\t\t<div class=\"elementor-element elementor-element-50e7256 elementor-button-info elementor-align-center elementor-widget elementor-widget-button\" data-id=\"50e7256\" data-element_type=\"widget\" data-widget_type=\"button.default\">\n\t\t\t\t<div class=\"elementor-widget-container\">\n\t\t\t\t\t\t\t<div class=\"elementor-button-wrapper\">\n\t\t\t\t\t<a class=\"elementor-button elementor-button-link elementor-size-xs elementor-animation-grow\" href=\"https:\/\/sites.usp.br\/dosimetry\/prof-dr-paulo-roberto-costa\/\">\n\t\t\t\t\t\t<span class=\"elementor-button-content-wrapper\">\n\t\t\t\t\t\t<span class=\"elementor-button-icon\">\n\t\t\t\t<i aria-hidden=\"true\" class=\"fas fa-plus\"><\/i>\t\t\t<\/span>\n\t\t\t\t\t\t\t\t\t<span class=\"elementor-button-text\">Read More<\/span>\n\t\t\t\t\t<\/span>\n\t\t\t\t\t<\/a>\n\t\t\t\t<\/div>\n\t\t\t\t\t\t<\/div>\n\t\t\t\t<\/div>\n\t\t\t\t\t<\/div>\n\t\t<\/div>\n\t\t\t\t\t<\/div>\n\t\t<\/section>\n\t\t\t\t<section class=\"elementor-section elementor-top-section elementor-element elementor-element-e0816d9 elementor-section-boxed elementor-section-height-default elementor-section-height-default\" data-id=\"e0816d9\" data-element_type=\"section\">\n\t\t\t\t\t\t<div class=\"elementor-container elementor-column-gap-default\">\n\t\t\t\t\t<div class=\"elementor-column elementor-col-100 elementor-top-column elementor-element elementor-element-deee59c\" data-id=\"deee59c\" data-element_type=\"column\">\n\t\t\t<div class=\"elementor-widget-wrap elementor-element-populated\">\n\t\t\t\t\t\t<div class=\"elementor-element elementor-element-224c703 elementor-widget elementor-widget-spacer\" data-id=\"224c703\" data-element_type=\"widget\" data-widget_type=\"spacer.default\">\n\t\t\t\t<div class=\"elementor-widget-container\">\n\t\t\t\t\t<div class=\"elementor-spacer\">\n\t\t\t<div class=\"elementor-spacer-inner\"><\/div>\n\t\t<\/div>\n\t\t\t\t<\/div>\n\t\t\t\t<\/div>\n\t\t\t\t\t<\/div>\n\t\t<\/div>\n\t\t\t\t\t<\/div>\n\t\t<\/section>\n\t\t\t\t<section class=\"elementor-section elementor-top-section elementor-element elementor-element-fa6f652 elementor-section-boxed elementor-section-height-default elementor-section-height-default\" data-id=\"fa6f652\" data-element_type=\"section\">\n\t\t\t\t\t\t<div class=\"elementor-container elementor-column-gap-default\">\n\t\t\t\t\t<div class=\"elementor-column elementor-col-100 elementor-top-column elementor-element elementor-element-9e4f878\" data-id=\"9e4f878\" data-element_type=\"column\">\n\t\t\t<div class=\"elementor-widget-wrap elementor-element-populated\">\n\t\t\t\t\t\t<div class=\"elementor-element elementor-element-a0392f8 elementor-widget__width-initial elementor-position-top elementor-widget elementor-widget-image-box\" data-id=\"a0392f8\" data-element_type=\"widget\" data-widget_type=\"image-box.default\">\n\t\t\t\t<div class=\"elementor-widget-container\">\n\t\t\t<div class=\"elementor-image-box-wrapper\"><figure class=\"elementor-image-box-img\"><a href=\"https:\/\/sites.usp.br\/dosimetry\/ph-d-edilaine-honorio-da-silva\/\" tabindex=\"-1\"><img loading=\"lazy\" decoding=\"async\" width=\"150\" height=\"150\" src=\"https:\/\/sites.usp.br\/dosimetry\/wp-content\/uploads\/sites\/1384\/2024\/09\/Edilaine-1x1-1-150x150.jpg\" class=\"elementor-animation-grow attachment-thumbnail size-thumbnail wp-image-4761\" alt=\"\" srcset=\"https:\/\/sites.usp.br\/dosimetry\/wp-content\/uploads\/sites\/1384\/2024\/09\/Edilaine-1x1-1-150x150.jpg 150w, https:\/\/sites.usp.br\/dosimetry\/wp-content\/uploads\/sites\/1384\/2024\/09\/Edilaine-1x1-1-300x300.jpg 300w, https:\/\/sites.usp.br\/dosimetry\/wp-content\/uploads\/sites\/1384\/2024\/09\/Edilaine-1x1-1-768x768.jpg 768w, https:\/\/sites.usp.br\/dosimetry\/wp-content\/uploads\/sites\/1384\/2024\/09\/Edilaine-1x1-1-600x600.jpg 600w, https:\/\/sites.usp.br\/dosimetry\/wp-content\/uploads\/sites\/1384\/2024\/09\/Edilaine-1x1-1-45x45.jpg 45w, https:\/\/sites.usp.br\/dosimetry\/wp-content\/uploads\/sites\/1384\/2024\/09\/Edilaine-1x1-1-200x200.jpg 200w, https:\/\/sites.usp.br\/dosimetry\/wp-content\/uploads\/sites\/1384\/2024\/09\/Edilaine-1x1-1-400x400.jpg 400w, https:\/\/sites.usp.br\/dosimetry\/wp-content\/uploads\/sites\/1384\/2024\/09\/Edilaine-1x1-1.jpg 942w\" sizes=\"(max-width: 150px) 100vw, 150px\" \/><\/a><\/figure><div class=\"elementor-image-box-content\"><h3 class=\"elementor-image-box-title\"><a href=\"https:\/\/sites.usp.br\/dosimetry\/ph-d-edilaine-honorio-da-silva\/\">Ph.D. Edilaine Honorio da Silva<\/a><\/h3><p class=\"elementor-image-box-description\"><div style=\"text-align: justify; text-indent: 20px;\"><font color=\"#666666\" face=\"Tahoma, Geneva, sans-serif\"><span style=\"font-size: 13px; white-space-collapse: collapse;\">Bachelor and Master in physics from the Universidade Federal de S\u00e3o Carlos, Brazil, Prof. E.H. da Silva obtained her PhD degree in medical sciences from the Vrije Universiteit Brussel, in collaboration with the Belgian Nuclear Research Centre, Belgium. From her post-doctoral experience at the Belgian Nuclear research Centre (Belgium), Universidade de S\u00e3o Paulo (Campus Ribeir\u00e3o...<\/p><\/div><\/div>\t\t<\/div>\n\t\t\t\t<\/div>\n\t\t\t\t\t<\/div>\n\t\t<\/div>\n\t\t\t\t\t<\/div>\n\t\t<\/section>\n\t\t\t\t<section class=\"elementor-section elementor-top-section elementor-element elementor-element-a0dcd6b elementor-section-boxed elementor-section-height-default elementor-section-height-default\" data-id=\"a0dcd6b\" data-element_type=\"section\">\n\t\t\t\t\t\t<div class=\"elementor-container elementor-column-gap-default\">\n\t\t\t\t\t<div class=\"elementor-column elementor-col-100 elementor-top-column elementor-element elementor-element-76f79e7\" data-id=\"76f79e7\" data-element_type=\"column\">\n\t\t\t<div class=\"elementor-widget-wrap elementor-element-populated\">\n\t\t\t\t\t\t<div class=\"elementor-element elementor-element-e0cfe06 elementor-button-info elementor-align-center elementor-widget elementor-widget-button\" data-id=\"e0cfe06\" data-element_type=\"widget\" data-widget_type=\"button.default\">\n\t\t\t\t<div class=\"elementor-widget-container\">\n\t\t\t\t\t\t\t<div class=\"elementor-button-wrapper\">\n\t\t\t\t\t<a class=\"elementor-button elementor-button-link elementor-size-xs elementor-animation-grow\" href=\"https:\/\/sites.usp.br\/dosimetry\/ph-d-edilaine-honorio-da-silva\/\">\n\t\t\t\t\t\t<span class=\"elementor-button-content-wrapper\">\n\t\t\t\t\t\t<span class=\"elementor-button-icon\">\n\t\t\t\t<i aria-hidden=\"true\" class=\"fas fa-plus\"><\/i>\t\t\t<\/span>\n\t\t\t\t\t\t\t\t\t<span class=\"elementor-button-text\">Read More<\/span>\n\t\t\t\t\t<\/span>\n\t\t\t\t\t<\/a>\n\t\t\t\t<\/div>\n\t\t\t\t\t\t<\/div>\n\t\t\t\t<\/div>\n\t\t\t\t\t<\/div>\n\t\t<\/div>\n\t\t\t\t\t<\/div>\n\t\t<\/section>\n\t\t\t\t<section class=\"elementor-section elementor-top-section elementor-element elementor-element-5c8f36f elementor-section-boxed elementor-section-height-default elementor-section-height-default\" data-id=\"5c8f36f\" data-element_type=\"section\">\n\t\t\t\t\t\t<div class=\"elementor-container elementor-column-gap-default\">\n\t\t\t\t\t<div class=\"elementor-column elementor-col-100 elementor-top-column elementor-element elementor-element-672e3ad\" data-id=\"672e3ad\" data-element_type=\"column\">\n\t\t\t<div class=\"elementor-widget-wrap elementor-element-populated\">\n\t\t\t\t\t\t<div class=\"elementor-element elementor-element-087ca40 elementor-widget elementor-widget-spacer\" data-id=\"087ca40\" data-element_type=\"widget\" data-widget_type=\"spacer.default\">\n\t\t\t\t<div class=\"elementor-widget-container\">\n\t\t\t\t\t<div class=\"elementor-spacer\">\n\t\t\t<div class=\"elementor-spacer-inner\"><\/div>\n\t\t<\/div>\n\t\t\t\t<\/div>\n\t\t\t\t<\/div>\n\t\t\t\t\t<\/div>\n\t\t<\/div>\n\t\t\t\t\t<\/div>\n\t\t<\/section>\n\t\t\t\t<\/div>\n\t\t","protected":false},"excerpt":{"rendered":"<p>Ph.D. Elisabeth Mateus Yoshimura Bachelor&#8217;s degree in Physics from the University of S\u00e3o Paulo, a master&#8217;s, and a Ph.D. in Physics, both from the University of S\u00e3o Paulo. Currently, she is a full professor at the University of S\u00e3o Paulo. Her expertise lies in the field of Physics, with emphasis on&#8230; Read More Ph.D. Neilo [&hellip;]<\/p>\n","protected":false},"author":23823,"featured_media":0,"parent":883,"menu_order":0,"comment_status":"closed","ping_status":"closed","template":"","meta":{"_monsterinsights_skip_tracking":false,"_monsterinsights_sitenote_active":false,"_monsterinsights_sitenote_note":"","_monsterinsights_sitenote_category":0,"footnotes":"","_links_to":"","_links_to_target":""},"class_list":["post-2927","page","type-page","status-publish","hentry","entry"],"_links":{"self":[{"href":"https:\/\/sites.usp.br\/dosimetry\/wp-json\/wp\/v2\/pages\/2927","targetHints":{"allow":["GET"]}}],"collection":[{"href":"https:\/\/sites.usp.br\/dosimetry\/wp-json\/wp\/v2\/pages"}],"about":[{"href":"https:\/\/sites.usp.br\/dosimetry\/wp-json\/wp\/v2\/types\/page"}],"author":[{"embeddable":true,"href":"https:\/\/sites.usp.br\/dosimetry\/wp-json\/wp\/v2\/users\/23823"}],"replies":[{"embeddable":true,"href":"https:\/\/sites.usp.br\/dosimetry\/wp-json\/wp\/v2\/comments?post=2927"}],"version-history":[{"count":4,"href":"https:\/\/sites.usp.br\/dosimetry\/wp-json\/wp\/v2\/pages\/2927\/revisions"}],"predecessor-version":[{"id":4772,"href":"https:\/\/sites.usp.br\/dosimetry\/wp-json\/wp\/v2\/pages\/2927\/revisions\/4772"}],"up":[{"embeddable":true,"href":"https:\/\/sites.usp.br\/dosimetry\/wp-json\/wp\/v2\/pages\/883"}],"wp:attachment":[{"href":"https:\/\/sites.usp.br\/dosimetry\/wp-json\/wp\/v2\/media?parent=2927"}],"curies":[{"name":"wp","href":"https:\/\/api.w.org\/{rel}","templated":true}]}}