{"id":874,"date":"2017-01-20T11:49:28","date_gmt":"2017-01-20T13:49:28","guid":{"rendered":"http:\/\/sites.usp.br\/dpi\/?page_id=874"},"modified":"2025-05-29T13:44:25","modified_gmt":"2025-05-29T16:44:25","slug":"locacoes","status":"publish","type":"page","link":"https:\/\/sites.usp.br\/dpi\/locacoes\/","title":{"rendered":"Loca\u00e7\u00f5es"},"content":{"rendered":"<p>A Universidade possui im\u00f3veis dispon\u00edveis para loca\u00e7\u00e3o, maiores detalhes poder\u00e3o ser obtidos junto ao Servi\u00e7o de Patrim\u00f4nio Imobili\u00e1rio pelos telefones (11) 3091-3481 e 2648-0731.<\/p>\n","protected":false},"excerpt":{"rendered":"<p>A Universidade possui im\u00f3veis dispon\u00edveis para loca\u00e7\u00e3o, maiores detalhes poder\u00e3o ser obtidos junto ao Servi\u00e7o de Patrim\u00f4nio Imobili\u00e1rio pelos telefones (11) 3091-3481 e 2648-0731.<\/p>\n","protected":false},"author":399,"featured_media":0,"parent":0,"menu_order":0,"comment_status":"closed","ping_status":"closed","template":"","meta":{"footnotes":"","_links_to":"","_links_to_target":""},"class_list":["post-874","page","type-page","status-publish","hentry"],"_links":{"self":[{"href":"https:\/\/sites.usp.br\/dpi\/wp-json\/wp\/v2\/pages\/874","targetHints":{"allow":["GET"]}}],"collection":[{"href":"https:\/\/sites.usp.br\/dpi\/wp-json\/wp\/v2\/pages"}],"about":[{"href":"https:\/\/sites.usp.br\/dpi\/wp-json\/wp\/v2\/types\/page"}],"author":[{"embeddable":true,"href":"https:\/\/sites.usp.br\/dpi\/wp-json\/wp\/v2\/users\/399"}],"replies":[{"embeddable":true,"href":"https:\/\/sites.usp.br\/dpi\/wp-json\/wp\/v2\/comments?post=874"}],"version-history":[{"count":4,"href":"https:\/\/sites.usp.br\/dpi\/wp-json\/wp\/v2\/pages\/874\/revisions"}],"predecessor-version":[{"id":3120,"href":"https:\/\/sites.usp.br\/dpi\/wp-json\/wp\/v2\/pages\/874\/revisions\/3120"}],"wp:attachment":[{"href":"https:\/\/sites.usp.br\/dpi\/wp-json\/wp\/v2\/media?parent=874"}],"curies":[{"name":"wp","href":"https:\/\/api.w.org\/{rel}","templated":true}]}}