{"id":115,"date":"2011-01-01T00:00:49","date_gmt":"2011-01-01T02:00:49","guid":{"rendered":"http:\/\/sites.usp.brprp\/?page_id=115"},"modified":"2020-11-18T10:13:00","modified_gmt":"2020-11-18T13:13:00","slug":"forp-expediente-encicl-bras-teleodontol","status":"publish","type":"page","link":"https:\/\/sites.usp.br\/ebt\/?page_id=115","title":{"rendered":"Expediente (Equipe)"},"content":{"rendered":"<p style=\"text-align: left;\"><a href=\"\/\/sites.usp.br\/ebt\/wp-login.php\"><img loading=\"lazy\" decoding=\"async\" class=\"attachment-266x266 aligncenter\" src=\"\/\/sites.usp.br\/podae\/wp-content\/uploads\/sites\/36\/2014\/05\/FORP_PODAE_00.jpg\" alt=\"FORP_PODAE_00\" width=\"41\" height=\"43\" \/><\/a><span style=\"color: #ff0000;\"><span style=\"font-size: 13px; color: #ff0000;\"><span style=\"color: #000000;\"><strong>Enciclop\u00e9dia Brasileira de Teleodontologia <\/strong>(<span style=\"text-decoration: underline; color: #0000ff;\"><strong><a style=\"color: #0000ff; text-decoration: underline;\" href=\"\/\/sites.usp.br\/ebt\/forp-expediente-encicl-bras-teleodontol\/issn-2448-1181-2\/\">ISSN 2448 &#8211; 1181<\/a><\/strong><\/span>) faz parte do &#8220;<strong>Projeto Educacional<\/strong>&#8221; da <strong>Faculdade de Odontologia de Ribeir\u00e3o Preto <\/strong>(<strong>FORP<\/strong>), da <strong>Universidade de S\u00e3o Paulo<\/strong> (<strong>USP<\/strong>).<br \/>\n<\/span><\/span><\/span><\/p>\n<div style=\"text-align: left;\" align=\"justify\"><span style=\"color: #ff0000;\"><span style=\"font-size: 13px; color: #ff0000;\"><span style=\"color: #000000;\"><strong><span style=\"text-decoration: underline;\">Editor\u00a0Chefe<\/span><span style=\"color: #ff0000;\"><span style=\"font-size: 13px; color: #ff0000;\"><span style=\"color: #000000;\">: Prof. Dr. Luiz Carlos Pardini \u00a0(2011 at\u00e9 presente data) \u00a0<strong><em><span style=\"font-size: 10px;\"><span style=\"color: #0000ff;\"><a style=\"color: #0000ff;\" href=\"https:\/\/uspdigital.usp.br\/telefonia\/telFormularioEmail.jsp?codigoPessoaUsuario=0&amp;codigoPessoa=75623&amp;nomePessoa=Luiz Carlos Pardini&amp;print=s\">E-mail(USP)<\/a><\/span><\/span><\/em><\/strong><\/span><\/span><\/span><\/strong><\/span><\/span><\/span><\/div>\n<div style=\"text-align: left;\" align=\"justify\"><span style=\"color: #ff0000;\"><span style=\"font-size: 13px; color: #ff0000;\"><span style=\"color: #000000;\">Relatores (<span style=\"color: #0000ff;\"><strong><a style=\"color: #0000ff;\" href=\"https:\/\/sites.usp.br\/ebt\/?page_id=3292\">Pareceristas<\/a> <\/strong><\/span>&#8211; Assessores \u201c<em>ad hoc<\/em>\u201c): Pesquisadores de not\u00f3rio saber de Institui\u00e7\u00e3o de Ensino \/ Pesquisa<\/span><\/span><\/span><\/div>\n<div style=\"text-align: center;\" align=\"justify\"><strong style=\"font-size: 13px;\"><span style=\"color: #ff0000;\"> Equipe Midi\u00e1tica:<\/span><\/strong><\/div>\n<div style=\"text-align: center;\" align=\"justify\"><span style=\"font-size: 13px;\"><strong>CPD \/ FORP<\/strong><\/span><\/div>\n<div style=\"text-align: justify;\" align=\"justify\">\n<div style=\"text-align: center;\" align=\"justify\"><span style=\"font-size: 13px; color: #ff0000;\"><strong>Correspond\u00eancia\u00a0<\/strong><\/span><\/div>\n<div style=\"text-align: center;\" align=\"justify\"><strong><span style=\"font-size: 13px;\">Faculdade de Odontologia de Ribeir\u00e3o Preto (FORP)<\/span><\/strong><\/div>\n<div style=\"text-align: center;\" align=\"justify\"><strong><span style=\"font-size: 13px;\">Equipe CPD &#8211; \u00a0Enciclop\u00e9dia Brasileira de Teleodontologia<\/span><\/strong><\/div>\n<div style=\"text-align: center;\" align=\"justify\"><strong><span style=\"font-size: 13px;\">Av. do Caf\u00e9 S\/N &#8211; Campus da USP<\/span><\/strong><\/div>\n<div style=\"text-align: center;\" align=\"justify\"><strong><span style=\"font-size: 13px;\">14040-904 &#8211; Ribeir\u00e3o Preto (SP) &#8211; Brasil <\/span><\/strong><\/div>\n<div style=\"text-align: center;\" align=\"justify\"><strong><span style=\"font-size: 13px;\">Tel: + 55 (16) 3315-4019 \/ 3315-3976 <\/span><\/strong><\/div>\n<div style=\"text-align: center;\" align=\"justify\"><strong><span style=\"font-size: 13px;\">Fax: + 55 (16) 3115 -4102<\/span><\/strong><\/div>\n<\/div>\n<div align=\"justify\">\n<div style=\"text-align: center;\" align=\"center\">\n<hr \/>\n<div style=\"text-align: center;\" align=\"justify\"><span style=\"font-size: 12px; color: #000000;\"><strong> <span style=\"font-size: 10px;\">Prof. Dr. Luiz Carlos Pardini (Respons\u00e1vel: <span style=\"color: #0000ff;\"><a style=\"color: #0000ff;\" href=\"http:\/\/buscatextual.cnpq.br\/buscatextual\/visualizacv.do?metodo=apresentar&amp;id=K4796807T1\">Curr\u00edculo Lattes<\/a><\/span>\u00a0&#8211; &#8220;Projeto Educacional da FORP \/ USP&#8221;<\/span><\/strong><\/span><\/div>\n<\/div>\n<div align=\"justify\">\n<div style=\"text-align: center;\" align=\"justify\">\n<div align=\"justify\">\n<div align=\"justify\">\n<div align=\"justify\">\n<div align=\"justify\">\n<div align=\"justify\">\n<hr \/>\n<div style=\"text-align: center;\" align=\"center\">\n<div style=\"text-align: center;\" align=\"justify\"><span style=\"font-size: 12px; color: #000000;\"><strong><span style=\"font-size: 10px;\">Reformulado \u00a0pelas Equipes: CPD (FORP) e \u00a0&#8220;<a href=\"\/\/sites.usp.br\/\">Incubadora de Sites da USP<\/a>&#8221; \u00a0\u00a0<\/span><\/strong><\/span><\/div>\n<\/div>\n<\/div>\n<\/div>\n<\/div>\n<\/div>\n<\/div>\n<\/div>\n<hr \/>\n<\/div>\n<\/div>\n<div align=\"justify\">\n<div align=\"justify\">\n<p style=\"text-align: center;\"><span style=\"text-decoration: underline;\"><span style=\"font-family: Arial; font-size: xx-small;\"><strong><span style=\"font-size: xx-small;\">COMUNICADO<\/span><\/strong><\/span><\/span> <span style=\"text-decoration: underline;\"><span style=\"font-family: Arial; font-size: xx-small;\"><strong><span style=\"font-size: xx-small;\">IMPORTANTE<\/span><\/strong><\/span><\/span><\/p>\n<p><span style=\"font-family: Arial; font-size: xx-small;\"><strong><span style=\"font-size: xx-small;\"> 1<\/span><span style=\"color: #000000;\"><span style=\"font-size: xx-small;\">. O cadastro para publica\u00e7\u00e3o neste sistema somente \u00e9 poss\u00edvel atrav\u00e9s da autoriza\u00e7\u00e3o da Editor Chefe: <\/span><span style=\"font-size: xx-small;\"><span style=\"color: #0000ff;\"><span style=\"text-decoration: underline;\"><em><a style=\"color: #0000ff; text-decoration: underline;\" href=\"https:\/\/uspdigital.usp.br\/telefonia\/telFormularioEmail.jsp?codigoPessoaUsuario=0&amp;codigoPessoa=75623&amp;nomePessoa=Luiz Carlos Pardini&amp;print=s\">E-mail(USP<\/a><\/em><\/span>)<\/span><br \/>\n2. Nenhuma explora\u00e7\u00e3o comercial ainda que parcial, dos dados que est\u00e3o apresentados neste site poder\u00e1 ser feita sem autoriza\u00e7\u00e3o pr\u00e9via do Editor Chefe.<br \/>\n3. Quaisquer textos, fotografias, slogans, desenhos, imagens, sequ\u00eancias animadas, sonoras, todas as obras integradas deste site s\u00e3o de propriedade da Enciclop\u00e9dia Brasileira de Teleodontologia (FOR\/USP) n\u00e3o estando qualquer terceiro habilitado a prestar quaisquer esclarecimentos ou servi\u00e7os aqui disponibilizados.<br \/>\n4. \u00c9 permitido citar os textos e seus respectivos autores em trabalhos cient\u00edficos obedecendo as Normativa de Cita\u00e7\u00f5es Bibliogr\u00e1ficas.<br \/>\nEnviar: Elogio, Sugest\u00e3o, Cr\u00edtica e D\u00favidas. Equipe Editorial agradece a participa\u00e7\u00e3o (<\/span><span style=\"text-decoration: underline;\"><span style=\"font-size: xx-small;\">Editor<\/span><\/span> <span style=\"font-size: xx-small;\">Chefe<\/span><span style=\"font-size: xx-small;\">: <span style=\"color: #0000ff;\"><em><a style=\"color: #0000ff;\" href=\"https:\/\/uspdigital.usp.br\/telefonia\/telFormularioEmail.jsp?codigoPessoaUsuario=0&amp;codigoPessoa=75623&amp;nomePessoa=Luiz Carlos Pardini&amp;print=s\">E-mail(USP<\/a><\/em><\/span>).<\/span><\/span><\/strong><\/span><\/p>\n<\/div>\n<\/div>\n","protected":false},"excerpt":{"rendered":"<p>Enciclop\u00e9dia Brasileira de Teleodontologia (ISSN 2448 &#8211; 1181) faz parte do &#8220;Projeto Educacional&#8221; da Faculdade [&hellip;]<\/p>\n","protected":false},"author":13,"featured_media":0,"parent":35570,"menu_order":0,"comment_status":"closed","ping_status":"closed","template":"","meta":{"footnotes":"","_links_to":"","_links_to_target":""},"class_list":["post-115","page","type-page","status-publish","hentry"],"_links":{"self":[{"href":"https:\/\/sites.usp.br\/ebt\/index.php?rest_route=\/wp\/v2\/pages\/115","targetHints":{"allow":["GET"]}}],"collection":[{"href":"https:\/\/sites.usp.br\/ebt\/index.php?rest_route=\/wp\/v2\/pages"}],"about":[{"href":"https:\/\/sites.usp.br\/ebt\/index.php?rest_route=\/wp\/v2\/types\/page"}],"author":[{"embeddable":true,"href":"https:\/\/sites.usp.br\/ebt\/index.php?rest_route=\/wp\/v2\/users\/13"}],"replies":[{"embeddable":true,"href":"https:\/\/sites.usp.br\/ebt\/index.php?rest_route=%2Fwp%2Fv2%2Fcomments&post=115"}],"version-history":[{"count":4,"href":"https:\/\/sites.usp.br\/ebt\/index.php?rest_route=\/wp\/v2\/pages\/115\/revisions"}],"predecessor-version":[{"id":36552,"href":"https:\/\/sites.usp.br\/ebt\/index.php?rest_route=\/wp\/v2\/pages\/115\/revisions\/36552"}],"up":[{"embeddable":true,"href":"https:\/\/sites.usp.br\/ebt\/index.php?rest_route=\/wp\/v2\/pages\/35570"}],"wp:attachment":[{"href":"https:\/\/sites.usp.br\/ebt\/index.php?rest_route=%2Fwp%2Fv2%2Fmedia&parent=115"}],"curies":[{"name":"wp","href":"https:\/\/api.w.org\/{rel}","templated":true}]}}