{"id":15078,"date":"2017-01-01T01:17:45","date_gmt":"2017-01-01T03:17:45","guid":{"rendered":"http:\/\/sites.usp.br\/ebt\/?page_id=15078"},"modified":"2017-06-07T17:16:08","modified_gmt":"2017-06-07T20:16:08","slug":"odontologia-fisiologia-oral","status":"publish","type":"page","link":"https:\/\/sites.usp.br\/ebt\/?page_id=15078","title":{"rendered":"O.07 Odontologia: Gest\u00e3o na WEB (Ensino, Pesquisa, Extens\u00e3o e Gest\u00e3o)"},"content":{"rendered":"<hr \/>\n<address style=\"text-align: right\"><span style=\"color: #fd8725;font-size: 14px\">\u2666 <\/span><strong><span style=\"font-size: 10px\">Enciclop\u00e9dia Brasileira de Teleodontologia, Volume 7 (S\u00e9rie O), janeiro \/ dezembro, 2017. ISSN 2448 -1181<br \/>\n<\/span><\/strong><\/address>\n<hr \/>\n<address style=\"text-align: right\"><span style=\"color: #ff0000;font-size: 14px\">\u2666 <\/span><strong><span style=\"font-size: 10px\">Sum\u00e1rio <\/span><\/strong><\/address>\n<hr \/>\n<hr \/>\n","protected":false},"excerpt":{"rendered":"<p>\u2666 Enciclop\u00e9dia Brasileira de Teleodontologia, Volume 7 (S\u00e9rie O), janeiro \/ dezembro, 2017. ISSN 2448 [&hellip;]<\/p>\n","protected":false},"author":58,"featured_media":0,"parent":9991,"menu_order":0,"comment_status":"open","ping_status":"closed","template":"","meta":{"footnotes":"","_links_to":"","_links_to_target":""},"class_list":["post-15078","page","type-page","status-publish","hentry"],"_links":{"self":[{"href":"https:\/\/sites.usp.br\/ebt\/index.php?rest_route=\/wp\/v2\/pages\/15078","targetHints":{"allow":["GET"]}}],"collection":[{"href":"https:\/\/sites.usp.br\/ebt\/index.php?rest_route=\/wp\/v2\/pages"}],"about":[{"href":"https:\/\/sites.usp.br\/ebt\/index.php?rest_route=\/wp\/v2\/types\/page"}],"author":[{"embeddable":true,"href":"https:\/\/sites.usp.br\/ebt\/index.php?rest_route=\/wp\/v2\/users\/58"}],"replies":[{"embeddable":true,"href":"https:\/\/sites.usp.br\/ebt\/index.php?rest_route=%2Fwp%2Fv2%2Fcomments&post=15078"}],"version-history":[{"count":4,"href":"https:\/\/sites.usp.br\/ebt\/index.php?rest_route=\/wp\/v2\/pages\/15078\/revisions"}],"predecessor-version":[{"id":22670,"href":"https:\/\/sites.usp.br\/ebt\/index.php?rest_route=\/wp\/v2\/pages\/15078\/revisions\/22670"}],"up":[{"embeddable":true,"href":"https:\/\/sites.usp.br\/ebt\/index.php?rest_route=\/wp\/v2\/pages\/9991"}],"wp:attachment":[{"href":"https:\/\/sites.usp.br\/ebt\/index.php?rest_route=%2Fwp%2Fv2%2Fmedia&parent=15078"}],"curies":[{"name":"wp","href":"https:\/\/api.w.org\/{rel}","templated":true}]}}