{"id":35475,"date":"2020-02-21T11:09:57","date_gmt":"2020-02-21T14:09:57","guid":{"rendered":"http:\/\/sites.usp.br\/ebt\/?page_id=35475"},"modified":"2020-02-21T11:12:57","modified_gmt":"2020-02-21T14:12:57","slug":"u-01-usp-noticias","status":"publish","type":"page","link":"https:\/\/sites.usp.br\/ebt\/?page_id=35475","title":{"rendered":"U.01 USP: Not\u00edcias- Atualiza\u00e7\u00e3o dos Conhecimentos"},"content":{"rendered":"<address>\n<address><span style=\"color: #ff0000;\"><span style=\"font-size: 10px;\"><strong><span style=\"color: #0000ff;\"><em><span style=\"color: #000000; font-size: 14px;\"><span style=\"color: #ff0000; font-size: 10px;\"><span style=\"color: #ff0000; font-size: 14px;\">\u25ca<\/span><\/span> L<\/span><\/em><\/span><\/strong><\/span><\/span><span style=\"color: #ff0000;\"><span style=\"font-size: 10px;\"><strong><span style=\"color: #0000ff;\"><em><span style=\"color: #000000; font-size: 14px;\">uiz Carlos Pardini <\/span><\/em><\/span><\/strong><span style=\"color: #0000ff;\"><em><span style=\"color: #000000; font-size: 14px;\">&#8211;<\/span><\/em><\/span> <\/span><\/span><span style=\"font-size: 10px;\"><strong><span style=\"color: #0000ff;\"><span style=\"color: #ff0000;\"><span style=\"color: #000000;\"><a style=\"color: #0000ff;\" href=\"https:\/\/uspdigital.usp.br\/telefonia\/telFormularioEmail.jsp?codigoPessoaUsuario=0&amp;codigoPessoa=75623&amp;nomePessoa=Luiz Carlos Pardini&amp;print=s\">E-mail<\/a> <em><span style=\"color: #000000; font-size: 14px;\">&#8211;<\/span><\/em> <\/span><\/span><\/span><\/strong><\/span><span style=\"font-size: 10px;\"><strong><span style=\"color: #0000ff;\"><span style=\"color: #ff0000;\"><a href=\"http:\/\/buscatextual.cnpq.br\/buscatextual\/visualizacv.do?metodo=apresentar&amp;id=K4796807T1\">Curr\u00edculo Lattes<\/a><\/span><\/span><\/strong><\/span><span style=\"font-size: 10px;\"><strong><span style=\"color: #0000ff;\"><span style=\"color: #ff0000;\"><span style=\"color: #000000;\"> &#8211; <span style=\"color: #0000ff;\"><a style=\"color: #0000ff;\" href=\"http:\/\/sites.usp.br\/ebt\/forp-expediente-encicl-bras-teleodontol\/parecerista-relator-consultor-avaliador\/luiz-carlos-pardini\/\">Informa\u00e7\u00f5es Adicionais <\/a><\/span><\/span><\/span><\/span><\/strong><\/span><\/address>\n<\/address>\n<hr \/>\n<address style=\"text-align: right;\"><strong><span style=\"font-size: 10px;\">p\u00e1gina 1<\/span><\/strong><\/address>\n<hr \/>\n<p><span style=\"color: #ff0000; font-size: 16px;\">\u2666 <\/span><span style=\"color: #000000; font-family: Arial;\"><span style=\"font-size: 12px; line-height: 18px;\">PARDINI, L.C. U.01 USP: Not\u00edcias- Atualiza\u00e7\u00e3o dos Conhecimentose. Encicl. Bras.Teleodontol., Volume 1 (<a href=\"http:\/\/sites.usp.br\/ebt\/forp-u-z-encl-bras-teleodontol\/u\/usp-ensino-pesquisa-e-extensao-divulgacao-do-conhecimento\/\"><strong><span style=\"color: #0000ff;\">S\u00e9rie U<\/span><\/strong><\/a>): p\u00e1gina 1, janeiro, 2011. ISSN 2448-1181 <\/span><\/span><\/p>\n<hr \/>\n<p style=\"text-align: justify;\"><span style=\"font-family: Arial;\"> <strong>Universidade de S\u00e3o Paulo <\/strong>(<strong>SITE:<\/strong> <span style=\"color: #0000ff;\"><a style=\"color: #0000ff;\" href=\"http:\/\/www5.usp.br\/\"><strong>Universidade de S\u00e3o Paulo<\/strong><\/a><\/span>) no Brasil, oferece na WEB as informa\u00e7\u00f5es para visibilidade educacional como o foco no esclarecimento das a\u00e7\u00f5es educacionais para a &#8220;Comunidade Cient\u00edfica&#8221; e o &#8220;P\u00fablico Leigo&#8221;: (Site de Busca: Linha do tempo &#8211; <strong><span style=\"color: #0000ff;\"><a style=\"color: #0000ff;\" href=\"https:\/\/trends.google.com.br\/trends\/explore?q=Universidade%20de%20S%C3%A3o%20Paulo\">Universidade de S\u00e3o Paulo<\/a><\/span><\/strong><br \/>\n<\/span><\/p>\n<p style=\"text-align: justify;\"><span style=\"font-family: Arial;\">(<strong>Sistema Digital <\/strong>para a<strong> &#8220;Comunidade Uspiana&#8221; <\/strong>(<strong>Docente, Discente e Funcion\u00e1rios<\/strong>): <strong>Gradua\u00e7\u00e3o<\/strong> (<a href=\"https:\/\/uspdigital.usp.br\/jupiterweb\">J<strong><span style=\"color: #0000ff;\">\u00fapiterWeb<\/span><\/strong><\/a> \/ <strong><span style=\"color: #0000ff;\"><a style=\"color: #0000ff;\" href=\"https:\/\/uspdigital.usp.br\/jupiterweb\/jupDisciplinaBusca?tipo=D\">Disciplinas<\/a><\/span><\/strong> \/ <strong><span style=\"color: #0000ff;\"><a style=\"color: #0000ff;\" href=\"https:\/\/uspdigital.usp.br\/jupiterweb\/jupDisciplinaBusca?tipo=T\">Turmas<\/a><\/span><\/strong> \/ <strong><span style=\"color: #0000ff;\"><a style=\"color: #0000ff;\" href=\"https:\/\/uspdigital.usp.br\/marteweb\/processoFormListar?modo=N&amp;print=true\">Processo Seletivo Est\u00e1gio<\/a><\/span><\/strong> \/ <strong><span style=\"color: #0000ff;\"><a style=\"color: #0000ff;\" href=\"http:\/\/alumni.usp.br\/\">Alumni USP<\/a><\/span><\/strong> (Ex-Alunos \/ Egressos) e <strong><span style=\"color: #0000ff;\"><a style=\"color: #0000ff;\" href=\"https:\/\/edisciplinas.usp.br\/\">e-Disciplinas<\/a><\/span><\/strong> <\/span><\/p>\n<p><span style=\"font-family: Arial;\">Estas interatividades midi\u00e1ticas estimulam as a\u00e7\u00f5es educacionais (<strong>Ambiente Virtual Educacional) <\/strong>no Ensino Superior com orienta\u00e7\u00f5es promovendo as descobertas educacionais (cognitivo, psicomotor, \u00e9tico e reflex\u00e3o cr\u00edtica) e incentiva a colabora\u00e7\u00e3o (<strong>Educa\u00e7\u00e3o Participativa<\/strong>). M<\/span><span style=\"font-family: Arial;\">otivar, facilitar e despertar conduzem para <strong>Educa\u00e7\u00e3o Transformadora<\/strong>, transcendendo as &#8220;sala de aula&#8221; ou &#8220;centros educacionais&#8221; em espa\u00e7os f\u00edsico fechados [1,2]. <\/span><\/p>\n<p style=\"text-align: justify;\"><span style=\"font-family: Arial;\">Neste s\u00e9culo XXI de inova\u00e7\u00f5es tecnol\u00f3gica, cient\u00edfica e educacionais ampliando a <\/span><strong style=\"font-family: Arial;\">Gest\u00e3o em Estrat\u00e9gia Educacional<\/strong><span style=\"font-family: Arial;\">, como <\/span><span style=\"font-family: Arial;\">foco em procedimentos pedag\u00f3gicos com metodologias participativa (Educador e Educando) d<span style=\"font-family: Arial;\">espertando e auxiliando o Ensino e Aprendizado no Ensino Superior.<\/span><\/span><span style=\"font-family: Arial; line-height: 1.5;\"><br \/>\n<\/span><\/p>\n<hr \/>\n<div align=\"justify\">\n<div align=\"justify\">\n<div align=\"justify\">\n<div align=\"justify\"><span style=\"font-size: 12px;\"><em><strong><span style=\"text-decoration: underline;\">REFER\u00caNCIAS<\/span><\/strong><\/em><\/span><\/div>\n<div style=\"font-size: 12px;\" align=\"justify\">\n<div align=\"justify\"><span style=\"font-size: 12px;\">1.<\/span><span style=\"font-size: 12px;\"> ROZENDO, C.A.; CASAGRANDE, L.D.R.; PARDINI, L.C.; SCHNEIDER, J.F. Descripci\u00f3n de algunas pr\u00e1cticas docentes de profesores universitarios del \u00e1rea de salud. In: Pedagogia 97 \u2013 Encuentro por la unidad de los educadores latinoamericanos, 1997, La Habana, Cuba. Resumenes, p. 207, 1997. [Impresso]<\/span><\/div>\n<div align=\"justify\"><span style=\"font-size: 12px;\">2. BRASIL &#8211; Diretrizes e Bases da Educa\u00e7\u00e3o Nacional, 1996. [<span style=\"color: #0000ff;\"><strong><a style=\"color: #0000ff;\" href=\"http:\/\/sites.usp.br\/ebt\/wp-content\/uploads\/sites\/44\/2014\/11\/Lei_9.394.pdf\">Lei 9.394<\/a><\/strong><\/span>]<\/span><\/div>\n<div align=\"justify\">3. ROZENDO, C.A.; CASAGRANDE, L.D.R.; SCHNEIDER, J.F.; PARDINI,L.C. Uma an\u00e1lise das pr\u00e1ticas docentes de professores universit\u00e1rios da \u00e1rea de sa\u00fade. Rev. latino-am.enfermagem, Ribeir\u00e3o Preto, 7( 2): 15-23, abril 1999. <a href=\"http:\/\/www.scielo.br\/scielo.php?script=sci_arttext&amp;pid=S0104-11691999000200003&amp;lng=pt&amp;nrm=iso\">[<strong><span style=\"color: #0000ff;\">LINK<\/span><\/strong><\/a>].<\/div>\n<\/div>\n<\/div>\n<\/div>\n<div align=\"justify\">\n<div align=\"justify\">\n<div style=\"text-align: center;\" align=\"justify\">\n<address style=\"text-align: right;\">\n<hr \/>\n<hr \/>\n<\/address>\n<\/div>\n<\/div>\n<div style=\"text-align: left;\" align=\"center\">\n<div style=\"text-align: center;\" align=\"center\">\n<div align=\"justify\">\n<p><span style=\"font-size: 10px;\"><strong><span style=\"font-size: 13px;\"><span style=\"color: #ff0000;\"><em><span style=\"color: #ff0000; font-size: 14px;\">\u2666\u25ca <\/span><\/em><\/span><\/span>Universidade de S\u00e3o Paulo (<span style=\"color: #0000ff;\"><a style=\"color: #0000ff;\" href=\"http:\/\/www5.usp.br\/\">USP<\/a><\/span>). Faculdade de Odontologia de Ribeir\u00e3o (<span style=\"color: #0000ff;\"><a style=\"color: #0000ff;\" href=\"http:\/\/www.forp.usp.br\/\">FORP<\/a><\/span>).<br \/>\n<\/strong><\/span><\/p>\n<hr \/>\n<p><span style=\"font-size: 10px;\"><strong><span style=\"text-decoration: underline;\">Recebido<\/span> 2\/1\/2011 &#8211; <span style=\"color: #0000ff;\"><a style=\"color: #0000ff;\" href=\"http:\/\/sites.usp.br\/ebt\/forp-expediente-encicl-bras-teleodontol\/parecerista-relator-consultor-avaliador\/\">Parecerista<\/a> <\/span>2\/5\/2011 &#8211; <span style=\"text-decoration: underline;\">Publicado<\/span> 3\/1\/2011 &#8211; Enciclop\u00e9dia Brasileira de Teleodontologia<\/strong><br \/>\n<\/span><\/p>\n<\/div>\n<\/div>\n<hr \/>\n<\/div>\n<address style=\"text-align: right;\">\u00a0<\/address>\n<\/div>\n<\/div>\n","protected":false},"excerpt":{"rendered":"<p>\u25ca Luiz Carlos Pardini &#8211; E-mail &#8211; Curr\u00edculo Lattes &#8211; Informa\u00e7\u00f5es Adicionais p\u00e1gina 1 \u2666 [&hellip;]<\/p>\n","protected":false},"author":58,"featured_media":0,"parent":1228,"menu_order":0,"comment_status":"closed","ping_status":"closed","template":"","meta":{"footnotes":"","_links_to":"","_links_to_target":""},"class_list":["post-35475","page","type-page","status-publish","hentry"],"_links":{"self":[{"href":"https:\/\/sites.usp.br\/ebt\/index.php?rest_route=\/wp\/v2\/pages\/35475","targetHints":{"allow":["GET"]}}],"collection":[{"href":"https:\/\/sites.usp.br\/ebt\/index.php?rest_route=\/wp\/v2\/pages"}],"about":[{"href":"https:\/\/sites.usp.br\/ebt\/index.php?rest_route=\/wp\/v2\/types\/page"}],"author":[{"embeddable":true,"href":"https:\/\/sites.usp.br\/ebt\/index.php?rest_route=\/wp\/v2\/users\/58"}],"replies":[{"embeddable":true,"href":"https:\/\/sites.usp.br\/ebt\/index.php?rest_route=%2Fwp%2Fv2%2Fcomments&post=35475"}],"version-history":[{"count":4,"href":"https:\/\/sites.usp.br\/ebt\/index.php?rest_route=\/wp\/v2\/pages\/35475\/revisions"}],"predecessor-version":[{"id":35479,"href":"https:\/\/sites.usp.br\/ebt\/index.php?rest_route=\/wp\/v2\/pages\/35475\/revisions\/35479"}],"up":[{"embeddable":true,"href":"https:\/\/sites.usp.br\/ebt\/index.php?rest_route=\/wp\/v2\/pages\/1228"}],"wp:attachment":[{"href":"https:\/\/sites.usp.br\/ebt\/index.php?rest_route=%2Fwp%2Fv2%2Fmedia&parent=35475"}],"curies":[{"name":"wp","href":"https:\/\/api.w.org\/{rel}","templated":true}]}}