{"id":35664,"date":"2020-09-23T16:46:36","date_gmt":"2020-09-23T19:46:36","guid":{"rendered":"http:\/\/sites.usp.br\/ebt\/?page_id=35664"},"modified":"2020-09-30T17:14:24","modified_gmt":"2020-09-30T20:14:24","slug":"fasciculo","status":"publish","type":"page","link":"https:\/\/sites.usp.br\/ebt\/?page_id=35664","title":{"rendered":"Fasc\u00edculos"},"content":{"rendered":"<h6><span style=\"color: #ff0000; font-size: 14px;\"><em><strong><a href=\"http:\/\/sites.usp.br\/podae\/wp-login.php\"><img loading=\"lazy\" decoding=\"async\" class=\"alignleft wp-image-528\" src=\"http:\/\/sites.usp.br\/podae\/wp-content\/uploads\/sites\/36\/2014\/05\/FORP_PODAE_00.jpg\" alt=\"FORP_PODAE_00\" width=\"32\" height=\"33\" \/><\/a><\/strong><\/em>\u2022<\/span><span style=\"color: #ff0000;\"><span style=\"color: #000000; font-size: 14px;\"><em><strong> Enciclop\u00e9dia <span style=\"font-size: 13px;\">Brasileira de Teleodontologia<\/span><\/strong><\/em><strong><span style=\"font-size: 13px;\">: Fasc\u00edculos<\/span><\/strong><\/span><\/span><\/h6>\n<hr \/>\n<p style=\"text-align: justify;\"><span style=\"color: #ff0000;\"><span style=\"font-size: 13px; color: #ff0000;\"><span style=\"color: #000000;\">A<\/span><\/span><\/span><span style=\"color: #ff0000;\"><span style=\"font-size: 13px; color: #ff0000;\"><span style=\"color: #000000;\"> Equipe do <strong>Polo de Odontologia Digital Aplicado \u00e0 Educa\u00e7\u00e3o<\/strong> (<strong>PODAE<\/strong>), da <strong>Faculdade de Odontologia de Ribeir\u00e3o Preto<\/strong> (<a href=\"https:\/\/www.forp.usp.br\/\"><strong><span style=\"color: #0000ff;\">FOR<\/span>P<\/strong><\/a>) est\u00e1 associada com o Corpo Editorial e Assessores (<span style=\"color: #0000ff;\"><strong><a style=\"color: #0000ff;\" href=\"https:\/\/sites.usp.br\/podae\/?page_id=3336\">Pareceristas<\/a><\/strong><\/span>) da <\/span><\/span><\/span><span style=\"font-size: 13px;\"><strong>Enciclop\u00e9dia Brasileira de Teleodontologi<\/strong><\/span><span style=\"color: #ff0000;\"><span style=\"font-size: 13px; color: #ff0000;\"><span style=\"color: #000000;\">a (<strong>ISSN <span style=\"color: #0000ff;\"><a style=\"color: #0000ff;\" href=\"https:\/\/portal.issn.org\/resource\/ISSN\/2448-1181#\">2448-1181<\/a><\/span><\/strong> &#8211; <strong>Encicl. Bras. Teleodontol<\/strong>. (<strong>Sistema Integrado de Bibliotecas da Universidade de S\u00e3o Paulo<\/strong> (<a href=\"https:\/\/www5.usp.br\/\"><strong><span style=\"color: #0000ff;\">USP<\/span><\/strong><\/a> \/ <strong><span style=\"color: #0000ff;\"><a style=\"color: #0000ff;\" href=\"https:\/\/sites.usp.br\/podae\/wp-content\/uploads\/sites\/36\/2019\/06\/Encicl.-Bras.Teleodontol.jpg\"><span style=\"color: #0000ff;\">SIBI<\/span><\/a><\/span><\/strong>). Esta parceria contribui com as Estrat\u00e9gicas Midi\u00e1ticas (Inova\u00e7\u00f5es Tecnol\u00f3gicas) associadas com o Ensino e o Aprendizado em Sa\u00fade<\/span><\/span><\/span><span style=\"color: #ff0000;\"><span style=\"font-size: 13px; color: #ff0000;\"><span style=\"color: #000000;\">.<\/span><\/span><\/span><\/p>\n<p style=\"text-align: center;\"><strong><span style=\"color: #000000; font-size: 13px;\"><span style=\"font-size: 12px;\"><em><span style=\"text-decoration: underline;\">Fasc\u00edculos\u00a0 \/\u00a0 S\u00e9ries<\/span><\/em><\/span><\/span><\/strong><\/p>\n<p style=\"text-align: center;\"><strong><span style=\"font-size: 12px;\"><span style=\"font-family: Arial;\"><a href=\"https:\/\/sites.usp.br\/ebt\/?page_id=282\"><span style=\"color: #0000ff;\"><span style=\"color: #0000ff;\">A<\/span><\/span><\/a> &#8211; <a href=\"https:\/\/sites.usp.br\/ebt\/?page_id=287\"><span style=\"color: #0000ff;\">B<\/span><\/a> &#8211; <a href=\"https:\/\/sites.usp.br\/ebt\/?page_id=1063\"><span style=\"color: #0000ff;\">C<\/span><\/a> &#8211;\u00a0 <a href=\"https:\/\/sites.usp.br\/ebt\/?page_id=1165\"><span style=\"color: #0000ff;\">D<\/span><\/a> &#8211; <span style=\"color: #0000ff;\">E <\/span>&#8211; <span style=\"color: #0000ff;\">F <\/span>&#8211; <span style=\"color: #0000ff;\">G<\/span> &#8211; <span style=\"color: #0000ff;\">H<\/span> &#8211; <span style=\"color: #0000ff;\">I<\/span> &#8211; <span style=\"color: #0000ff;\">J<\/span> &#8211; <span style=\"color: #0000ff;\">K<\/span> &#8211; <span style=\"color: #0000ff;\">L<\/span> &#8211; <span style=\"color: #0000ff;\">M <\/span>&#8211; <span style=\"color: #0000ff;\">N <\/span>&#8211; <span style=\"color: #0000ff;\">O <\/span>&#8211; <span style=\"color: #0000ff;\">P <\/span>&#8211; <span style=\"color: #0000ff;\">Q <\/span>&#8211; <span style=\"color: #0000ff;\">R <\/span>&#8211; <span style=\"color: #0000ff;\">S <\/span>&#8211; <span style=\"color: #0000ff;\">T<\/span> &#8211; <span style=\"color: #0000ff;\">U<\/span> &#8211; <span style=\"color: #0000ff;\">V<\/span> &#8211; <span style=\"color: #0000ff;\">W<\/span> &#8211; <span style=\"color: #0000ff;\">X<\/span> &#8211; <span style=\"color: #0000ff;\">Y<\/span> &#8211; <span style=\"color: #0000ff;\">Z<\/span> <\/span><\/span><\/strong><\/p>\n<div align=\"center\">\n<hr style=\"width: 321px;\" \/>\n<hr \/>\n<\/div>\n","protected":false},"excerpt":{"rendered":"<p>\u2022 Enciclop\u00e9dia Brasileira de Teleodontologia: Fasc\u00edculos A Equipe do Polo de Odontologia Digital Aplicado \u00e0 [&hellip;]<\/p>\n","protected":false},"author":58,"featured_media":0,"parent":35570,"menu_order":0,"comment_status":"closed","ping_status":"closed","template":"","meta":{"footnotes":"","_links_to":"","_links_to_target":""},"class_list":["post-35664","page","type-page","status-publish","hentry"],"_links":{"self":[{"href":"https:\/\/sites.usp.br\/ebt\/index.php?rest_route=\/wp\/v2\/pages\/35664","targetHints":{"allow":["GET"]}}],"collection":[{"href":"https:\/\/sites.usp.br\/ebt\/index.php?rest_route=\/wp\/v2\/pages"}],"about":[{"href":"https:\/\/sites.usp.br\/ebt\/index.php?rest_route=\/wp\/v2\/types\/page"}],"author":[{"embeddable":true,"href":"https:\/\/sites.usp.br\/ebt\/index.php?rest_route=\/wp\/v2\/users\/58"}],"replies":[{"embeddable":true,"href":"https:\/\/sites.usp.br\/ebt\/index.php?rest_route=%2Fwp%2Fv2%2Fcomments&post=35664"}],"version-history":[{"count":5,"href":"https:\/\/sites.usp.br\/ebt\/index.php?rest_route=\/wp\/v2\/pages\/35664\/revisions"}],"predecessor-version":[{"id":35713,"href":"https:\/\/sites.usp.br\/ebt\/index.php?rest_route=\/wp\/v2\/pages\/35664\/revisions\/35713"}],"up":[{"embeddable":true,"href":"https:\/\/sites.usp.br\/ebt\/index.php?rest_route=\/wp\/v2\/pages\/35570"}],"wp:attachment":[{"href":"https:\/\/sites.usp.br\/ebt\/index.php?rest_route=%2Fwp%2Fv2%2Fmedia&parent=35664"}],"curies":[{"name":"wp","href":"https:\/\/api.w.org\/{rel}","templated":true}]}}