{"id":36960,"date":"2020-12-20T20:49:00","date_gmt":"2020-12-20T23:49:00","guid":{"rendered":"http:\/\/sites.usp.br\/ebt\/?page_id=36960"},"modified":"2020-12-20T20:49:00","modified_gmt":"2020-12-20T23:49:00","slug":"em-construcao-recebimento-e-avaliacao-dos-hipertextos-cod-c00-14-list-o-k","status":"publish","type":"page","link":"https:\/\/sites.usp.br\/ebt\/?page_id=36960","title":{"rendered":"Em Constru\u00e7\u00e3o: Recebimento e Avalia\u00e7\u00e3o dos Hipertextos (Cod. C00-14 \u2013 List.O.K.)"},"content":{"rendered":"","protected":false},"excerpt":{"rendered":"","protected":false},"author":58,"featured_media":0,"parent":35865,"menu_order":0,"comment_status":"closed","ping_status":"closed","template":"","meta":{"footnotes":"","_links_to":"","_links_to_target":""},"class_list":["post-36960","page","type-page","status-publish","hentry"],"_links":{"self":[{"href":"https:\/\/sites.usp.br\/ebt\/index.php?rest_route=\/wp\/v2\/pages\/36960","targetHints":{"allow":["GET"]}}],"collection":[{"href":"https:\/\/sites.usp.br\/ebt\/index.php?rest_route=\/wp\/v2\/pages"}],"about":[{"href":"https:\/\/sites.usp.br\/ebt\/index.php?rest_route=\/wp\/v2\/types\/page"}],"author":[{"embeddable":true,"href":"https:\/\/sites.usp.br\/ebt\/index.php?rest_route=\/wp\/v2\/users\/58"}],"replies":[{"embeddable":true,"href":"https:\/\/sites.usp.br\/ebt\/index.php?rest_route=%2Fwp%2Fv2%2Fcomments&post=36960"}],"version-history":[{"count":1,"href":"https:\/\/sites.usp.br\/ebt\/index.php?rest_route=\/wp\/v2\/pages\/36960\/revisions"}],"predecessor-version":[{"id":36961,"href":"https:\/\/sites.usp.br\/ebt\/index.php?rest_route=\/wp\/v2\/pages\/36960\/revisions\/36961"}],"up":[{"embeddable":true,"href":"https:\/\/sites.usp.br\/ebt\/index.php?rest_route=\/wp\/v2\/pages\/35865"}],"wp:attachment":[{"href":"https:\/\/sites.usp.br\/ebt\/index.php?rest_route=%2Fwp%2Fv2%2Fmedia&parent=36960"}],"curies":[{"name":"wp","href":"https:\/\/api.w.org\/{rel}","templated":true}]}}