{"id":37253,"date":"2021-03-03T15:28:53","date_gmt":"2021-03-03T18:28:53","guid":{"rendered":"http:\/\/sites.usp.br\/ebt\/?page_id=37253"},"modified":"2021-03-03T15:29:39","modified_gmt":"2021-03-03T18:29:39","slug":"10-abordagem-profissional-cirurgiao-dentista-acoes-complementares-radiologia-e-anatomia-dentomaxilofacial","status":"publish","type":"page","link":"https:\/\/sites.usp.br\/ebt\/?page_id=37253","title":{"rendered":"10 Abordagem Profissional (Cirurgi\u00e3o-Dentista): A\u00e7\u00f5es Complementares (Radiologia e Anatomia Dentomaxilofacial)"},"content":{"rendered":"","protected":false},"excerpt":{"rendered":"","protected":false},"author":58,"featured_media":0,"parent":35609,"menu_order":0,"comment_status":"closed","ping_status":"closed","template":"","meta":{"footnotes":"","_links_to":"","_links_to_target":""},"class_list":["post-37253","page","type-page","status-publish","hentry"],"_links":{"self":[{"href":"https:\/\/sites.usp.br\/ebt\/index.php?rest_route=\/wp\/v2\/pages\/37253","targetHints":{"allow":["GET"]}}],"collection":[{"href":"https:\/\/sites.usp.br\/ebt\/index.php?rest_route=\/wp\/v2\/pages"}],"about":[{"href":"https:\/\/sites.usp.br\/ebt\/index.php?rest_route=\/wp\/v2\/types\/page"}],"author":[{"embeddable":true,"href":"https:\/\/sites.usp.br\/ebt\/index.php?rest_route=\/wp\/v2\/users\/58"}],"replies":[{"embeddable":true,"href":"https:\/\/sites.usp.br\/ebt\/index.php?rest_route=%2Fwp%2Fv2%2Fcomments&post=37253"}],"version-history":[{"count":1,"href":"https:\/\/sites.usp.br\/ebt\/index.php?rest_route=\/wp\/v2\/pages\/37253\/revisions"}],"predecessor-version":[{"id":37254,"href":"https:\/\/sites.usp.br\/ebt\/index.php?rest_route=\/wp\/v2\/pages\/37253\/revisions\/37254"}],"up":[{"embeddable":true,"href":"https:\/\/sites.usp.br\/ebt\/index.php?rest_route=\/wp\/v2\/pages\/35609"}],"wp:attachment":[{"href":"https:\/\/sites.usp.br\/ebt\/index.php?rest_route=%2Fwp%2Fv2%2Fmedia&parent=37253"}],"curies":[{"name":"wp","href":"https:\/\/api.w.org\/{rel}","templated":true}]}}