{"id":37314,"date":"2021-03-04T14:46:55","date_gmt":"2021-03-04T17:46:55","guid":{"rendered":"http:\/\/sites.usp.br\/ebt\/?page_id=37314"},"modified":"2021-03-04T14:51:06","modified_gmt":"2021-03-04T17:51:06","slug":"18-abordagem-compartilhada-estomatologia","status":"publish","type":"page","link":"https:\/\/sites.usp.br\/ebt\/?page_id=37314","title":{"rendered":"18 Abordagem Compartilhada: Estomatologia"},"content":{"rendered":"<address><span style=\"color: #ff0000; font-size: 14px;\">\u2666 <\/span><em><span style=\"color: #ff0000;\"><em><strong><span style=\"color: #000000; font-size: 14px;\">Amadeu Rodrigues da Silva J\u00fanior <\/span><\/strong><\/em><\/span><\/em><span style=\"color: #ff0000;\"><strong><span style=\"font-size: 10px;\"><span style=\"color: #0000ff;\"><span style=\"color: #0000ff;\">&#8211; <\/span><\/span><span style=\"color: #0000ff;\"><a href=\"http:\/\/sites.usp.br\/ebt\/forp-contato\/\"><span style=\"color: #0000ff;\">E-mail <\/span><\/a><\/span><span style=\"color: #0000ff;\"><span style=\"color: #0000ff;\">&#8211; <\/span><\/span><span style=\"color: #0000ff;\"><a href=\"http:\/\/lattes.cnpq.br\/4941647300671224\"><span style=\"color: #0000ff;\">Curr\u00edculo Lattes<\/span><\/a><\/span> <\/span><\/strong><\/span><\/address>\n<hr \/>\n<hr \/>\n<address style=\"text-align: right;\"><strong><span style=\"font-size: 10px;\"><span style=\"font-size: 12px;\"><span style=\"color: #ff0000;\"><span style=\"color: #0000ff;\"><em><span style=\"color: #000000; font-size: 14px;\"><span style=\"color: #0000ff;\"><a style=\"color: #0000ff;\" href=\"http:\/\/sites.usp.br\/ebt\/forp-a-d-encl-bras-teleodontol\/a\/atividade-online-arauto-e-atributo-educacional\/02-abordagem-compartilhada-comunicacao-interpessoal-e-intrapessoal\/\">3\u00aa Atividade Online<\/a><\/span> (Janeiro 2013) &#8211; Abordagem Cl\u00ednica: Viv\u00eancia e Experi\u00eancia Profissional <\/span><\/em><\/span><\/span>\/ <\/span>p\u00e1gina 3<\/span><\/strong><\/address>\n<hr \/>\n<p style=\"text-align: justify;\"><span style=\"font-size: 10px;\">SILVA JR, A.R. Abordagem Compartilhada: Estomatologia &#8211; Foco Sa\u00fade Bucal. Encicl. Bras. Teleodontol., Volume 3 (S\u00e9rie A): p\u00e1gina 3, janeiro, 2013. ISSN 2448-1181 <\/span><\/p>\n<hr \/>\n<p style=\"text-align: justify;\"><span style=\"font-family: Arial;\"><strong>Abordagem Educacional<\/strong> (Atividade Profissional &#8211;<strong> <a href=\"http:\/\/sites.usp.br\/ebt\/forp-a-d\/a\/2011-teleodontologia-abordagem-educacional\/atividade-profissional-area-da-saude-cirurgiao-dentista\/\">Cirurgi\u00e3o-Dentista<\/a><\/strong>) \u00e9 <\/span><span style=\"font-family: Arial;\">orientada pelo <strong>Minist\u00e9rio da Educa\u00e7\u00e3o<\/strong> (<\/span><span style=\"color: #0000ff;\"><strong style=\"font-family: Arial;\"><a style=\"color: #0000ff;\" href=\"http:\/\/portal.mec.gov.br\/\">MEC<\/a><\/strong><\/span><span style=\"font-family: Arial;\">) e <\/span><span style=\"font-family: Arial;\"><strong>Conselho Federal de Odontologia<\/strong> (<span style=\"color: #0000ff;\"><strong><a href=\"http:\/\/cfo.org.br\/\"><span style=\"color: #0000ff;\">CFO<\/span><\/a><\/strong><\/span>). <strong>Abordagem Educacional<\/strong> (<\/span><span style=\"font-family: Arial;\"><strong>Odontologia<\/strong>), contribui na forma\u00e7\u00e3o acad\u00eamica estabelecido pelo<strong> Projeto Pol\u00edtico Pedag\u00f3gico<\/strong> [<strong><span style=\"color: #0000ff;\"><a style=\"color: #0000ff;\" href=\"http:\/\/sites.usp.br\/ebt\/wp-content\/uploads\/sites\/44\/2014\/11\/Lei_9.394.pdf\">1<\/a><\/span><\/strong>, <strong><span style=\"color: #0000ff;\"><a style=\"color: #0000ff;\" href=\"http:\/\/sites.usp.br\/ebt\/wp-content\/uploads\/sites\/44\/2014\/11\/Resolu\u00e7\u00e3o-19-02-2002.pdf\">2<\/a><\/span><\/strong>]. <strong>Abordagem Educacional<\/strong> objetiva exerc\u00edcio profissional (<strong>BRASIL<\/strong>, <span style=\"text-decoration: underline;\"><span style=\"color: #0000ff;\"><strong><a style=\"color: #0000ff; text-decoration: underline;\" href=\"https:\/\/www.planalto.gov.br\/ccivil_03\/leis\/l5081.htm\">LEI n\u00ba 5.081<\/a><\/strong><\/span><\/span> e <span style=\"text-decoration: underline;\"><span style=\"color: #0000ff;\"><strong><a style=\"color: #0000ff; text-decoration: underline;\" href=\"https:\/\/www.planalto.gov.br\/ccivil_03\/leis\/1970-1979\/l6215.htm\">LEI n\u00ba 6.215<\/a><\/strong><\/span><\/span>) do <strong>Educando<\/strong> (futuro profissional) com conhecimentos atualizados [<strong><span style=\"color: #0000ff;\"><a style=\"color: #0000ff;\" href=\"http:\/\/sites.usp.br\/ebt\/wp-content\/uploads\/sites\/44\/2014\/11\/ICD10-2010.pdf\">3<\/a><\/span><\/strong>, <strong><span style=\"color: #0000ff;\"><a style=\"color: #0000ff;\" href=\"http:\/\/www.who.int\/en\/\">4<\/a><\/span><\/strong>] e inovadores (<span style=\"text-decoration: underline;\"><strong><span style=\"color: #0000ff;\"><a style=\"color: #0000ff; text-decoration: underline;\" href=\"http:\/\/sites.usp.br\/ebt\/forp-m-p\/p\/2011-2\/\">PODAE<\/a><\/span><\/strong><\/span>) nos processos educacionais estimulando: habilidade, compet\u00eancia, atitude comportamental e \u00e9tica. <\/span><\/p>\n<p style=\"text-align: justify;\"><span style=\"font-family: Arial;\"><strong>Abordagem Educacional <\/strong>(<\/span><span style=\"font-family: Arial;\"><strong>Odontologia<\/strong>) contempla e estabelece as a\u00e7\u00f5es educad<\/span><span style=\"font-family: Arial;\"><span style=\"color: #0000ff;\"><span style=\"color: #000000;\">oras (<strong>Sistema Nacional de Avalia\u00e7\u00e3o da Educa\u00e7\u00e3o Superior &#8211; <\/strong><span style=\"text-decoration: underline;\"><span style=\"color: #0000ff; text-decoration: underline;\"><strong style=\"color: #0000ff; text-decoration: underline;\"><a style=\"color: #0000ff; text-decoration: underline;\" href=\"http:\/\/portal.inep.gov.br\/superior-sinaes\">SINAES<\/a><\/strong><\/span><\/span> &#8211; <strong>BRASIL<\/strong>, <span style=\"color: #0000ff;\"><strong><a style=\"color: #0000ff;\" href=\"http:\/\/www.planalto.gov.br\/ccivil_03\/_ato2004-2006\/2004\/lei\/l10.861.htm\">LEI <span style=\"text-decoration: underline;\">n\u00ba <\/span>10.861, 2004<\/a><\/strong><\/span>) <\/span><\/span><\/span><span style=\"font-family: Arial;\"><span style=\"color: #0000ff;\"><span style=\"color: #000000;\">avaliando <strong>Institui\u00e7\u00e3o Superior <\/strong>(<strong>IS<\/strong>), Cursos e <strong>Eixos Educacionais<\/strong> (E<\/span><\/span><\/span><span style=\"font-family: Arial;\"><span style=\"color: #0000ff;\"><span style=\"color: #000000;\">nsino, Pesquisa, Extens\u00e3o, Responsabilidade Social, Desempenho do Aluno, Gest\u00e3o da Institui\u00e7\u00e3o e Corpo Docente).<\/span><\/span><\/span><\/p>\n<p style=\"text-align: justify;\"><span style=\"font-family: Arial;\"><span style=\"color: #0000ff;\"><span style=\"color: #000000;\"><strong>Exame Nacional de Desempenho de Estudantes<\/strong> (<span style=\"color: #0000ff;\"><a style=\"color: #0000ff;\" href=\"http:\/\/portal.inep.gov.br\/web\/guest\/enade\"><strong>ENADE<\/strong><\/a><\/span> &#8211; <strong>BRASIL<\/strong>, Portaria Normativa n\u00ba40 12\/12\/2007, Art. 33-D), at\u00e9 a presente data, avalia desempenho (c<\/span><\/span><\/span><span style=\"font-family: Arial;\"><span style=\"color: #0000ff;\"><span style=\"color: #000000;\">onte\u00fado program\u00e1tico previsto na Diretriz Curricular, do respectivo Curso de Gradua\u00e7\u00e3o (<strong>Odontologia<\/strong>), as habilidades e compet\u00eancias na forma\u00e7\u00e3o e<\/span><\/span><\/span><span style=\"font-family: Arial;\"><span style=\"color: #0000ff;\"><span style=\"color: #000000;\">studantil (Forma\u00e7\u00e3o Profissional &#8211; Cirurgi\u00e3o-Dentista). Utiliza-se as informa\u00e7\u00f5es coletas (\u00d3rg\u00e3os Governamentais), e prop\u00f5e pol\u00edtica p\u00fablica quanto \u00e0 <strong>Realidade Educacional<\/strong> (Institui\u00e7\u00e3o Superior e Cursos &#8211; &#8220;<strong><span style=\"color: #0000ff;\"><a href=\"http:\/\/portal.inep.gov.br\/web\/guest\/superior-condicoesdeensino\"><span style=\"color: #0000ff;\">Avalia\u00e7\u00e3o do Curso<\/span><\/a><\/span><\/strong>&#8221; &#8211; <\/span><\/span><\/span><span style=\"font-family: Arial;\"><strong>BRASIL<\/strong>, 1996, 2002). O Educando deve atuar em <strong><span style=\"color: #0000ff;\"><a href=\"https:\/\/uspdigital.usp.br\/tycho\/gruposPesquisaListarAreasConhecimento?areaConhecimento=40200000&amp;nomeArea=Odontologia\"><span style=\"color: #0000ff;\">Grupos de Pesquisa\/USP<\/span><\/a><\/span><\/strong> (<strong><a href=\"http:\/\/cnpq.br\/\">CNpQ<\/a><\/strong>) e Centros de Pesquisas (<strong><span style=\"color: #0000ff;\"><a style=\"color: #0000ff;\" href=\"http:\/\/sites.usp.br\/laciro\/\">LACIRO<\/a><\/span><\/strong>) <\/span><span style=\"font-family: Arial;\">como fator desencadeante <\/span><span style=\"font-family: Arial;\">com orienta\u00e7\u00f5es dos conhecimentos estabelecidas pela <strong>Organiza\u00e7\u00e3o Mundial de Sa\u00fade<\/strong> (<strong><span style=\"color: #0000ff;\"><a href=\"http:\/\/www.who.int\/classifications\/icd\/en\/\"><span style=\"color: #0000ff;\">OMS<\/span><\/a><\/span><\/strong>) com base <strong><span style=\"color: #0000ff;\"><a href=\"http:\/\/sites.usp.br\/ebt\/wp-content\/uploads\/sites\/44\/2014\/11\/ICD10-2010.pdf\"><span style=\"color: #0000ff;\">CID-10<\/span><\/a><\/span><\/strong>. <\/span><span style=\"font-family: Arial;\">Para fortalecer as a\u00e7\u00f5es educacionais (Ensino e o Aprendizado). O <strong>Educador<\/strong> deve estar ciente de conduzir com sensibilidade evidenciado pela &#8220;<span style=\"color: #0000ff;\"><strong><a style=\"color: #0000ff;\" href=\"http:\/\/sites.usp.br\/ebt\/forp-a-d\/a\/2011-teleodontologia-abordagem-educacional\/01-abordagem-educacional-arte-de-educar-1o-momento-ensinar-aprendizagem-significativa\/\">Arte de Ensinar<\/a><\/strong><\/span>&#8220;, para a melhoria da qualidade da <strong>Sa\u00fade Bucal<\/strong>. O Cirurgi\u00e3o &#8211; Dentista<\/span><span style=\"font-family: Arial;\"> p<\/span><span style=\"font-family: Arial;\">ara complementar a sua forma\u00e7\u00e3o deve participar de Programa de P\u00f3s-Gradua\u00e7\u00e3o, que auxilie a desenvolver os conhecimentos (<strong>Gest\u00e3o Educacional<\/strong>).<\/span><\/p>\n<hr \/>\n<p style=\"text-align: justify;\"><strong><span style=\"font-size: 10px;\">REFER\u00caNCIAS<\/span><\/strong><\/p>\n<div style=\"text-align: justify;\" align=\"justify\">\n<div align=\"justify\"><span style=\"font-size: 10px;\">1. BRASIL &#8211; Diretrizes e Bases da Educa\u00e7\u00e3o Nacional, 1996. [<span style=\"color: #0000ff;\"><strong><a href=\"http:\/\/sites.usp.br\/ebt\/wp-content\/uploads\/sites\/44\/2014\/11\/Lei_9.394.pdf\"><span style=\"color: #0000ff;\">Lei- 9.394<\/span><\/a><\/strong><\/span>].<\/span><\/div>\n<div align=\"justify\"><span style=\"font-size: 10px;\">2. BRASIL &#8211; Diretrizes Curriculares Nacionais do Curso de Gradua\u00e7\u00e3o em Odontologia, 2002. [<span style=\"color: #0000ff;\"><strong><a href=\"http:\/\/sites.usp.br\/ebt\/wp-content\/uploads\/sites\/44\/2014\/11\/Resolu\u00e7\u00e3o-19-02-2002.pdf\"><span style=\"color: #0000ff;\">Resolu\u00e7\u00e3o CNE\/CES 3<\/span><\/a><\/strong><\/span>].<\/span><\/div>\n<div align=\"justify\"><span style=\"font-size: 10px;\">3. World Health Organization: International Statistical Classification of Diseases and Related Health Problems, Tenth Revision Instruction Manual. Geneva, World Health Organization, 2004. [<span style=\"color: #0000ff;\"><strong><a href=\"http:\/\/sites.usp.br\/ebt\/wp-content\/uploads\/sites\/44\/2014\/11\/ICD10-2010.pdf\"><span style=\"color: #0000ff;\">ICD<\/span><\/a><\/strong><\/span>] <\/span><\/div>\n<div align=\"justify\"><span style=\"font-size: 10px;\">4. World Health Organization. [<span style=\"color: #0000ff;\"><strong><a href=\"http:\/\/www.who.int\/en\/\"><span style=\"color: #0000ff;\">WHO<\/span><\/a><\/strong><\/span>] <\/span><\/div>\n<div style=\"text-align: center;\" align=\"justify\">\n<address style=\"text-align: right;\">\n<hr \/>\n<hr \/>\n<address style=\"text-align: right;\">\u00a0<\/address>\n<\/address>\n<\/div>\n<\/div>\n","protected":false},"excerpt":{"rendered":"<p>\u2666 Amadeu Rodrigues da Silva J\u00fanior &#8211; E-mail &#8211; Curr\u00edculo Lattes 3\u00aa Atividade Online (Janeiro [&hellip;]<\/p>\n","protected":false},"author":58,"featured_media":0,"parent":35611,"menu_order":0,"comment_status":"closed","ping_status":"closed","template":"","meta":{"footnotes":"","_links_to":"","_links_to_target":""},"class_list":["post-37314","page","type-page","status-publish","hentry"],"_links":{"self":[{"href":"https:\/\/sites.usp.br\/ebt\/index.php?rest_route=\/wp\/v2\/pages\/37314","targetHints":{"allow":["GET"]}}],"collection":[{"href":"https:\/\/sites.usp.br\/ebt\/index.php?rest_route=\/wp\/v2\/pages"}],"about":[{"href":"https:\/\/sites.usp.br\/ebt\/index.php?rest_route=\/wp\/v2\/types\/page"}],"author":[{"embeddable":true,"href":"https:\/\/sites.usp.br\/ebt\/index.php?rest_route=\/wp\/v2\/users\/58"}],"replies":[{"embeddable":true,"href":"https:\/\/sites.usp.br\/ebt\/index.php?rest_route=%2Fwp%2Fv2%2Fcomments&post=37314"}],"version-history":[{"count":1,"href":"https:\/\/sites.usp.br\/ebt\/index.php?rest_route=\/wp\/v2\/pages\/37314\/revisions"}],"predecessor-version":[{"id":37315,"href":"https:\/\/sites.usp.br\/ebt\/index.php?rest_route=\/wp\/v2\/pages\/37314\/revisions\/37315"}],"up":[{"embeddable":true,"href":"https:\/\/sites.usp.br\/ebt\/index.php?rest_route=\/wp\/v2\/pages\/35611"}],"wp:attachment":[{"href":"https:\/\/sites.usp.br\/ebt\/index.php?rest_route=%2Fwp%2Fv2%2Fmedia&parent=37314"}],"curies":[{"name":"wp","href":"https:\/\/api.w.org\/{rel}","templated":true}]}}