{"id":8761,"date":"2016-01-01T00:16:37","date_gmt":"2016-01-01T02:16:37","guid":{"rendered":"http:\/\/sites.usp.br\/ebt\/?page_id=8761"},"modified":"2018-08-07T11:13:33","modified_gmt":"2018-08-07T14:13:33","slug":"02-metodologia-de-ensino-e-aprendizagem","status":"publish","type":"page","link":"https:\/\/sites.usp.br\/ebt\/?page_id=8761","title":{"rendered":"M.07 Medicina Bucal: Informa\u00e7\u00f5es B\u00e1sicas"},"content":{"rendered":"<hr \/>\n<address style=\"text-align: right;\"><span style=\"color: #fd8725; font-size: 14px;\">\u2666 <\/span><strong><span style=\"font-size: 10px;\">Enciclop\u00e9dia Brasileira de Teleodontologia, Volume 7 (<span style=\"color: #0000ff;\"><a style=\"color: #0000ff;\" href=\"http:\/\/sites.usp.br\/ebt\/forp-m-p-encl-bras-teleodontol\/m\/\">S\u00e9rie M<\/a><\/span>): janeiro\u00a0 a\u00a0 dezembro, 2017 .\u00a0 ISSN 2448 -1181<br \/>\n<\/span><\/strong><\/address>\n<hr \/>\n<address style=\"text-align: right;\"><span style=\"color: #ff0000; font-size: 14px;\">\u2666 <\/span><strong><span style=\"font-size: 10px;\">Sum\u00e1rio <\/span><\/strong><\/address>\n<hr \/>\n<hr \/>\n","protected":false},"excerpt":{"rendered":"<p>\u2666 Enciclop\u00e9dia Brasileira de Teleodontologia, Volume 7 (S\u00e9rie M): janeiro\u00a0 a\u00a0 dezembro, 2017 .\u00a0 ISSN [&hellip;]<\/p>\n","protected":false},"author":58,"featured_media":0,"parent":1197,"menu_order":0,"comment_status":"open","ping_status":"closed","template":"","meta":{"footnotes":"","_links_to":"","_links_to_target":""},"class_list":["post-8761","page","type-page","status-publish","hentry"],"_links":{"self":[{"href":"https:\/\/sites.usp.br\/ebt\/index.php?rest_route=\/wp\/v2\/pages\/8761","targetHints":{"allow":["GET"]}}],"collection":[{"href":"https:\/\/sites.usp.br\/ebt\/index.php?rest_route=\/wp\/v2\/pages"}],"about":[{"href":"https:\/\/sites.usp.br\/ebt\/index.php?rest_route=\/wp\/v2\/types\/page"}],"author":[{"embeddable":true,"href":"https:\/\/sites.usp.br\/ebt\/index.php?rest_route=\/wp\/v2\/users\/58"}],"replies":[{"embeddable":true,"href":"https:\/\/sites.usp.br\/ebt\/index.php?rest_route=%2Fwp%2Fv2%2Fcomments&post=8761"}],"version-history":[{"count":4,"href":"https:\/\/sites.usp.br\/ebt\/index.php?rest_route=\/wp\/v2\/pages\/8761\/revisions"}],"predecessor-version":[{"id":32567,"href":"https:\/\/sites.usp.br\/ebt\/index.php?rest_route=\/wp\/v2\/pages\/8761\/revisions\/32567"}],"up":[{"embeddable":true,"href":"https:\/\/sites.usp.br\/ebt\/index.php?rest_route=\/wp\/v2\/pages\/1197"}],"wp:attachment":[{"href":"https:\/\/sites.usp.br\/ebt\/index.php?rest_route=%2Fwp%2Fv2%2Fmedia&parent=8761"}],"curies":[{"name":"wp","href":"https:\/\/api.w.org\/{rel}","templated":true}]}}