{"id":9778,"date":"2016-05-13T16:50:36","date_gmt":"2016-05-13T19:50:36","guid":{"rendered":"http:\/\/sites.usp.br\/ebt\/?page_id=9778"},"modified":"2017-01-26T09:14:30","modified_gmt":"2017-01-26T11:14:30","slug":"x","status":"publish","type":"page","link":"https:\/\/sites.usp.br\/ebt\/?page_id=9778","title":{"rendered":"Material Odontol\u00f3gico (Aplica\u00e7\u00e3o Cl\u00ednica): Suco de Uva e Vinho alteram a cor de Resina Acr\u00edlica?"},"content":{"rendered":"<address><span style=\"color: #ff0000;font-size: 14px\">\u2666 <\/span><span style=\"color: #ff0000\"><span style=\"color: #000000;font-size: 14px\"><em><strong>Fl\u00e1vio Henrique Carri\u00e7o Nogueira Fernandes <\/strong><\/em><\/span><\/span><span style=\"color: #ff0000\"><strong><span style=\"font-size: 10px\"><span style=\"color: #0000ff\"><span style=\"color: #0000ff\">&#8211; <\/span><\/span><\/span><\/strong><strong><span style=\"font-size: 10px\"><span style=\"color: #0000ff\"><span style=\"color: #0000ff\">\u00a0<a style=\"color: #0000ff\" href=\"https:\/\/uspdigital.usp.br\/telefonia\/telFormularioEmail.jsp?codigoPessoaUsuario=0&amp;codigoPessoa=75623&amp;nomePessoa=Fl\u00e1vio Henrique Carri\u00e7o Nogueira Fernandes&amp;print=s\">E-mail(USP<\/a><\/span><\/span><\/span><\/strong><span style=\"font-size: 10px\"><span style=\"color: #0000ff\"><span style=\"color: #0000ff\">)<\/span><\/span><\/span><strong><span style=\"font-size: 10px\"><span style=\"color: #0000ff\"> <span style=\"color: #0000ff\">&#8211; <\/span><a style=\"color: #0000ff\" href=\"http:\/\/lattes.cnpq.br\/8706816512522359\">Curr\u00edculo Lattes<\/a><span style=\"color: #0000ff\"> &#8211; <\/span><\/span><\/span><\/strong><\/span><\/address>\n<address><em><span style=\"color: #ff0000;font-size: 14px\"><em>\u2666\u00a0<\/em><\/span><\/em><span style=\"color: #ff0000\"><span style=\"color: #ff0000\"><span style=\"font-size: 10px\"><strong><span style=\"color: #0000ff\"><em><span style=\"color: #ff0000\"><em><strong><span style=\"color: #000000;font-size: 14px\">Iara Augusta Orsi <\/span><\/strong><\/em><\/span><\/em><span style=\"color: #ff0000\"><strong><span style=\"font-size: 10px\"><span style=\"color: #0000ff\"><span style=\"color: #0000ff\">&#8211; <a style=\"color: #0000ff\" href=\"https:\/\/uspdigital.usp.br\/telefonia\/telFormularioEmail.jsp?codigoPessoaUsuario=0&amp;codigoPessoa=75623&amp;nomePessoa=Iara Augusta Orsi&amp;print=s\">E-mail(USP)<\/a> <\/span><\/span><\/span><\/strong><\/span><\/span><span style=\"color: #0000ff\"><span style=\"color: #ff0000\"><strong><span style=\"font-size: 10px\"><span style=\"color: #0000ff\"><span style=\"color: #0000ff\">&#8211; <\/span><a style=\"color: #0000ff\" href=\"http:\/\/lattes.cnpq.br\/7148179342271398\">Curr\u00edculo Lattes<\/a> &#8211;\u00a0<\/span><\/span><\/strong><\/span> <\/span><\/strong><\/span><\/span><\/span><\/address>\n<hr \/>\n<hr \/>\n<address style=\"text-align: right\"><strong><span style=\"font-size: 10px\">p\u00e1gina 1<\/span><\/strong><\/address>\n<hr \/>\n<p style=\"text-align: justify\"><span style=\"font-size: 10px\">FERNANDES, F.H.C.N.; ORSI, I.M. Material Odontol\u00f3gico (Aplica\u00e7\u00e3o Cl\u00ednica): Suco de Uva e Vinho alteram a cor de Resina Acr\u00edlica? Encicl. Bras. Teleodontol., Volume 1A (S\u00e9rie A): p\u00e1gina 1, janeiro, 2011. ISSN 2448 1181<strong><br \/>\n<\/strong><\/span><\/p>\n<hr \/>\n<p style=\"text-align: justify\"><span style=\"font-family: Arial\">Pacientes submetidos a procedimento prot\u00e9ticos est\u00e3o expostos a micro-organismos patog\u00eanicos podendo ocorrer desenvolvimento de doen\u00e7as e infec\u00e7\u00e3o cruzada entre pacientes e equipe odontol\u00f3gica [2,3].<\/span><\/p>\n<p style=\"text-align: justify\"><span style=\"font-family: Arial\">As pr\u00f3teses devem ser desinfetadas com subst\u00e2ncias que n\u00e3o provoquem altera\u00e7\u00f5es nas propriedades mec\u00e2nicas e f\u00edsicas principalmente em associa\u00e7\u00e3o com a ingest\u00e3o de bebidas com teor alco\u00f3lico ou baixo pH. <\/span><\/p>\n<p style=\"text-align: justify\"><span style=\"font-family: Arial\"><strong>FERNANDES<\/strong> (2009) avaliou a rugosidade m\u00e9dia superficial (Ra) e estabilidade de cor de resinas acr\u00edlicas (Lucitone 550, QC-20 e Vipi-Wave), empregadas na confec\u00e7\u00e3o de bases para pr\u00f3teses totais, remov\u00edveis, <em>overdentures<\/em> e pr\u00f3teses protocolos sobre implantes ap\u00f3s imers\u00e3o em desinfetantes qu\u00edmicos (hipoclorito de s\u00f3dio 1% e \u00e1cido perac\u00e9tico 2%) por 30 e 60 minutos, e ap\u00f3s desinfec\u00e7\u00e3o por 30 minutos seguida de imers\u00e3o em bebidas com e sem teor alc\u00f3olico (vinho, suco de uva, ch\u00e1 e aguardente). <\/span><\/p>\n<p style=\"text-align: justify\"><span style=\"font-family: Arial\"><strong>FERNANDES <\/strong>(2009) confeccionou 60 corpos-de-prova de cada marca comercial de resina, sendo divididos em 2 grupos, referentes aos desinfetantes qu\u00edmicos. Ap\u00f3s os procedimentos de acabamento e polimento dos corpos-de-prova, foram realizadas as mensura\u00e7\u00f5es iniciais (t=0) de rugosidade e cor, e a seguir dez corpos-de-prova de cada marca comercial de resina foram imersos em hipoclorito de s\u00f3dio e dez em \u00e1cido perac\u00e9tico, durante 30 e 60 minutos, sendo realizadas as mensura\u00e7\u00f5es ap\u00f3s cada per\u00edodo de imers\u00e3o. Esses dados foram, posteriormente submetidos \u00e0 an\u00e1lise estat\u00edstica. Quarenta corpos-de-prova de cada tipo de resina foram imersos em hipoclorito de s\u00f3dio e \u00e1cido perac\u00e9tico por 30min, a seguir foram realizadas as mensura\u00e7\u00f5es de rugosidade e cor, e a divis\u00e3o em subgrupos referentes \u00e0s bebidas. Os corpos-de-prova foram lavados com \u00e1gua destilada, secos com len\u00e7os de papel e imersos em vinho(n=5), suco de uva(n=5), ch\u00e1 (n=5) e aguardente (n=5) por 2 horas. Ap\u00f3s as mensura\u00e7\u00f5es, os corpos-de-prova foram imersos em \u00e1gua destilada e mantidos por 24 horas, decorrido esse per\u00edodo foram realizadas as mensura\u00e7\u00f5es de rugosidade e cor. Os corpos-de-prova eram imersos diariamente nas bebidas por 2 horas e as mensura\u00e7\u00f5es subseq\u00fcentes de rugosidade e cor eram realizadas ap\u00f3s 168hs (7dias), 336hs (14dias) e 504hs (21dias) de imers\u00e3o nas mesmas bebidas.Os dados foram analisados estatisticamente pela An\u00e1lise de Vari\u00e2ncia e testes complementares de Tukey e Scheff\u00e9. Foi evidenciado aumento da Ra ap\u00f3s 30 minutos de imers\u00e3o nos desinfetantes em todas as resinas, com QC-20 apresentando os maiores valores de Ra e Vipi-Wave os menores. Lucitone 550 apresentou maior Ra ap\u00f3s imers\u00e3o em vinho, suco de uva e aguardente e Vipi-Wave ap\u00f3s imers\u00e3o em ch\u00e1. Ap\u00f3s 60minutos de imers\u00e3o nos desinfetantes todas as resinas apresentaram altera\u00e7\u00e3o de cor estatisticamente significante. Os corpos-de-prova imersos em vinho apresentaram os maiores valores de altera\u00e7\u00e3o de cor ap\u00f3s 336hs (14dias), enquanto os imersos em suco de uva apresentaram altera\u00e7\u00f5es de cor leves ap\u00f3s 168hs (7dias), 336hs (14dias) e 504hs (21 dias), e os imersos em aguardente e ch\u00e1 n\u00e3o apresentaram altera\u00e7\u00f5es de cor clinicamente significantes. <\/span><\/p>\n<p style=\"text-align: justify\"><span style=\"font-family: Arial\"><strong>FERNANDES<\/strong> (2009) conclui que desinfec\u00e7\u00e3o em hipoclorito de s\u00f3dio 1% e \u00e1cido perac\u00e9tico alterou as propriedades de rugosidade m\u00e9dia e cor das resinas avaliadas, e dentre as bebidas, vinho e suco de uva foram as que propiciaram maior altera\u00e7\u00e3o de cor.<\/span><span style=\"font-family: Arial;line-height: 1.5\"><br \/>\n<\/span><\/p>\n<hr \/>\n<p style=\"text-align: justify\"><strong><span style=\"font-size: 10px\">REFER\u00caNCIAS<\/span><\/strong><\/p>\n<div style=\"text-align: justify\" align=\"justify\">\n<div align=\"justify\"><span style=\"font-size: 10px\">1. FERNADES, F.H.C.N. Avalia\u00e7\u00e3o da altera\u00e7\u00e3o de cor e rugosidade m\u00e9dia superficial de resinas acr\u00edlicas usadas em base de pr\u00f3teses ap\u00f3s imers\u00e3o em desinfetantes qu\u00edmicos e bebidas. Mestrado em Reabilita\u00e7\u00e3o Oral. Faculdade de Odontologia de Ribeir\u00e3o Preto, Universidade de S\u00e3o Paulo, 2009. [Orientador :Iara Augusta Orsi] [<span style=\"color: #0000ff\"><strong><a style=\"color: #0000ff\" href=\"http:\/\/www.teses.usp.br\/teses\/disponiveis\/58\/58131\/tde-19032010-111443\/publico\/me_flavio_carrico.pdf\"><span style=\"color: #0000ff\">Link Tes<\/span>e<\/a><\/strong><\/span>]<\/span><\/div>\n<div align=\"justify\"><span style=\"font-size: 10px\">2. World Health Organization: International Statistical Classification of Diseases and Related Health Problems, Tenth Revision Instruction Manual. Geneva, World Health Organization, 2004. [<span style=\"color: #0000ff\"><strong><a href=\"http:\/\/sites.usp.br\/ebt\/wp-content\/uploads\/sites\/44\/2014\/11\/ICD10-2010.pdf\"><span style=\"color: #0000ff\">ICD<\/span><\/a><\/strong><\/span>] <\/span><\/div>\n<div align=\"justify\"><span style=\"font-size: 10px\">3. World Health Organization. [<span style=\"color: #0000ff\"><strong><a href=\"http:\/\/www.who.int\/en\/\"><span style=\"color: #0000ff\">WHO<\/span><\/a><\/strong><\/span>] <\/span><\/div>\n<div style=\"text-align: center\" align=\"justify\">\n<address style=\"text-align: right\">\n<hr \/>\n<hr \/>\n<\/address>\n<\/div>\n<\/div>\n<div align=\"justify\"><\/div>\n","protected":false},"excerpt":{"rendered":"<p>\u2666 Fl\u00e1vio Henrique Carri\u00e7o Nogueira Fernandes &#8211; \u00a0E-mail(USP) &#8211; Curr\u00edculo Lattes &#8211; \u2666\u00a0Iara Augusta Orsi [&hellip;]<\/p>\n","protected":false},"author":58,"featured_media":0,"parent":2409,"menu_order":0,"comment_status":"open","ping_status":"closed","template":"","meta":{"footnotes":"","_links_to":"","_links_to_target":""},"class_list":["post-9778","page","type-page","status-publish","hentry"],"_links":{"self":[{"href":"https:\/\/sites.usp.br\/ebt\/index.php?rest_route=\/wp\/v2\/pages\/9778","targetHints":{"allow":["GET"]}}],"collection":[{"href":"https:\/\/sites.usp.br\/ebt\/index.php?rest_route=\/wp\/v2\/pages"}],"about":[{"href":"https:\/\/sites.usp.br\/ebt\/index.php?rest_route=\/wp\/v2\/types\/page"}],"author":[{"embeddable":true,"href":"https:\/\/sites.usp.br\/ebt\/index.php?rest_route=\/wp\/v2\/users\/58"}],"replies":[{"embeddable":true,"href":"https:\/\/sites.usp.br\/ebt\/index.php?rest_route=%2Fwp%2Fv2%2Fcomments&post=9778"}],"version-history":[{"count":6,"href":"https:\/\/sites.usp.br\/ebt\/index.php?rest_route=\/wp\/v2\/pages\/9778\/revisions"}],"predecessor-version":[{"id":9887,"href":"https:\/\/sites.usp.br\/ebt\/index.php?rest_route=\/wp\/v2\/pages\/9778\/revisions\/9887"}],"up":[{"embeddable":true,"href":"https:\/\/sites.usp.br\/ebt\/index.php?rest_route=\/wp\/v2\/pages\/2409"}],"wp:attachment":[{"href":"https:\/\/sites.usp.br\/ebt\/index.php?rest_route=%2Fwp%2Fv2%2Fmedia&parent=9778"}],"curies":[{"name":"wp","href":"https:\/\/api.w.org\/{rel}","templated":true}]}}