{"id":295,"date":"2025-10-14T18:56:18","date_gmt":"2025-10-14T20:56:18","guid":{"rendered":"https:\/\/sites.usp.br\/ecomas\/?page_id=295"},"modified":"2025-10-15T18:47:29","modified_gmt":"2025-10-15T20:47:29","slug":"295-2","status":"publish","type":"page","link":"https:\/\/sites.usp.br\/ecomas\/295-2\/","title":{"rendered":"PROJETOS DE PESQUISA EM ANDAMENTO"},"content":{"rendered":"<div class=\"layout-cell layout-cell-12 data-cell\">\n<div class=\"layout-cell layout-cell-9\">\n<div>\u00c9 Pesquisadora BOLSISTA PRODUTIVIDADE EM PESQUISA DO CNPq (Processo 306998\/2022-0) com o projeto: \u201cProspec\u00e7\u00e3o gen\u00f4mica de marcadores gen\u00e9ricos e esp\u00e9cie-espec\u00edficos em\u00a0 bact\u00e9rias isoladas de diferentes matrizes para fomentar aplica\u00e7\u00f5es biotecnol\u00f3gicas em alimentos e sa\u00fade.\u201d<\/div>\n<div><\/div>\n<div class=\"layout-cell-pad-5\">PROJETO DE PESQUISA FAPESP 2023\/15005-0: &#8220;Compostos bioprotetores e probi\u00f3ticos para alimentos e sa\u00fade: prospec\u00e7\u00e3o da microbiota de m\u00e9is de abelhas sem ferr\u00e3o durante o processo fermentativo&#8221;.<\/div>\n<div class=\"layout-cell-pad-5\"><a href=\"https:\/\/sites.usp.br\/ecomas\/wp-content\/uploads\/sites\/1388\/2025\/10\/jatai-antagonismo.jpg\"><img loading=\"lazy\" decoding=\"async\" class=\"alignnone size-medium wp-image-255\" src=\"https:\/\/sites.usp.br\/ecomas\/wp-content\/uploads\/sites\/1388\/2025\/10\/jatai-antagonismo-287x300.jpg\" alt=\"\" width=\"287\" height=\"300\" srcset=\"https:\/\/sites.usp.br\/ecomas\/wp-content\/uploads\/sites\/1388\/2025\/10\/jatai-antagonismo-287x300.jpg 287w, https:\/\/sites.usp.br\/ecomas\/wp-content\/uploads\/sites\/1388\/2025\/10\/jatai-antagonismo-980x1024.jpg 980w, https:\/\/sites.usp.br\/ecomas\/wp-content\/uploads\/sites\/1388\/2025\/10\/jatai-antagonismo-768x802.jpg 768w, https:\/\/sites.usp.br\/ecomas\/wp-content\/uploads\/sites\/1388\/2025\/10\/jatai-antagonismo-400x418.jpg 400w, https:\/\/sites.usp.br\/ecomas\/wp-content\/uploads\/sites\/1388\/2025\/10\/jatai-antagonismo.jpg 1225w\" sizes=\"auto, (max-width: 287px) 100vw, 287px\" \/><\/a> <a href=\"https:\/\/sites.usp.br\/ecomas\/wp-content\/uploads\/sites\/1388\/2025\/10\/lambe-olhos.jpg\"><img loading=\"lazy\" decoding=\"async\" class=\"alignnone size-medium wp-image-256\" src=\"https:\/\/sites.usp.br\/ecomas\/wp-content\/uploads\/sites\/1388\/2025\/10\/lambe-olhos-225x300.jpg\" alt=\"\" width=\"225\" height=\"300\" srcset=\"https:\/\/sites.usp.br\/ecomas\/wp-content\/uploads\/sites\/1388\/2025\/10\/lambe-olhos-225x300.jpg 225w, https:\/\/sites.usp.br\/ecomas\/wp-content\/uploads\/sites\/1388\/2025\/10\/lambe-olhos-768x1024.jpg 768w, https:\/\/sites.usp.br\/ecomas\/wp-content\/uploads\/sites\/1388\/2025\/10\/lambe-olhos-400x533.jpg 400w, https:\/\/sites.usp.br\/ecomas\/wp-content\/uploads\/sites\/1388\/2025\/10\/lambe-olhos.jpg 960w\" sizes=\"auto, (max-width: 225px) 100vw, 225px\" \/><\/a> <a href=\"https:\/\/sites.usp.br\/ecomas\/wp-content\/uploads\/sites\/1388\/2025\/10\/polen.jpg\"><img loading=\"lazy\" decoding=\"async\" class=\"alignnone size-medium wp-image-257\" src=\"https:\/\/sites.usp.br\/ecomas\/wp-content\/uploads\/sites\/1388\/2025\/10\/polen-290x300.jpg\" alt=\"\" width=\"290\" height=\"300\" srcset=\"https:\/\/sites.usp.br\/ecomas\/wp-content\/uploads\/sites\/1388\/2025\/10\/polen-290x300.jpg 290w, https:\/\/sites.usp.br\/ecomas\/wp-content\/uploads\/sites\/1388\/2025\/10\/polen-990x1024.jpg 990w, https:\/\/sites.usp.br\/ecomas\/wp-content\/uploads\/sites\/1388\/2025\/10\/polen-768x795.jpg 768w, https:\/\/sites.usp.br\/ecomas\/wp-content\/uploads\/sites\/1388\/2025\/10\/polen-400x414.jpg 400w, https:\/\/sites.usp.br\/ecomas\/wp-content\/uploads\/sites\/1388\/2025\/10\/polen.jpg 1237w\" sizes=\"auto, (max-width: 290px) 100vw, 290px\" \/><\/a> <a href=\"https:\/\/sites.usp.br\/ecomas\/wp-content\/uploads\/sites\/1388\/2025\/10\/bolor.jpg\"><img loading=\"lazy\" decoding=\"async\" class=\"alignnone size-medium wp-image-258\" src=\"https:\/\/sites.usp.br\/ecomas\/wp-content\/uploads\/sites\/1388\/2025\/10\/bolor-286x300.jpg\" alt=\"\" width=\"286\" height=\"300\" srcset=\"https:\/\/sites.usp.br\/ecomas\/wp-content\/uploads\/sites\/1388\/2025\/10\/bolor-286x300.jpg 286w, https:\/\/sites.usp.br\/ecomas\/wp-content\/uploads\/sites\/1388\/2025\/10\/bolor-978x1024.jpg 978w, https:\/\/sites.usp.br\/ecomas\/wp-content\/uploads\/sites\/1388\/2025\/10\/bolor-768x804.jpg 768w, https:\/\/sites.usp.br\/ecomas\/wp-content\/uploads\/sites\/1388\/2025\/10\/bolor-400x419.jpg 400w, https:\/\/sites.usp.br\/ecomas\/wp-content\/uploads\/sites\/1388\/2025\/10\/bolor.jpg 1222w\" sizes=\"auto, (max-width: 286px) 100vw, 286px\" \/><\/a><\/div>\n<\/div>\n<\/div>\n<div class=\"layout-cell layout-cell-12 data-cell\">\n<div class=\"layout-cell layout-cell-9\"><\/div>\n<\/div>\n<p><strong>Resumo<\/strong><\/p>\n<p align=\"justify\">A produ\u00e7\u00e3o sustent\u00e1vel de alimentos depende grandemente de insetos polinizadores, sendo as abelhas sem ferr\u00e3o (ASF) protagonistas nesse processo, especialmente em regi\u00f5es tropicais e subtropicais. Al\u00e9m dessa import\u00e2ncia inquestion\u00e1vel, as ASFs podem produzir m\u00e9is com caracter\u00edsticas sensoriais muito apreciadas, e com propriedade biotecnol\u00f3gicas que podem beneficiar a sa\u00fade humana e animal, atributos esses devidos em parte \u00e0 sua microbiota rica, mas ainda pouco conhecida. Neste projeto, \u00e9 proposto o estudo de m\u00e9is de abelha sem ferr\u00e3o quanto \u00e0 sua diversidade microbiana cultiv\u00e1vel e n\u00e3o cultiv\u00e1vel durante o processo fermentativo. Os isolados obtidos ser\u00e3o triados quanto \u00e0 atividade antimicrobiana (bacteriocinas) e tamb\u00e9m fenotipicamente para o mecanismo regulat\u00f3rio de Quorum Sensing, utilizando ensaio cl\u00e1ssico de bioluminesc\u00eancia. Ser\u00e1 investigado ainda o potencial probi\u00f3tico dos isolados, utilizando o modelo de zebrafish como uma Nova Alternativa Metodol\u00f3gica simples e de alto rendimento. Adicionalmente, ser\u00e1 feita tamb\u00e9m a pesquisa explorat\u00f3ria de bacteri\u00f3fagos por m\u00e9todo fenot\u00edpico, tendo em vista a crescente import\u00e2ncia dessas part\u00edculas virais como plataformas para inova\u00e7\u00f5es tecnol\u00f3gicas e o inedistimo de sua busca em amostras de mel de ASF. Os resultados a serem alcan\u00e7ados poder\u00e3o indicar as complexas rela\u00e7\u00f5es dessa microbiota, com aplica\u00e7\u00f5es que poder\u00e3o contribuir para o avan\u00e7o da legisla\u00e7\u00e3o de alimentos, t\u00e9cnicas de manejo na meliponicultura, al\u00e9m de permitir vislumbrar aplica\u00e7\u00f5es para combater problemas atuais de resist\u00eancia a antimicrobianos e outras aplica\u00e7\u00f5es em alimentos e a sa\u00fade.<\/p>\n<p><a href=\"https:\/\/bv.fapesp.br\/pt\/pesquisa\/buscador\/?q2=(id_pesquisador_exact%3A6565)%20AND%20(auxilio:*%20AND%20situacao:%22Em%20andamento%22)\">https:\/\/bv.fapesp.br\/pt\/pesquisa\/buscador\/?q2=(id_pesquisador_exact%3A6565)%20AND%20(auxilio:*%20AND%20situacao:%22Em%20andamento%22)<\/a><\/p>\n<p>Al\u00e9m destes projetos, h\u00e1 colabora\u00e7\u00f5es com colegas nacionais e internacionais. Para maiores detalhes, entrar em contato com a pesquisadora principal ou consultar o curr\u00edculo Lattes (http:\/\/lattes.cnpq.br\/2131664506458197).<\/p>\n","protected":false},"excerpt":{"rendered":"<p>\u00c9 Pesquisadora BOLSISTA PRODUTIVIDADE EM PESQUISA DO CNPq (Processo 306998\/2022-0) com o projeto: \u201cProspec\u00e7\u00e3o gen\u00f4mica de marcadores gen\u00e9ricos e esp\u00e9cie-espec\u00edficos em\u00a0 bact\u00e9rias isoladas de diferentes matrizes para fomentar aplica\u00e7\u00f5es biotecnol\u00f3gicas em alimentos e sa\u00fade.\u201d PROJETO DE PESQUISA FAPESP 2023\/15005-0: &#8220;Compostos bioprotetores e probi\u00f3ticos para alimentos e sa\u00fade: prospec\u00e7\u00e3o da microbiota de m\u00e9is de abelhas sem [&hellip;]<\/p>\n","protected":false},"author":23831,"featured_media":0,"parent":0,"menu_order":0,"comment_status":"closed","ping_status":"closed","template":"","meta":{"footnotes":"","_links_to":"","_links_to_target":""},"class_list":["post-295","page","type-page","status-publish","hentry"],"_links":{"self":[{"href":"https:\/\/sites.usp.br\/ecomas\/wp-json\/wp\/v2\/pages\/295","targetHints":{"allow":["GET"]}}],"collection":[{"href":"https:\/\/sites.usp.br\/ecomas\/wp-json\/wp\/v2\/pages"}],"about":[{"href":"https:\/\/sites.usp.br\/ecomas\/wp-json\/wp\/v2\/types\/page"}],"author":[{"embeddable":true,"href":"https:\/\/sites.usp.br\/ecomas\/wp-json\/wp\/v2\/users\/23831"}],"replies":[{"embeddable":true,"href":"https:\/\/sites.usp.br\/ecomas\/wp-json\/wp\/v2\/comments?post=295"}],"version-history":[{"count":4,"href":"https:\/\/sites.usp.br\/ecomas\/wp-json\/wp\/v2\/pages\/295\/revisions"}],"predecessor-version":[{"id":359,"href":"https:\/\/sites.usp.br\/ecomas\/wp-json\/wp\/v2\/pages\/295\/revisions\/359"}],"wp:attachment":[{"href":"https:\/\/sites.usp.br\/ecomas\/wp-json\/wp\/v2\/media?parent=295"}],"curies":[{"name":"wp","href":"https:\/\/api.w.org\/{rel}","templated":true}]}}