{"id":364,"date":"2025-10-15T23:21:40","date_gmt":"2025-10-16T01:21:40","guid":{"rendered":"https:\/\/sites.usp.br\/ecomas\/?page_id=364"},"modified":"2025-12-03T17:09:01","modified_gmt":"2025-12-03T19:09:01","slug":"noticias","status":"publish","type":"page","link":"https:\/\/sites.usp.br\/ecomas\/noticias\/","title":{"rendered":"NOT\u00cdCIAS"},"content":{"rendered":"<p><strong>Aconteceu recentemente&#8230;<\/strong><\/p>\n<ol>\n<li>Ficamos muito felizes com a premia\u00e7\u00e3o da doutoranda\u00a0 Gabriela Rodrigues Silva &#8211; 1a colocada do Pr\u00eamio BRAFP para jovens cientistas, durante o\u00a0 1st Food Micro Latino, realizado em conjunto com o 33o Congresso Brasileiro de Microbiologia &#8211; Aracaju &#8211; SE (25 a 28 de outubro de 2025.\u00a0 Trabalho apresentado (oral e poster): &#8220;Microbial diversity of fermenting stingless bee honey: integration of culture-dependent and 16S rRNA metagenomic approaches&#8221;.<br \/>\nParab\u00e9ns para Gabriela! <a href=\"https:\/\/foodmicrolatino2025.icfmh.org\">https:\/\/foodmicrolatino2025.icfmh.org<\/a><\/li>\n<li>Profa. Elaine De Martinis apresentou a palestra &#8220;Potencial biotecnol\u00f3gico da microbiota dos m\u00e9is de abelhas sem ferr\u00e3o&#8221; no IX Workmel (28\/09\/2025) realizado na FMRP-USP. Participa\u00e7\u00e3o tamb\u00e9m \u00a0da doutoranda Gabriela R. Silva.<\/li>\n<li>Profa. Elaine De Martinis participou do IV Simp\u00f3sio da LASAC &#8211; curso de Nutri\u00e7\u00e3o e Metabolismo da FMRP-USP (27\/09\/2025), com a palestra: &#8220;Conceitos de doen\u00e7as de transmiss\u00e3o h\u00eddrica e alimentar e seus impactos na sa\u00fade p\u00fablica&#8221;.<\/li>\n<\/ol>\n<p>&nbsp;<\/p>\n<p>&nbsp;<\/p>\n<p>&nbsp;<\/p>\n","protected":false},"excerpt":{"rendered":"<p>Aconteceu recentemente&#8230; Ficamos muito felizes com a premia\u00e7\u00e3o da doutoranda\u00a0 Gabriela Rodrigues Silva &#8211; 1a colocada do Pr\u00eamio BRAFP para jovens cientistas, durante o\u00a0 1st Food Micro Latino, realizado em conjunto com o 33o Congresso Brasileiro de Microbiologia &#8211; Aracaju &#8211; SE (25 a 28 de outubro de 2025.\u00a0 Trabalho apresentado (oral e poster): &#8220;Microbial [&hellip;]<\/p>\n","protected":false},"author":23831,"featured_media":0,"parent":0,"menu_order":0,"comment_status":"closed","ping_status":"closed","template":"","meta":{"footnotes":"","_links_to":"","_links_to_target":""},"class_list":["post-364","page","type-page","status-publish","hentry"],"_links":{"self":[{"href":"https:\/\/sites.usp.br\/ecomas\/wp-json\/wp\/v2\/pages\/364","targetHints":{"allow":["GET"]}}],"collection":[{"href":"https:\/\/sites.usp.br\/ecomas\/wp-json\/wp\/v2\/pages"}],"about":[{"href":"https:\/\/sites.usp.br\/ecomas\/wp-json\/wp\/v2\/types\/page"}],"author":[{"embeddable":true,"href":"https:\/\/sites.usp.br\/ecomas\/wp-json\/wp\/v2\/users\/23831"}],"replies":[{"embeddable":true,"href":"https:\/\/sites.usp.br\/ecomas\/wp-json\/wp\/v2\/comments?post=364"}],"version-history":[{"count":5,"href":"https:\/\/sites.usp.br\/ecomas\/wp-json\/wp\/v2\/pages\/364\/revisions"}],"predecessor-version":[{"id":376,"href":"https:\/\/sites.usp.br\/ecomas\/wp-json\/wp\/v2\/pages\/364\/revisions\/376"}],"wp:attachment":[{"href":"https:\/\/sites.usp.br\/ecomas\/wp-json\/wp\/v2\/media?parent=364"}],"curies":[{"name":"wp","href":"https:\/\/api.w.org\/{rel}","templated":true}]}}