{"id":1958,"date":"2021-03-12T17:46:55","date_gmt":"2021-03-12T20:46:55","guid":{"rendered":"https:\/\/sites.usp.br\/edtec\/?page_id=1958"},"modified":"2021-03-12T18:06:08","modified_gmt":"2021-03-12T21:06:08","slug":"normas","status":"publish","type":"page","link":"https:\/\/sites.usp.br\/edtec\/normas\/","title":{"rendered":"Normas"},"content":{"rendered":"<ul>\n<li dir=\"ltr\" aria-level=\"1\">\n<p dir=\"ltr\" role=\"presentation\">NBR ISO 2768-1_Toler\u00e2ncias Gerais<\/p>\n<\/li>\n<li dir=\"ltr\" aria-level=\"1\">\n<p dir=\"ltr\" role=\"presentation\">NBR ISO 2768-2_Toler\u00e2ncias Gerais<\/p>\n<\/li>\n<li dir=\"ltr\" aria-level=\"1\">\n<p dir=\"ltr\" role=\"presentation\">NBR 4287_Rugosidade das superf\u00edcies<\/p>\n<\/li>\n<li dir=\"ltr\" aria-level=\"1\">\n<p dir=\"ltr\" role=\"presentation\">NBR 5875_Parafusos-porcas e acess\u00f3rios<\/p>\n<\/li>\n<li dir=\"ltr\" aria-level=\"1\">\n<p dir=\"ltr\" role=\"presentation\">NBR 6158_Toler\u00e2ncias e ajustes<\/p>\n<\/li>\n<li dir=\"ltr\" aria-level=\"1\">\n<p dir=\"ltr\" role=\"presentation\">NBR 6174 TB 59_Defini\u00e7\u00f5es gerais de engrenagens<\/p>\n<\/li>\n<li dir=\"ltr\" aria-level=\"1\">\n<p dir=\"ltr\" role=\"presentation\">NBR 6409_Toler\u00e2ncias geom\u00e9tricas<\/p>\n<\/li>\n<li dir=\"ltr\" aria-level=\"1\">\n<p dir=\"ltr\" role=\"presentation\">NBR 6492_Representa\u00e7\u00e3o de projetos arquitetura<\/p>\n<\/li>\n<li dir=\"ltr\" aria-level=\"1\">\n<p dir=\"ltr\" role=\"presentation\">NBR 7165_S\u00edmbolos de solda.<\/p>\n<\/li>\n<li dir=\"ltr\" aria-level=\"1\">\n<p dir=\"ltr\" role=\"presentation\">NBR 8196_Emprego de Escalas<\/p>\n<\/li>\n<li dir=\"ltr\" aria-level=\"1\">\n<p dir=\"ltr\" role=\"presentation\">NBR 8402_Execu\u00e7\u00e3o de caracter para escrita em desenho t\u00e9cnico<\/p>\n<\/li>\n<li dir=\"ltr\" aria-level=\"1\">\n<p dir=\"ltr\" role=\"presentation\">NBR 8403_Tipos de linhas<\/p>\n<\/li>\n<li dir=\"ltr\" aria-level=\"1\">\n<p dir=\"ltr\" role=\"presentation\">NBR 8404_Indica\u00e7\u00e3o_do_estado_de superf\u00edcies em desenho t\u00e9cnico<\/p>\n<\/li>\n<li dir=\"ltr\" aria-level=\"1\">\n<p dir=\"ltr\" role=\"presentation\">NBR 8993_Representa\u00e7\u00e3o Convencional de Partes Roscadas em Desenhos T\u00e9cnicos<\/p>\n<\/li>\n<li dir=\"ltr\" aria-level=\"1\">\n<p dir=\"ltr\" role=\"presentation\">NBR 9580_Rebites<\/p>\n<\/li>\n<li dir=\"ltr\" aria-level=\"1\">\n<p dir=\"ltr\" role=\"presentation\">NBR 10067_Princ\u00edpios gerais em desenho t\u00e9cnico<\/p>\n<\/li>\n<li dir=\"ltr\" aria-level=\"1\">\n<p dir=\"ltr\" role=\"presentation\">NBR 10068_Folha de Desenho &#8211; Leiaute e Dimens\u00f5es<\/p>\n<\/li>\n<li dir=\"ltr\" aria-level=\"1\">\n<p dir=\"ltr\" role=\"presentation\">NBR 10126_Cotagem em Desenho T\u00e9cnico<\/p>\n<\/li>\n<li dir=\"ltr\" aria-level=\"1\">\n<p dir=\"ltr\" role=\"presentation\">NBR ISO 10209-2 \u2013 Documenta\u00e7\u00e3o t\u00e9cnica de produto &#8211; Vocabul\u00e1rio &#8211; Parte 2: Termos relativos aos m\u00e9todos de proje\u00e7\u00e3o<\/p>\n<\/li>\n<li dir=\"ltr\" aria-level=\"1\">\n<p dir=\"ltr\" role=\"presentation\">NBR 10582_Apresenta\u00e7\u00e3o da folha para desenho t\u00e9cnico<\/p>\n<\/li>\n<li dir=\"ltr\" aria-level=\"1\">\n<p dir=\"ltr\" role=\"presentation\">NBR 10647_Desenho T\u00e9cnico<\/p>\n<\/li>\n<li dir=\"ltr\" aria-level=\"1\">\n<p dir=\"ltr\" role=\"presentation\">NBR 11145_Molas<\/p>\n<\/li>\n<li dir=\"ltr\" aria-level=\"1\">\n<p dir=\"ltr\" role=\"presentation\">NBR 11534_Representa\u00e7\u00e3o de engrenagem em desenho t\u00e9cnico<\/p>\n<\/li>\n<li dir=\"ltr\" aria-level=\"1\">\n<p dir=\"ltr\" role=\"presentation\">NBR 12288_Representa\u00e7\u00e3o de furos de centro<\/p>\n<\/li>\n<li dir=\"ltr\" aria-level=\"1\">\n<p dir=\"ltr\" role=\"presentation\">NBR 12298_Representa\u00e7\u00e3o de \u00c1rea de Corte por Meio de Hachuras em Desenho T\u00e9cnico<\/p>\n<\/li>\n<li dir=\"ltr\" aria-level=\"1\">\n<p dir=\"ltr\" role=\"presentation\">NBR 13043_Soldagem-N\u00fameros e nomes de processos<\/p>\n<\/li>\n<li dir=\"ltr\" aria-level=\"1\">\n<p dir=\"ltr\" role=\"presentation\">NBR 13104_Representa\u00e7\u00e3o de entalhado<\/p>\n<\/li>\n<li dir=\"ltr\" aria-level=\"1\">\n<p dir=\"ltr\" role=\"presentation\">NBR 13142_Dobramento de C\u00f3pia<\/p>\n<\/li>\n<li dir=\"ltr\" aria-level=\"1\">\n<p dir=\"ltr\" role=\"presentation\">NBR 13272_Elabora\u00e7\u00e3o das listas de itens<\/p>\n<\/li>\n<li dir=\"ltr\" aria-level=\"1\">\n<p dir=\"ltr\" role=\"presentation\">NBR 13273_Desenho t\u00e9cnico \u2013 Refer\u00eancia a itens.<\/p>\n<\/li>\n<li dir=\"ltr\" aria-level=\"1\">\n<p dir=\"ltr\" role=\"presentation\">NBR 14611_Representa\u00e7\u00e3o de Estruturas Met\u00e1licas<\/p>\n<\/li>\n<li dir=\"ltr\" aria-level=\"1\">\n<p dir=\"ltr\" role=\"presentation\">NBR 14646_Toler\u00e2ncias geom\u00e9tricas<\/p>\n<\/li>\n<li dir=\"ltr\" aria-level=\"1\">\n<p dir=\"ltr\" role=\"presentation\">NBR 14699_Representa\u00e7\u00e3o De S\u00edmbolos em Toler\u00e2ncias Geom\u00e9tricas<\/p>\n<\/li>\n<li dir=\"ltr\" aria-level=\"1\">\n<p dir=\"ltr\" role=\"presentation\">NBR 14700_Representa\u00e7\u00e3o do local de medi\u00e7\u00e3o de dureza.<\/p>\n<\/li>\n<li dir=\"ltr\" aria-level=\"1\">\n<p dir=\"ltr\" role=\"presentation\">NBR 14957_Representa\u00e7\u00e3o de recartilhado.<\/p>\n<\/li>\n<\/ul>\n","protected":false},"excerpt":{"rendered":"<p>NBR ISO 2768-1_Toler\u00e2ncias Gerais NBR ISO 2768-2_Toler\u00e2ncias Gerais NBR 4287_Rugosidade das superf\u00edcies NBR 5875_Parafusos-porcas e acess\u00f3rios NBR 6158_Toler\u00e2ncias e ajustes &hellip; <\/p>\n<p class=\"link-more\"><a href=\"https:\/\/sites.usp.br\/edtec\/normas\/\" class=\"more-link\">Continue lendo<span class=\"screen-reader-text\"> &#8220;Normas&#8221;<\/span><\/a><\/p>\n","protected":false},"author":22003,"featured_media":0,"parent":0,"menu_order":0,"comment_status":"closed","ping_status":"closed","template":"","meta":{"_monsterinsights_skip_tracking":false,"_monsterinsights_sitenote_active":false,"_monsterinsights_sitenote_note":"","_monsterinsights_sitenote_category":0,"footnotes":"","_links_to":"","_links_to_target":""},"class_list":["post-1958","page","type-page","status-publish","hentry"],"_links":{"self":[{"href":"https:\/\/sites.usp.br\/edtec\/wp-json\/wp\/v2\/pages\/1958","targetHints":{"allow":["GET"]}}],"collection":[{"href":"https:\/\/sites.usp.br\/edtec\/wp-json\/wp\/v2\/pages"}],"about":[{"href":"https:\/\/sites.usp.br\/edtec\/wp-json\/wp\/v2\/types\/page"}],"author":[{"embeddable":true,"href":"https:\/\/sites.usp.br\/edtec\/wp-json\/wp\/v2\/users\/22003"}],"replies":[{"embeddable":true,"href":"https:\/\/sites.usp.br\/edtec\/wp-json\/wp\/v2\/comments?post=1958"}],"version-history":[{"count":2,"href":"https:\/\/sites.usp.br\/edtec\/wp-json\/wp\/v2\/pages\/1958\/revisions"}],"predecessor-version":[{"id":1963,"href":"https:\/\/sites.usp.br\/edtec\/wp-json\/wp\/v2\/pages\/1958\/revisions\/1963"}],"wp:attachment":[{"href":"https:\/\/sites.usp.br\/edtec\/wp-json\/wp\/v2\/media?parent=1958"}],"curies":[{"name":"wp","href":"https:\/\/api.w.org\/{rel}","templated":true}]}}