{"id":1445,"date":"2021-09-25T20:47:41","date_gmt":"2021-09-25T23:47:41","guid":{"rendered":"https:\/\/sites.usp.br\/educacaoemfronteiras\/?page_id=1445"},"modified":"2021-09-29T07:43:16","modified_gmt":"2021-09-29T10:43:16","slug":"membros-2","status":"publish","type":"page","link":"https:\/\/sites.usp.br\/educacaoemfronteiras\/membros-2\/","title":{"rendered":"Membros"},"content":{"rendered":"<h3 style=\"text-align: center;\">C\u00e1tedra de Educa\u00e7\u00e3o B\u00e1sica Alfredo Bosi<\/h3>\n<p>&nbsp;<\/p>\n<h4 style=\"text-align: center;\"><strong>PESQUISADORA COLABORADORA<\/strong><\/h4>\n<p style=\"text-align: center;\"><a href=\"https:\/\/bv.fapesp.br\/pt\/pesquisador\/672641\/ariadne-lopes-ecar\/\">Ariadne Lopes Ecar<\/a><\/p>\n<p style=\"text-align: center;\">Projeto: A Escola de Sa\u00fade e a inf\u00e2ncia paulista: cuidados e ensino ao ar livre (D\u00e9cada de 1930)<\/p>\n<p>&nbsp;<\/p>\n<h4 style=\"text-align: center;\"><strong>P\u00d3S-DOUTORANDAS<\/strong><\/h4>\n<p style=\"text-align: center;\"><a href=\"http:\/\/lattes.cnpq.br\/7159573898145572\">Julia Rany Campos Uzun<\/a><\/p>\n<p style=\"text-align: center;\">Projeto: Educando meninas, formando mulheres: a instru\u00e7\u00e3o feminina na Am\u00e9rica Latina sob a perspectiva transnacional (1890-1960)<\/p>\n<p>&nbsp;<\/p>\n<p style=\"text-align: center;\"><a href=\"http:\/\/lattes.cnpq.br\/9555830946160999\">Maria Ediney Ferreira da Silva<\/a><\/p>\n<p style=\"text-align: center;\">Projeto:\u00a0Por entre viagens e conex\u00f5es: a trajet\u00f3ria de maria Yedda Leite Linhares no pensar e fazer educa\u00e7\u00e3o<\/p>\n","protected":false},"excerpt":{"rendered":"<p>C\u00e1tedra de Educa\u00e7\u00e3o B\u00e1sica Alfredo Bosi &nbsp; PESQUISADORA COLABORADORA Ariadne Lopes Ecar Projeto: A Escola de Sa\u00fade e a inf\u00e2ncia paulista: cuidados e ensino ao ar livre (D\u00e9cada de 1930) &nbsp; P\u00d3S-DOUTORANDAS Julia Rany Campos Uzun Projeto: Educando meninas, formando mulheres: a instru\u00e7\u00e3o feminina na Am\u00e9rica Latina sob a perspectiva transnacional (1890-1960) &nbsp; Maria Ediney<a href=\"https:\/\/sites.usp.br\/educacaoemfronteiras\/membros-2\/\">[&#8230;]<\/a><\/p>\n","protected":false},"author":22153,"featured_media":0,"parent":0,"menu_order":0,"comment_status":"closed","ping_status":"closed","template":"","meta":{"footnotes":"","_links_to":"","_links_to_target":""},"categories":[],"tags":[],"class_list":["post-1445","page","type-page","status-publish","hentry"],"_links":{"self":[{"href":"https:\/\/sites.usp.br\/educacaoemfronteiras\/wp-json\/wp\/v2\/pages\/1445","targetHints":{"allow":["GET"]}}],"collection":[{"href":"https:\/\/sites.usp.br\/educacaoemfronteiras\/wp-json\/wp\/v2\/pages"}],"about":[{"href":"https:\/\/sites.usp.br\/educacaoemfronteiras\/wp-json\/wp\/v2\/types\/page"}],"author":[{"embeddable":true,"href":"https:\/\/sites.usp.br\/educacaoemfronteiras\/wp-json\/wp\/v2\/users\/22153"}],"replies":[{"embeddable":true,"href":"https:\/\/sites.usp.br\/educacaoemfronteiras\/wp-json\/wp\/v2\/comments?post=1445"}],"version-history":[{"count":3,"href":"https:\/\/sites.usp.br\/educacaoemfronteiras\/wp-json\/wp\/v2\/pages\/1445\/revisions"}],"predecessor-version":[{"id":1479,"href":"https:\/\/sites.usp.br\/educacaoemfronteiras\/wp-json\/wp\/v2\/pages\/1445\/revisions\/1479"}],"wp:attachment":[{"href":"https:\/\/sites.usp.br\/educacaoemfronteiras\/wp-json\/wp\/v2\/media?parent=1445"}],"wp:term":[{"taxonomy":"category","embeddable":true,"href":"https:\/\/sites.usp.br\/educacaoemfronteiras\/wp-json\/wp\/v2\/categories?post=1445"},{"taxonomy":"post_tag","embeddable":true,"href":"https:\/\/sites.usp.br\/educacaoemfronteiras\/wp-json\/wp\/v2\/tags?post=1445"}],"curies":[{"name":"wp","href":"https:\/\/api.w.org\/{rel}","templated":true}]}}