{"id":1528,"date":"2021-09-30T15:40:02","date_gmt":"2021-09-30T18:40:02","guid":{"rendered":"https:\/\/sites.usp.br\/educacaoemfronteiras\/?page_id=1528"},"modified":"2025-07-30T10:30:32","modified_gmt":"2025-07-30T13:30:32","slug":"pos-doutorado","status":"publish","type":"page","link":"https:\/\/sites.usp.br\/educacaoemfronteiras\/pos-doutorado\/","title":{"rendered":"P\u00f3s-doutorado"},"content":{"rendered":"<p style=\"text-align: center;\"><strong>P\u00f3s-doutorados<\/strong><\/p>\n<p style=\"text-align: center;\"><a href=\"https:\/\/bv.fapesp.br\/pt\/bolsas\/195104\/a-nef-no-circuito-sulamericano\/\">Franciele Ferreira Fran\u00e7a<\/a><\/p>\n<p style=\"text-align: center;\"><a href=\"https:\/\/bv.fapesp.br\/pt\/pesquisa\/buscador\/?q=carlota+boto&amp;q2=(*)%20AND%20((bolsa_exact:%22Bolsas%20no%20Brasil%22%20AND%20situacao_exact:%22Em%20andamento%22))\">Bruna Soares Polachini<\/a><\/p>\n<p style=\"text-align: center;\"><a href=\"https:\/\/bv.fapesp.br\/pt\/bolsas\/191038\/saberes-e-praticas-em-fronteiras-por-uma-historia-transnacional-da-educacao-1810-\/\" data-rich-text-format-boundary=\"true\">Renata Guedes Mour\u00e3o Macedo<\/a><\/p>\n<p style=\"text-align: center;\"><a href=\"https:\/\/bv.fapesp.br\/pt\/bolsas\/191042\/saberes-e-praticas-em-fronteiras-por-uma-historia-transnacional-da-educacao-1810-\/\" data-rich-text-format-boundary=\"true\">Julia Catani<\/a><\/p>\n<p style=\"text-align: center;\"><a href=\"https:\/\/bv.fapesp.br\/pt\/bolsas\/191090\/saberes-e-praticas-em-fronteiras-por-uma-historia-transnacional-da-educacao-1810-\/\" data-rich-text-format-boundary=\"true\">Carolina Mostaro Neves da Silva<\/a><\/p>\n<p style=\"text-align: center;\"><a href=\"https:\/\/bv.fapesp.br\/pt\/bolsas\/192651\/a-revista-the-new-era-1920-1930-producao-e-circulacao-de-saberes-sobre-a-educacao-nova-a-partir-da\/\">Vinicius Mon\u00e7\u00e3o<\/a><\/p>\n<p style=\"text-align: center;\"><a href=\"http:\/\/lattes.cnpq.br\/9728493727008558\">Rosemary Trabold Nicacio<\/a><\/p>\n<p style=\"text-align: center;\"><a href=\"https:\/\/bv.fapesp.br\/pt\/bolsas\/175681\/a-aritmetica-do-curso-primario-para-alfabetizar-analise-historica-das-dinamicas-de-producao-de-um-s\/\">Marcus Aldenisson de Oliveira<\/a><\/p>\n<p style=\"text-align: center;\"><a href=\"http:\/\/lattes.cnpq.br\/5705471852776970\">Jonatas Roque Ribeiro<\/a><\/p>\n<p style=\"text-align: center;\"><a href=\"http:\/\/lattes.cnpq.br\/8866766022973381\">\u00a0Renata Bri\u00e3o de Castro<\/a><\/p>\n","protected":false},"excerpt":{"rendered":"<p>P\u00f3s-doutorados Franciele Ferreira Fran\u00e7a Bruna Soares Polachini Renata Guedes Mour\u00e3o Macedo Julia Catani Carolina Mostaro Neves da Silva Vinicius Mon\u00e7\u00e3o Rosemary Trabold Nicacio Marcus Aldenisson de Oliveira Jonatas Roque Ribeiro \u00a0Renata Bri\u00e3o de Castro<\/p>\n","protected":false},"author":22153,"featured_media":0,"parent":0,"menu_order":0,"comment_status":"closed","ping_status":"closed","template":"","meta":{"footnotes":"","_links_to":"","_links_to_target":""},"categories":[],"tags":[],"class_list":["post-1528","page","type-page","status-publish","hentry"],"_links":{"self":[{"href":"https:\/\/sites.usp.br\/educacaoemfronteiras\/wp-json\/wp\/v2\/pages\/1528","targetHints":{"allow":["GET"]}}],"collection":[{"href":"https:\/\/sites.usp.br\/educacaoemfronteiras\/wp-json\/wp\/v2\/pages"}],"about":[{"href":"https:\/\/sites.usp.br\/educacaoemfronteiras\/wp-json\/wp\/v2\/types\/page"}],"author":[{"embeddable":true,"href":"https:\/\/sites.usp.br\/educacaoemfronteiras\/wp-json\/wp\/v2\/users\/22153"}],"replies":[{"embeddable":true,"href":"https:\/\/sites.usp.br\/educacaoemfronteiras\/wp-json\/wp\/v2\/comments?post=1528"}],"version-history":[{"count":4,"href":"https:\/\/sites.usp.br\/educacaoemfronteiras\/wp-json\/wp\/v2\/pages\/1528\/revisions"}],"predecessor-version":[{"id":1888,"href":"https:\/\/sites.usp.br\/educacaoemfronteiras\/wp-json\/wp\/v2\/pages\/1528\/revisions\/1888"}],"wp:attachment":[{"href":"https:\/\/sites.usp.br\/educacaoemfronteiras\/wp-json\/wp\/v2\/media?parent=1528"}],"wp:term":[{"taxonomy":"category","embeddable":true,"href":"https:\/\/sites.usp.br\/educacaoemfronteiras\/wp-json\/wp\/v2\/categories?post=1528"},{"taxonomy":"post_tag","embeddable":true,"href":"https:\/\/sites.usp.br\/educacaoemfronteiras\/wp-json\/wp\/v2\/tags?post=1528"}],"curies":[{"name":"wp","href":"https:\/\/api.w.org\/{rel}","templated":true}]}}