{"id":774,"date":"2021-10-22T09:09:20","date_gmt":"2021-10-22T12:09:20","guid":{"rendered":"https:\/\/sites.usp.br\/padrao8\/?page_id=774"},"modified":"2024-12-12T11:07:37","modified_gmt":"2024-12-12T14:07:37","slug":"sobre-pagina","status":"publish","type":"page","link":"https:\/\/sites.usp.br\/educomeclima\/sobre-pagina\/","title":{"rendered":"Sobre-p\u00e1gina"},"content":{"rendered":"\t\t<div data-elementor-type=\"wp-page\" data-elementor-id=\"774\" class=\"elementor elementor-774\" data-elementor-post-type=\"page\">\n\t\t\t\t\t\t<section class=\"elementor-section elementor-top-section elementor-element elementor-element-11cb049 elementor-section-boxed elementor-section-height-default elementor-section-height-default\" data-id=\"11cb049\" data-element_type=\"section\" data-settings=\"{&quot;background_background&quot;:&quot;classic&quot;}\">\n\t\t\t\t\t\t<div class=\"elementor-container elementor-column-gap-default\">\n\t\t\t\t\t<div class=\"elementor-column elementor-col-100 elementor-top-column elementor-element elementor-element-1f368b6\" data-id=\"1f368b6\" data-element_type=\"column\">\n\t\t\t<div class=\"elementor-widget-wrap elementor-element-populated\">\n\t\t\t\t\t\t<div class=\"elementor-element elementor-element-0150fe1 elementor-widget elementor-widget-heading\" data-id=\"0150fe1\" data-element_type=\"widget\" data-widget_type=\"heading.default\">\n\t\t\t\t<div class=\"elementor-widget-container\">\n\t\t\t<h2 class=\"elementor-heading-title elementor-size-default\">SOBRE<\/h2>\t\t<\/div>\n\t\t\t\t<\/div>\n\t\t\t\t<section class=\"elementor-section elementor-inner-section elementor-element elementor-element-170cc21 elementor-section-boxed elementor-section-height-default elementor-section-height-default\" data-id=\"170cc21\" data-element_type=\"section\">\n\t\t\t\t\t\t<div class=\"elementor-container elementor-column-gap-default\">\n\t\t\t\t\t<div class=\"elementor-column elementor-col-100 elementor-inner-column elementor-element elementor-element-9a45e30\" data-id=\"9a45e30\" data-element_type=\"column\">\n\t\t\t<div class=\"elementor-widget-wrap elementor-element-populated\">\n\t\t\t\t\t\t<div class=\"elementor-element elementor-element-b87e341 elementor-widget elementor-widget-image\" data-id=\"b87e341\" data-element_type=\"widget\" data-widget_type=\"image.default\">\n\t\t\t\t<div class=\"elementor-widget-container\">\n\t\t\t\t\t\t\t\t\t\t\t\t\t<img fetchpriority=\"high\" decoding=\"async\" width=\"500\" height=\"500\" src=\"https:\/\/sites.usp.br\/educomeclima\/wp-content\/uploads\/sites\/1554\/2024\/12\/Educom-Clima-3-1.png\" class=\"attachment-large size-large wp-image-2999\" alt=\"\" srcset=\"https:\/\/sites.usp.br\/educomeclima\/wp-content\/uploads\/sites\/1554\/2024\/12\/Educom-Clima-3-1.png 500w, https:\/\/sites.usp.br\/educomeclima\/wp-content\/uploads\/sites\/1554\/2024\/12\/Educom-Clima-3-1-300x300.png 300w, https:\/\/sites.usp.br\/educomeclima\/wp-content\/uploads\/sites\/1554\/2024\/12\/Educom-Clima-3-1-150x150.png 150w, https:\/\/sites.usp.br\/educomeclima\/wp-content\/uploads\/sites\/1554\/2024\/12\/Educom-Clima-3-1-45x45.png 45w, https:\/\/sites.usp.br\/educomeclima\/wp-content\/uploads\/sites\/1554\/2024\/12\/Educom-Clima-3-1-200x200.png 200w, https:\/\/sites.usp.br\/educomeclima\/wp-content\/uploads\/sites\/1554\/2024\/12\/Educom-Clima-3-1-400x400.png 400w\" sizes=\"(max-width: 500px) 100vw, 500px\" \/>\t\t\t\t\t\t\t\t\t\t\t\t\t<\/div>\n\t\t\t\t<\/div>\n\t\t\t\t<div class=\"elementor-element elementor-element-449abeb elementor-widget elementor-widget-text-editor\" data-id=\"449abeb\" data-element_type=\"widget\" data-widget_type=\"text-editor.default\">\n\t\t\t\t<div class=\"elementor-widget-container\">\n\t\t\t\t\t\t\t<p dir=\"ltr\" style=\"line-height: 1.7999999999999998; text-align: justify; margin-top: 0pt; margin-bottom: 8pt;\"><br><\/p>\n<p dir=\"ltr\" style=\"line-height: 1.7999999999999998; text-indent: 35.4pt; text-align: justify; margin-top: 0pt; margin-bottom: 8pt;\"><span style=\"font-size: 12pt; font-family: Arial,sans-serif; color: #000000; background-color: transparent; font-weight: 400; font-style: normal; font-variant: normal; text-decoration: none; vertical-align: baseline; white-space: pre-wrap;\">A emerg\u00eancia clim\u00e1tica j\u00e1 \u00e9 uma realidade que nos desafia no dia a dia, mas abord\u00e1-la em sala de aula \u00e9 um desafio que encontra obst\u00e1culos, como a falta de conhecimento sobre a emerg\u00eancia clim\u00e1tica entre educadores(as) e estudantes da Educa\u00e7\u00e3o B\u00e1sica no Brasil, o que dificulta a mobiliza\u00e7\u00e3o para a\u00e7\u00f5es de combate \u00e0s mudan\u00e7as clim\u00e1ticas e de constru\u00e7\u00e3o um futuro sustent\u00e1vel.<\/span><\/p>\n<p dir=\"ltr\" style=\"line-height: 1.7999999999999998; text-indent: 35.4pt; text-align: justify; margin-top: 0pt; margin-bottom: 8pt;\"><span style=\"font-size: 12pt; font-family: Arial,sans-serif; color: #000000; background-color: transparent; font-weight: 400; font-style: normal; font-variant: normal; text-decoration: none; vertical-align: baseline; white-space: pre-wrap;\">Para essa miss\u00e3o a educomunica\u00e7\u00e3o se apresenta como uma pr\u00e1tica inovadora, que parte do di\u00e1logo em uma abordagem que estimula o pensamento cr\u00edtico, a criatividade e a participa\u00e7\u00e3o ativa dos\/as estudantes na busca por solu\u00e7\u00f5es para a crise clim\u00e1tica.<\/span><\/p>\n<p dir=\"ltr\" style=\"line-height: 1.7999999999999998; text-indent: 35.4pt; text-align: justify; margin-top: 0pt; margin-bottom: 8pt;\"><span style=\"font-size: 12pt; font-family: Arial,sans-serif; color: #000000; background-color: transparent; font-weight: 400; font-style: normal; font-variant: normal; text-decoration: none; vertical-align: baseline; white-space: pre-wrap;\">O projeto \u201c<\/span><span style=\"font-size: 12pt; font-family: Arial,sans-serif; color: #000000; background-color: transparent; font-weight: bold; font-style: normal; font-variant: normal; text-decoration: none; vertical-align: baseline; white-space: pre-wrap;\">Como a Educomunica\u00e7\u00e3o pode ampliar e qualificar as pr\u00e1ticas de Educa\u00e7\u00e3o Ambiental Clim\u00e1tica na Educa\u00e7\u00e3o B\u00e1sica no Brasil?<\/span><span style=\"font-size: 12pt; font-family: Arial,sans-serif; color: #000000; background-color: transparent; font-weight: 400; font-style: normal; font-variant: normal; text-decoration: none; vertical-align: baseline; white-space: pre-wrap;\">\u201d que tem sido chamado de <\/span><span style=\"font-size: 12pt; font-family: Arial, sans-serif; color: #000000; background-color: transparent; font-style: normal; font-variant: normal; text-decoration: none; vertical-align: baseline; white-space: pre-wrap;\"><b>Educom &amp; Clima<\/b><\/span><span style=\"font-size: 12pt; font-family: Arial,sans-serif; color: #000000; background-color: transparent; font-weight: 400; font-style: normal; font-variant: normal; text-decoration: none; vertical-align: baseline; white-space: pre-wrap;\">, busca compreender como as pr\u00e1ticas educomunicativas podem melhorar a educa\u00e7\u00e3o clim\u00e1tica nas escolas, atrav\u00e9s dos seguintes objetivos:<\/span><\/p>\n<p dir=\"ltr\" style=\"line-height: 1.7999999999999998; text-align: justify; margin-top: 0pt; margin-bottom: 8pt;\"><span style=\"font-size: 12pt; font-family: Arial,sans-serif; color: #000000; background-color: transparent; font-weight: 400; font-style: normal; font-variant: normal; text-decoration: none; vertical-align: baseline; white-space: pre-wrap;\">&nbsp;&#8211; Identificar e analisar as iniciativas existentes que utilizam a educomunica\u00e7\u00e3o para o enfrentamento da emerg\u00eancia clim\u00e1tica;<\/span><\/p>\n<p dir=\"ltr\" style=\"line-height: 1.7999999999999998; text-align: justify; margin-top: 0pt; margin-bottom: 8pt;\"><span style=\"font-size: 12pt; font-family: Arial,sans-serif; color: #000000; background-color: transparent; font-weight: 400; font-style: normal; font-variant: normal; text-decoration: none; vertical-align: baseline; white-space: pre-wrap;\">&#8211; Desenvolver e testar uma metodologia que utilize a educomunica\u00e7\u00e3o para ensinar sobre mudan\u00e7as clim\u00e1ticas de forma eficaz junto a educadores\/as que est\u00e3o em contexto de sala de aula;<\/span><\/p>\n<p dir=\"ltr\" style=\"line-height: 1.7999999999999998; text-align: justify; margin-top: 0pt; margin-bottom: 8pt;\"><span style=\"font-size: 12pt; font-family: Arial,sans-serif; color: #000000; background-color: transparent; font-weight: 400; font-style: normal; font-variant: normal; text-decoration: none; vertical-align: baseline; white-space: pre-wrap;\">&#8211; Criar um curso para capacitar professores\/as e outros profissionais da educa\u00e7\u00e3o a utilizar essa metodologia.<\/span><\/p>\n<p dir=\"ltr\" style=\"line-height: 1.7999999999999998; text-align: justify; margin-top: 0pt; margin-bottom: 8pt;\"><span style=\"font-size: 12pt; font-family: Arial,sans-serif; color: #000000; background-color: transparent; font-weight: 400; font-style: normal; font-variant: normal; text-decoration: none; vertical-align: baseline; white-space: pre-wrap;\">&#8211; Disseminar o conhecimento e os resultados do projeto para a sociedade.<\/span><\/p>\n<p dir=\"ltr\" style=\"line-height: 1.7999999999999998; text-indent: 35.4pt; text-align: justify; margin-top: 0pt; margin-bottom: 8pt;\"><span style=\"font-size: 12pt; font-family: Arial,sans-serif; color: #000000; background-color: transparent; font-weight: 400; font-style: normal; font-variant: normal; text-decoration: none; vertical-align: baseline; white-space: pre-wrap;\">Est\u00e1 \u00e9 uma iniciativa do N\u00facleo de Comunica\u00e7\u00e3o e Educa\u00e7\u00e3o da Escola de Comunica\u00e7\u00f5es e Artes da Universidade de S\u00e3o Paulo-NCE\/ECA\/USP, em parceria com o Minist\u00e9rio do Meio Ambiente e Mudan\u00e7a do Clima-MMA, a Secretaria Municipal de Educa\u00e7\u00e3o de S\u00e3o Paulo -SME- SP, <\/span><span style=\"font-size: 12pt; font-family: Arial,sans-serif; color: #202124; background-color: #ffffff; font-weight: 400; font-style: normal; font-variant: normal; text-decoration: none; vertical-align: baseline; white-space: pre-wrap;\">o Programa Cemaden Educa\u00e7\u00e3o, o Movimento Escolas pelo Clima e a Articula\u00e7\u00e3o Nacional de Pol\u00edticas P\u00fablicas em Educa\u00e7\u00e3o Ambiental (Anppea), <\/span><span style=\"font-size: 12pt; font-family: Arial,sans-serif; color: #000000; background-color: transparent; font-weight: 400; font-style: normal; font-variant: normal; text-decoration: none; vertical-align: baseline; white-space: pre-wrap;\">apoiada pelo Programa de Pesquisa em Pol\u00edticas P\u00fablicas-PPPP da Funda\u00e7\u00e3o de Amparo \u00e0 Pesquisa do Estado de S\u00e3o Paulo (FAPESP). Uma colabora\u00e7\u00e3o que garante a participa\u00e7\u00e3o de especialistas em educa\u00e7\u00e3o, comunica\u00e7\u00e3o e pol\u00edticas p\u00fablicas, al\u00e9m de proporcionar a aplica\u00e7\u00e3o pr\u00e1tica da pesquisa em escolas da rede municipal.<\/span><\/p>\n<p dir=\"ltr\" style=\"line-height: 1.7999999999999998; text-indent: 35.4pt; text-align: justify; margin-top: 0pt; margin-bottom: 8pt;\"><span style=\"font-size: 12pt; font-family: Arial,sans-serif; color: #000000; background-color: transparent; font-weight: 400; font-style: normal; font-variant: normal; text-decoration: none; vertical-align: baseline; white-space: pre-wrap;\">Os produtos que ser\u00e3o gerados pelo projeto, como o banco de dados de iniciativas, a metodologia de ensino e o curso para educadores\/as, ser\u00e3o disponibilizados gratuitamente e em formatos abertos para o p\u00fablico, contribuindo para a expans\u00e3o da Educa\u00e7\u00e3o Ambiental Clim\u00e1tica no Brasil.<\/span><\/p>\n<p dir=\"ltr\" style=\"line-height: 1.7999999999999998; text-indent: 35.4pt; text-align: justify; margin-top: 0pt; margin-bottom: 8pt;\"><span style=\"font-size: 12pt; font-family: Arial,sans-serif; color: #000000; background-color: transparent; font-weight: 400; font-style: normal; font-variant: normal; text-decoration: none; vertical-align: baseline; white-space: pre-wrap;\">As pr\u00e1ticas educomunicativas podem contribuir para que as comunidades escolares assimilem o conhecimento sobre a emerg\u00eancia clim\u00e1tica de forma cr\u00edtica e criativa, promovendo a\u00e7\u00f5es locais, com condi\u00e7\u00f5es para participar de forma ativa do enfrentamento \u00e0 emerg\u00eancia clim\u00e1tica e para a constru\u00e7\u00e3o de um mundo mais justo e resiliente.<\/span><\/p>\t\t\t\t\t\t<\/div>\n\t\t\t\t<\/div>\n\t\t\t\t\t<\/div>\n\t\t<\/div>\n\t\t\t\t\t<\/div>\n\t\t<\/section>\n\t\t\t\t\t<\/div>\n\t\t<\/div>\n\t\t\t\t\t<\/div>\n\t\t<\/section>\n\t\t\t\t<\/div>\n\t\t","protected":false},"excerpt":{"rendered":"<p>SOBRE A emerg\u00eancia clim\u00e1tica j\u00e1 \u00e9 uma realidade que nos desafia no dia a dia, mas abord\u00e1-la em sala de aula \u00e9 um desafio que encontra obst\u00e1culos, como a falta de conhecimento sobre a emerg\u00eancia clim\u00e1tica entre educadores(as) e estudantes da Educa\u00e7\u00e3o B\u00e1sica no Brasil, o que dificulta a mobiliza\u00e7\u00e3o para a\u00e7\u00f5es de combate \u00e0s [&hellip;]<\/p>\n","protected":false},"author":22641,"featured_media":0,"parent":0,"menu_order":0,"comment_status":"closed","ping_status":"closed","template":"","meta":{"_monsterinsights_skip_tracking":false,"_monsterinsights_sitenote_active":false,"_monsterinsights_sitenote_note":"","_monsterinsights_sitenote_category":0,"footnotes":"","_links_to":"","_links_to_target":""},"class_list":["post-774","page","type-page","status-publish","hentry","entry"],"_links":{"self":[{"href":"https:\/\/sites.usp.br\/educomeclima\/wp-json\/wp\/v2\/pages\/774","targetHints":{"allow":["GET"]}}],"collection":[{"href":"https:\/\/sites.usp.br\/educomeclima\/wp-json\/wp\/v2\/pages"}],"about":[{"href":"https:\/\/sites.usp.br\/educomeclima\/wp-json\/wp\/v2\/types\/page"}],"author":[{"embeddable":true,"href":"https:\/\/sites.usp.br\/educomeclima\/wp-json\/wp\/v2\/users\/22641"}],"replies":[{"embeddable":true,"href":"https:\/\/sites.usp.br\/educomeclima\/wp-json\/wp\/v2\/comments?post=774"}],"version-history":[{"count":4,"href":"https:\/\/sites.usp.br\/educomeclima\/wp-json\/wp\/v2\/pages\/774\/revisions"}],"predecessor-version":[{"id":3008,"href":"https:\/\/sites.usp.br\/educomeclima\/wp-json\/wp\/v2\/pages\/774\/revisions\/3008"}],"wp:attachment":[{"href":"https:\/\/sites.usp.br\/educomeclima\/wp-json\/wp\/v2\/media?parent=774"}],"curies":[{"name":"wp","href":"https:\/\/api.w.org\/{rel}","templated":true}]}}