{"id":355,"date":"2023-05-29T10:14:11","date_gmt":"2023-05-29T13:14:11","guid":{"rendered":"https:\/\/sites.usp.br\/eec\/?page_id=355"},"modified":"2025-07-30T08:50:14","modified_gmt":"2025-07-30T11:50:14","slug":"normas-para-submissao-de-resumos","status":"publish","type":"page","link":"https:\/\/sites.usp.br\/eec\/v-eec\/normas-para-submissao-de-resumos\/","title":{"rendered":"Normas para Submiss\u00e3o de Resumos"},"content":{"rendered":"<p>Para o V EEC poder\u00e3o ser apresentados trabalhos que tenham como tema o Ensino de Ci\u00eancias da Natureza, em uma das seguintes categorias:<\/p>\n<p><strong>Relato de pesquisa:<\/strong> apresenta\u00e7\u00e3o de pesquisa, finalizada ou em andamento, baseada em referenciais te\u00f3ricos.<br \/>\nO resumo deve conter: justificativa, quest\u00e3o de pesquisa\/objetivo, an\u00e1lise de dados, discuss\u00e3o de resultados, conclus\u00f5es e refer\u00eancias citadas no texto.<\/p>\n<p><strong>Relato de experi\u00eancia:<\/strong> descri\u00e7\u00e3o de uma experi\u00eancia pedag\u00f3gica, com embasamento na literatura, realizada em espa\u00e7os de educa\u00e7\u00e3o formal ou n\u00e3o formal.<br \/>\nO resumo deve conter: contexto, objetivo, desenvolvimento, reflex\u00e3o\\considera\u00e7\u00f5es, refer\u00eancias citadas no texto.<\/p>\n<p><strong>Material did\u00e1tico:<\/strong> Apresenta\u00e7\u00e3o de jogos, m\u00eddias, cartilhas, entre outros, desenvolvidos pelos autores.<br \/>\nO resumo deve conter: contexto, objetivo, descri\u00e7\u00e3o, avalia\u00e7\u00e3o da aplica\u00e7\u00e3o, refer\u00eancias citadas no texto.<\/p>\n<p>Ser\u00e3o aceitos trabalhos de no <strong>m\u00e1ximo tr\u00eas autores<\/strong>, sendo que o autor apresentador dever\u00e1 submeter o resumo e, posteriormente, <strong>se inscrever no V EEC<\/strong>. Nenhum participante poder\u00e1 ser o autor apresentador de mais de um trabalho, mas poder\u00e1 ser coautor de outros.<br \/>\nOs resumos dos trabalhos dever\u00e3o ser enviados, por meio de formul\u00e1rio pr\u00f3prio, no per\u00edodo de <strong>01 a 27 de julho de 2025.<br \/>\n<\/strong><\/p>\n<p>Todos os trabalhos ser\u00e3o apresentados na <a href=\"https:\/\/sites.usp.br\/eec\/normas-para-elaboracao-dos-posteres\/\" target=\"_blank\" rel=\"noopener\">forma de p\u00f4ster.<\/a><\/p>\n<h3>Etapas para submiss\u00e3o<\/h3>\n<ol>\n<li style=\"list-style-type: none;\">\n<ol>\n<li style=\"font-weight: 400;\" aria-level=\"1\"><span style=\"font-weight: 400;\">Acesse o formul\u00e1rio <!--(dispon\u00edvel <a href=\"http:\/\/200.144.245.213\/FormResumo.html\">aqui<\/a>)--> e identifique a modalidade do trabalho que ser\u00e1 enviado.<br \/>\n<\/span><\/li>\n<li style=\"font-weight: 400;\" aria-level=\"1\">Acrescente as informa\u00e7\u00f5es do trabalho em seus respectivos campos.<br \/>\nATEN\u00c7\u00c3O: a <strong>soma total dos caracteres<\/strong> n\u00e3o poder\u00e1 ultrapassar <strong>11 mil caracteres com espa\u00e7os para o texto e 150 caracteres com espa\u00e7os para o t\u00edtulo.<\/strong><br \/>\nPara inser\u00e7\u00e3o do resumo no formul\u00e1rio ser\u00e3o consideradas <strong>apenas as seguintes formata\u00e7\u00f5es<\/strong>:<\/p>\n<ul>\n<li><strong>It\u00e1lico<\/strong>. Coloque o texto entre asteriscos: *palavra* \u2192 <em>palavra<\/em><\/li>\n<li>Para realizar a <strong>mudan\u00e7a de par\u00e1grafo<\/strong>, deixe uma linha em branco. Mudan\u00e7as de linha sem pelo menos uma linha em branco ser\u00e3o ignoradas.<\/li>\n<li><strong>Listas<\/strong> podem ser criadas iniciando cada linha com um h\u00edfen seguido de um espa\u00e7o.\n<div style=\"vertical-align: middle;\">\n<div style=\"display: inline-block;\">Se voc\u00ea fizer: <\/div>\n<div style=\"display: inline-block; width: 10em; border: 1px dotted;\">&#8211; item 1<br \/>&#8211; item 2<br \/>&#8211; item 3<\/div>\n<div style=\"display: inline-block; width: 10em; text-align: center;\">vai obter \u2192<\/div>\n<div style=\"display: inline-block; width: 10em; border: 1px dotted;\">\n<ul>\n<li>item 1<\/li>\n<li>item 2<\/li>\n<li>item 3<\/li>\n<\/ul>\n<\/div><\/div>\n<div>Sempre deixe uma linha em branco antes de iniciar a lista.<\/div>\n<\/li>\n<li>Todas as formas de espa\u00e7amento, tabula\u00e7\u00f5es e mudan\u00e7as de linha s\u00e3o ignoradas na formata\u00e7\u00e3o final dos anais.<\/li>\n<\/ul>\n<\/li>\n<li>A submiss\u00e3o do trabalho est\u00e1 condicionada \u00e0 confirma\u00e7\u00e3o do e-mail do apresentador.<\/li>\n<li><span style=\"font-weight: 400;\">Siga as normas ABNT para redigir as refer\u00eancias <strong>citadas no texto<\/strong>. Para exemplos, sugerimos <strong><a href=\"https:\/\/www.marilia.unesp.br\/#!\/laboratorio-editorial\/procedimentos-publicacoes\/normas-da-abnt--citacoes-e-referencias\" target=\"_blank\" rel=\"noopener\">consultar aqui<\/a><\/strong>.<\/span><\/li>\n<\/ol>\n<p><span style=\"font-weight: 400;\">Os trabalhos submetidos ser\u00e3o avaliados pela Comiss\u00e3o Cient\u00edfica e aqueles aceitos ser\u00e3o divulgados na p\u00e1gina do<\/span><a href=\"https:\/\/sites.usp.br\/eec\/resumos-aceitos\/\"> <span style=\"font-weight: 400;\">V EEC<\/span><\/a><span style=\"font-weight: 400;\"> no <\/span><b>dia 8 de agosto de 2025<\/b><span style=\"font-weight: 400;\">.<\/span><\/p>\n<p><span style=\"font-weight: 400;\">Apenas os trabalhos apresentados no dia do evento ter\u00e3o seus resumos publicados no livro &#8220;Anais do V Encontro de Educadores em Ci\u00eancias&#8221;, que ficar\u00e1 dispon\u00edvel na <\/span><a href=\"https:\/\/cdcc.usp.br\/eec\/\" target=\"_blank\" rel=\"noopener\">p\u00e1gina do CDCC<\/a>.<\/li>\n<\/ol>\n","protected":false},"excerpt":{"rendered":"<p>Para o V EEC poder\u00e3o ser apresentados trabalhos que tenham como tema o Ensino de Ci\u00eancias da Natureza, em uma das seguintes categorias: Relato de pesquisa: apresenta\u00e7\u00e3o de pesquisa, finalizada ou em andamento, baseada em referenciais te\u00f3ricos. O resumo deve conter: justificativa, quest\u00e3o de pesquisa\/objetivo, an\u00e1lise de dados, discuss\u00e3o de resultados, conclus\u00f5es e refer\u00eancias citadas<a href=\"https:\/\/sites.usp.br\/eec\/v-eec\/normas-para-submissao-de-resumos\/\">[&#8230;]<\/a><\/p>\n","protected":false},"author":971,"featured_media":0,"parent":1235,"menu_order":0,"comment_status":"closed","ping_status":"closed","template":"","meta":{"_monsterinsights_skip_tracking":false,"_monsterinsights_sitenote_active":false,"_monsterinsights_sitenote_note":"","_monsterinsights_sitenote_category":0,"footnotes":"","_links_to":"","_links_to_target":""},"class_list":["post-355","page","type-page","status-publish","hentry"],"_links":{"self":[{"href":"https:\/\/sites.usp.br\/eec\/wp-json\/wp\/v2\/pages\/355","targetHints":{"allow":["GET"]}}],"collection":[{"href":"https:\/\/sites.usp.br\/eec\/wp-json\/wp\/v2\/pages"}],"about":[{"href":"https:\/\/sites.usp.br\/eec\/wp-json\/wp\/v2\/types\/page"}],"author":[{"embeddable":true,"href":"https:\/\/sites.usp.br\/eec\/wp-json\/wp\/v2\/users\/971"}],"replies":[{"embeddable":true,"href":"https:\/\/sites.usp.br\/eec\/wp-json\/wp\/v2\/comments?post=355"}],"version-history":[{"count":4,"href":"https:\/\/sites.usp.br\/eec\/wp-json\/wp\/v2\/pages\/355\/revisions"}],"predecessor-version":[{"id":1315,"href":"https:\/\/sites.usp.br\/eec\/wp-json\/wp\/v2\/pages\/355\/revisions\/1315"}],"up":[{"embeddable":true,"href":"https:\/\/sites.usp.br\/eec\/wp-json\/wp\/v2\/pages\/1235"}],"wp:attachment":[{"href":"https:\/\/sites.usp.br\/eec\/wp-json\/wp\/v2\/media?parent=355"}],"curies":[{"name":"wp","href":"https:\/\/api.w.org\/{rel}","templated":true}]}}