{"id":902,"date":"2019-07-10T09:05:03","date_gmt":"2019-07-10T12:05:03","guid":{"rendered":"https:\/\/sites.usp.br\/eec\/?page_id=902"},"modified":"2025-07-07T15:45:18","modified_gmt":"2025-07-07T18:45:18","slug":"palestra-de-abertura","status":"publish","type":"page","link":"https:\/\/sites.usp.br\/eec\/v-eec\/palestra-de-abertura\/","title":{"rendered":"Palestra de abertura"},"content":{"rendered":"<p style=\"text-align: center;\"><strong>Mindfulness na Educa\u00e7\u00e3o<\/strong><\/p>\n<p>Prof. Dr. Marcelo Demarzo<\/p>\n<p>(Instrutor s\u00eanior de Mindfulness e Compaix\u00e3o, M\u00e9dico de Fam\u00edlia e Pesquisador, com \u00eanfase em promo\u00e7\u00e3o da sa\u00fade f\u00edsica e mental, Professor Livre-Docente na Escola Paulista de Medicina-UNIFESP)<\/p>\n<p>A palestra ir\u00e1 promover reflex\u00f5es e pr\u00e1ticas que contribuam para o desenvolvimento de ambientes educacionais mais conscientes e estimulantes.<br \/>\n<!--<strong>Palestra de Abertura do IV EEC<\/strong>\n\n<strong>\"Cyberbullying de alunos contra professores: o fen\u00f4meno das agress\u00f5es a docentes na era da cultura digital\"<\/strong>\n\nProf. Dr. Ant\u00f4nio A.S.Zuin\n\nProfessor-titular do Dep. de Educa\u00e7\u00e3o da UFSCar. Coordenador do Grupo de Pesquisa: Teoria Cr\u00edtica e Educa\u00e7\u00e3o e Bolsista Pesquisador CNPq 1A. \u00c1rea de pesquisa: Rela\u00e7\u00f5es professor-aluno na cultura digital.\n\n<a href=\"http:\/\/lattes.cnpq.br\/5543562307373287\"><span style=\"font-weight: 400;\"> Curr\u00edculo Lattes<\/span><\/a>\n\n--><\/p>\n","protected":false},"excerpt":{"rendered":"<p>Mindfulness na Educa\u00e7\u00e3o Prof. Dr. Marcelo Demarzo (Instrutor s\u00eanior de Mindfulness e Compaix\u00e3o, M\u00e9dico de Fam\u00edlia e Pesquisador, com \u00eanfase em promo\u00e7\u00e3o da sa\u00fade f\u00edsica e mental, Professor Livre-Docente na Escola Paulista de Medicina-UNIFESP) A palestra ir\u00e1 promover reflex\u00f5es e pr\u00e1ticas que contribuam para o desenvolvimento de ambientes educacionais mais conscientes e estimulantes.<\/p>\n","protected":false},"author":971,"featured_media":0,"parent":1235,"menu_order":0,"comment_status":"closed","ping_status":"closed","template":"","meta":{"_monsterinsights_skip_tracking":false,"_monsterinsights_sitenote_active":false,"_monsterinsights_sitenote_note":"","_monsterinsights_sitenote_category":0,"footnotes":"","_links_to":"","_links_to_target":""},"class_list":["post-902","page","type-page","status-publish","hentry"],"_links":{"self":[{"href":"https:\/\/sites.usp.br\/eec\/wp-json\/wp\/v2\/pages\/902","targetHints":{"allow":["GET"]}}],"collection":[{"href":"https:\/\/sites.usp.br\/eec\/wp-json\/wp\/v2\/pages"}],"about":[{"href":"https:\/\/sites.usp.br\/eec\/wp-json\/wp\/v2\/types\/page"}],"author":[{"embeddable":true,"href":"https:\/\/sites.usp.br\/eec\/wp-json\/wp\/v2\/users\/971"}],"replies":[{"embeddable":true,"href":"https:\/\/sites.usp.br\/eec\/wp-json\/wp\/v2\/comments?post=902"}],"version-history":[{"count":4,"href":"https:\/\/sites.usp.br\/eec\/wp-json\/wp\/v2\/pages\/902\/revisions"}],"predecessor-version":[{"id":1307,"href":"https:\/\/sites.usp.br\/eec\/wp-json\/wp\/v2\/pages\/902\/revisions\/1307"}],"up":[{"embeddable":true,"href":"https:\/\/sites.usp.br\/eec\/wp-json\/wp\/v2\/pages\/1235"}],"wp:attachment":[{"href":"https:\/\/sites.usp.br\/eec\/wp-json\/wp\/v2\/media?parent=902"}],"curies":[{"name":"wp","href":"https:\/\/api.w.org\/{rel}","templated":true}]}}