{"id":1098,"date":"2025-05-16T17:33:24","date_gmt":"2025-05-16T19:33:24","guid":{"rendered":"https:\/\/sites.usp.br\/emme\/?page_id=1098"},"modified":"2025-10-14T20:26:53","modified_gmt":"2025-10-14T22:26:53","slug":"cronograma","status":"publish","type":"page","link":"https:\/\/sites.usp.br\/emme\/cronograma\/","title":{"rendered":"Cronograma"},"content":{"rendered":"\t\t<div data-elementor-type=\"wp-page\" data-elementor-id=\"1098\" class=\"elementor elementor-1098\" data-elementor-post-type=\"page\">\n\t\t\t\t<div class=\"elementor-element elementor-element-a5d572d e-flex e-con-boxed e-con e-parent\" data-id=\"a5d572d\" data-element_type=\"container\">\n\t\t\t\t\t<div class=\"e-con-inner\">\n\t\t\t\t<div class=\"elementor-element elementor-element-3b86873 elementor-widget elementor-widget-text-editor\" data-id=\"3b86873\" data-element_type=\"widget\" data-widget_type=\"text-editor.default\">\n\t\t\t\t<div class=\"elementor-widget-container\">\n\t\t\t\t\t\t\t<p>CRONOGRAMA<\/p>\t\t\t\t\t\t<\/div>\n\t\t\t\t<\/div>\n\t\t\t\t<div class=\"elementor-element elementor-element-04e47c6 elementor-widget elementor-widget-text-editor\" data-id=\"04e47c6\" data-element_type=\"widget\" data-widget_type=\"text-editor.default\">\n\t\t\t\t<div class=\"elementor-widget-container\">\n\t\t\t\t\t\t\t<p>SEMANA INICIAL &#8211; ATIVIDADES ONLINE DOS GRUPOS<br \/>06 a 14 de outubro<\/p>\t\t\t\t\t\t<\/div>\n\t\t\t\t<\/div>\n\t\t\t\t<div class=\"elementor-element elementor-element-cea0d08 elementor-widget elementor-widget-text-editor\" data-id=\"cea0d08\" data-element_type=\"widget\" data-widget_type=\"text-editor.default\">\n\t\t\t\t<div class=\"elementor-widget-container\">\n\t\t\t\t\t\t\t<p><strong>06 de outubro \u00e0s 8h<\/strong> \u2013 sess\u00e3o online de boas vindas, com orienta\u00e7\u00f5es e divis\u00e3o dos grupos de atividades. (Em breve link do Meet)<\/p><p><strong>07 a 14 de outubro<\/strong> \u2013 os grupos se reunir\u00e3o virtualmente para discutir artigos cient\u00edficos e aprofundar seus temas. O foco ser\u00e1 desenvolver habilidades de leitura cr\u00edtica, an\u00e1lise e s\u00edntese de modelos matem\u00e1ticos aplicados \u00e0 epidemiologia. Cada grupo ser\u00e1 acompanhado por monitores, que atuar\u00e3o como facilitadores das discuss\u00f5es e orientadores na prepara\u00e7\u00e3o das apresenta\u00e7\u00f5es. (O hor\u00e1rio ser\u00e1 agendado na reuni\u00e3o de boas vindas)<\/p>\t\t\t\t\t\t<\/div>\n\t\t\t\t<\/div>\n\t\t\t\t<div class=\"elementor-element elementor-element-3663bef elementor-widget elementor-widget-text-editor\" data-id=\"3663bef\" data-element_type=\"widget\" data-widget_type=\"text-editor.default\">\n\t\t\t\t<div class=\"elementor-widget-container\">\n\t\t\t\t\t\t\t<p>ENCONTRO PRESENCIAL DOS GRUPOS &#8211; ICB<br \/>15 de outubro<\/p>\t\t\t\t\t\t<\/div>\n\t\t\t\t<\/div>\n\t\t\t\t<div class=\"elementor-element elementor-element-f5a726d elementor-widget elementor-widget-text-editor\" data-id=\"f5a726d\" data-element_type=\"widget\" data-widget_type=\"text-editor.default\">\n\t\t\t\t<div class=\"elementor-widget-container\">\n\t\t\t\t\t\t\t<p><b>Quarta-feira &#8211; 15 de outubro de 2025<\/b><\/p><p><b>Local: Anfiteatro Samuel Pessoa, Departamento de Parasitologia, ICB-USP (<a href=\"https:\/\/sites.usp.br\/emme\/contato\/\">ver endere\u00e7o<\/a>)<\/b><\/p><p><span style=\"font-weight: 400;\">09h00 &#8211; 09h30: Abertura do evento<\/span><\/p><p><span style=\"font-weight: 400;\">09h30 &#8211; 12h00: Sess\u00e3o de trabalhos em grupos (discuss\u00e3o e an\u00e1lise dos artigos)<\/span><\/p><p><span style=\"font-weight: 400;\">12h00 &#8211; 14h00: Intervalo para almo\u00e7o<\/span><\/p><p><span style=\"font-weight: 400;\">14h00 &#8211; 15h30: Continua\u00e7\u00e3o dos trabalhos em grupos<\/span><\/p><p><span style=\"font-weight: 400;\">15h30 &#8211; 16h00: Coffee-break e networking<\/span><\/p><p><span style=\"font-weight: 400;\">16h00 &#8211; 18h00: Sess\u00e3o final de trabalhos em grupos (fechamento das discuss\u00f5es e prepara\u00e7\u00e3o das apresenta\u00e7\u00f5es)<\/span><\/p>\t\t\t\t\t\t<\/div>\n\t\t\t\t<\/div>\n\t\t\t\t<div class=\"elementor-element elementor-element-7dba957 elementor-widget elementor-widget-text-editor\" data-id=\"7dba957\" data-element_type=\"widget\" data-widget_type=\"text-editor.default\">\n\t\t\t\t<div class=\"elementor-widget-container\">\n\t\t\t\t\t\t\t<p>PALESTRAS E APRESENTA\u00c7\u00d5ES &#8211; IME<br>16 e 17 de outubro<\/p>\t\t\t\t\t\t<\/div>\n\t\t\t\t<\/div>\n\t\t\t\t<div class=\"elementor-element elementor-element-c51f2d2 elementor-widget elementor-widget-text-editor\" data-id=\"c51f2d2\" data-element_type=\"widget\" data-widget_type=\"text-editor.default\">\n\t\t\t\t<div class=\"elementor-widget-container\">\n\t\t\t\t\t\t\t<p><span style=\"font-weight: bold; font-family: Roboto, sans-serif; font-style: normal;\">Quinta-feira &#8211; 16 de outubro de 2025<\/span><\/p><p><b style=\"font-family: inherit; font-style: inherit;\">Local: \u00a0Audit\u00f3rio Jacy Monteiro &#8211; Bloco B &#8211; IME &#8211; USP (<a href=\"https:\/\/sites.usp.br\/emme\/contato\/\">ver endere\u00e7o<\/a>)<\/b><\/p><p><span style=\"font-weight: 400;\">08h15 &#8211; 08h30: Boas vindas<\/span><\/p><p><span style=\"font-weight: 400;\">08h30 &#8211; 10h00: Palestra 1 &#8211; <\/span><i><span style=\"font-weight: 400;\">Epidemiologia <\/span><\/i><span style=\"font-weight: 400;\">&#8211; Eliseu Waldman (FSP-USP)<\/span><\/p><p><span style=\"font-weight: 400;\">10h00 &#8211; 10h30: Coffee-break<\/span><\/p><p><span style=\"font-weight: 400;\">10h30 &#8211; 12h00: Palestra 2 &#8211; <\/span><i><span style=\"font-weight: 400;\">M\u00e9todos estat\u00edsticos em epidemiologia <\/span><\/i><span style=\"font-weight: 400;\">&#8211; Antonio Lima (IME-USP)<\/span><\/p><p><span style=\"font-weight: 400;\">12h00 &#8211; 14h00: Intervalo para almo\u00e7o<\/span><\/p><p><span style=\"font-weight: 400;\">14h00 &#8211; 15h30: Palestra 3 &#8211; <\/span><i><span style=\"font-weight: 400;\">Modelos de transmiss\u00e3o de doen\u00e7as infecciosas <\/span><\/i><span style=\"font-weight: 400;\">&#8211; Roberto Kraenkel (IFT-UNESP)<\/span><\/p><p><span style=\"font-weight: 400;\">15h30 &#8211; 16h00: Coffee-break<\/span><\/p><p><span style=\"font-weight: 400;\">16h00 &#8211; 17h30: Palestra 4 &#8211; <i>Modelagem de epidemias em redes complexas: uma abordagem via aprendizado de m\u00e1quina<\/i><\/span><i><span style=\"font-weight: 400;\">\u00a0<\/span><\/i><span style=\"font-weight: 400;\">&#8211; Francisco Rodrigues (ICMC-USP)<\/span><\/p><p><span style=\"font-weight: 400;\">17h30 &#8211; 18h30: Roda de conversa &#8211; Cl\u00e1udia Ferreira (IBB &#8211; UNESP)<\/span><span style=\"font-weight: 400;\">\u00a0\u00a0<\/span><\/p><p><span style=\"font-weight: 400;\">18h30 &#8211; 19h00: Homenagem a Sergio Oliva &#8211; Cl\u00e1udia Peixoto (IME-USP)<\/span><\/p><p><b>Sexta-feira &#8211; 17 de outubro de 2025<\/b><\/p><p><b>Local: Audit\u00f3rio Jacy Monteiro &#8211; Bloco B &#8211; IME -USP (<a href=\"https:\/\/sites.usp.br\/emme\/contato\/\">ver endere\u00e7o<\/a>)<\/b><\/p><p><span style=\"font-weight: 400;\">08h30 &#8211; 10h00: Palestra 5 &#8211; <\/span><i><span style=\"font-weight: 400;\">Controle \u00f3timo aplicado em epidemiologia <\/span><\/i><span style=\"font-weight: 400;\">&#8211; Vitor Nascimento (Poli-USP)<\/span><\/p><p><span style=\"font-weight: 400;\">10h00 &#8211; 10h30: Coffee-break<\/span><\/p><p><span style=\"font-weight: 400;\">10h30 &#8211; 12h00: Palestra 6 &#8211; <\/span><i><span style=\"font-weight: 400;\">Modelagem de interven\u00e7\u00f5es em sa\u00fade p\u00fablica<\/span><\/i><span style=\"font-weight: 400;\"> &#8211; Ricardo \u00c1guas (Oxford)<\/span><\/p><p><span style=\"font-weight: 400;\">12h00 &#8211; 14h00: Intervalo para almo\u00e7o<\/span><\/p><p><span style=\"font-weight: 400;\">14h00 &#8211; 15h30: Apresenta\u00e7\u00f5es dos grupos de estudo\u00a0<\/span><\/p><p><span style=\"font-weight: 400;\">15h30 &#8211; 16h00: Coffee-break<\/span><\/p><p><span style=\"font-weight: 400;\">16h00 &#8211; 17h00: Finaliza\u00e7\u00e3o das apresenta\u00e7\u00f5es dos grupos de estudo\u00a0<\/span><\/p><p><span style=\"font-weight: 400;\">17h00 &#8211; 17h30: Divulga\u00e7\u00e3o de oportunidades\u00a0<\/span><\/p><p><span style=\"font-weight: 400;\">19h00 &#8211;\u00a0 Confraterniza\u00e7\u00e3o &#8211;\u00a0 Quintal do Espeto &#8211; <strong>Unidade Lapa<\/strong> \u00a0<\/span>\ud83c\udf89<\/p><p>\u00a0 \u00a0 \u00a0 \u00a0 \u00a0 \u00a0 \u00a0 \u00a0<a href=\"https:\/\/forms.gle\/qjttM93BHpWvoRJE9\">Confirma\u00e7\u00e3o<\/a> at\u00e9 <strong>08\/10<\/strong><\/p><p>\u00a0 \u00a0 \u00a0 \u00a0 \u00a0 \u00a0 \u00a0 \u00a0<a href=\"https:\/\/menu.getinapp.com.br\/pt-br\/VPzz2DPQ\/menus\/VknGoVPO\">Card\u00e1pio<\/a><\/p><p>\u00a0 \u00a0 \u00a0 \u00a0 \u00a0 \u00a0 \u00a0 \u00a0<a href=\"https:\/\/www.google.com\/maps\/place\/Quintal+do+Espeto+Alto+da+Lapa\/@-23.5330251,-46.7204734,17z\/data=!3m1!4b1!4m5!3m4!1s0x94cef884c8151481:0x7686bca1f6c0a8b8!8m2!3d-23.5330251!4d-46.7182847\">Endere\u00e7o:<\/a> R. Dr. Jos\u00e9 Elias, 547 &#8211; Alto da Lapa, S\u00e3o Paulo &#8211; SP<\/p>\t\t\t\t\t\t<\/div>\n\t\t\t\t<\/div>\n\t\t\t\t<div class=\"elementor-element elementor-element-9d90bf2 elementor-widget elementor-widget-spacer\" data-id=\"9d90bf2\" data-element_type=\"widget\" data-widget_type=\"spacer.default\">\n\t\t\t\t<div class=\"elementor-widget-container\">\n\t\t\t\t\t<div class=\"elementor-spacer\">\n\t\t\t<div class=\"elementor-spacer-inner\"><\/div>\n\t\t<\/div>\n\t\t\t\t<\/div>\n\t\t\t\t<\/div>\n\t\t\t\t<div class=\"elementor-element elementor-element-936f6e0 elementor-widget elementor-widget-spacer\" data-id=\"936f6e0\" data-element_type=\"widget\" data-widget_type=\"spacer.default\">\n\t\t\t\t<div class=\"elementor-widget-container\">\n\t\t\t\t\t<div class=\"elementor-spacer\">\n\t\t\t<div class=\"elementor-spacer-inner\"><\/div>\n\t\t<\/div>\n\t\t\t\t<\/div>\n\t\t\t\t<\/div>\n\t\t\t\t<div class=\"elementor-element elementor-element-48c825a elementor-widget elementor-widget-text-editor\" data-id=\"48c825a\" data-element_type=\"widget\" data-widget_type=\"text-editor.default\">\n\t\t\t\t<div class=\"elementor-widget-container\">\n\t\t\t\t\t\t\t<p><b>Op\u00e7\u00f5es de alimenta\u00e7\u00e3o na USP<\/b><\/p><ul><li aria-level=\"2\"><b>Restaurante do Viveiro <\/b>| R. do Mat\u00e3o, 801 &#8211; Butant\u00e3, S\u00e3o Paulo &#8211; SP<\/li><\/ul><p>\u00a0<\/p><ul><li aria-level=\"2\"><b>Sweden\u00a0<\/b>| Av. Prof. Luciano Gualberto, 908 \u2013 Butant\u00e3, S\u00e3o Paulo \u2013 SP<\/li><\/ul><p>\u00a0<\/p><ul><li aria-level=\"2\"><b>Restaurante Dona Leoa (localizado na Viv\u00eancia da ECA) |<\/b> Av. Prof. L\u00facio Martins Rodrigues, 443 \u2013 Butant\u00e3, S\u00e3o Paulo \u2013 SP<\/li><\/ul><p>\u00a0<\/p><ul><li aria-level=\"2\"><b>Restaurante do CEPAM |\u00a0<\/b>Av. Prof. Lineu Prestes, 913 \u2013 Butant\u00e3, S\u00e3o Paulo \u2013 SP<\/li><\/ul><p><span style=\"font-weight: 400;\">\u00a0<\/span><\/p>\t\t\t\t\t\t<\/div>\n\t\t\t\t<\/div>\n\t\t\t\t\t<\/div>\n\t\t\t\t<\/div>\n\t\t\t\t<\/div>\n\t\t","protected":false},"excerpt":{"rendered":"<p>CRONOGRAMA SEMANA INICIAL &#8211; ATIVIDADES ONLINE DOS GRUPOS06 a 14 de outubro 06 de outubro \u00e0s 8h \u2013 sess\u00e3o online de boas vindas, com orienta\u00e7\u00f5es e divis\u00e3o dos grupos de atividades. (Em breve link do Meet) 07 a 14 de outubro \u2013 os grupos se reunir\u00e3o virtualmente para discutir artigos cient\u00edficos e aprofundar seus temas.<a href=\"https:\/\/sites.usp.br\/emme\/cronograma\/\">[&#8230;]<\/a><\/p>\n","protected":false},"author":24434,"featured_media":0,"parent":0,"menu_order":0,"comment_status":"closed","ping_status":"closed","template":"","meta":{"footnotes":"","_links_to":"","_links_to_target":""},"class_list":["post-1098","page","type-page","status-publish","hentry"],"_links":{"self":[{"href":"https:\/\/sites.usp.br\/emme\/wp-json\/wp\/v2\/pages\/1098","targetHints":{"allow":["GET"]}}],"collection":[{"href":"https:\/\/sites.usp.br\/emme\/wp-json\/wp\/v2\/pages"}],"about":[{"href":"https:\/\/sites.usp.br\/emme\/wp-json\/wp\/v2\/types\/page"}],"author":[{"embeddable":true,"href":"https:\/\/sites.usp.br\/emme\/wp-json\/wp\/v2\/users\/24434"}],"replies":[{"embeddable":true,"href":"https:\/\/sites.usp.br\/emme\/wp-json\/wp\/v2\/comments?post=1098"}],"version-history":[{"count":4,"href":"https:\/\/sites.usp.br\/emme\/wp-json\/wp\/v2\/pages\/1098\/revisions"}],"predecessor-version":[{"id":1423,"href":"https:\/\/sites.usp.br\/emme\/wp-json\/wp\/v2\/pages\/1098\/revisions\/1423"}],"wp:attachment":[{"href":"https:\/\/sites.usp.br\/emme\/wp-json\/wp\/v2\/media?parent=1098"}],"curies":[{"name":"wp","href":"https:\/\/api.w.org\/{rel}","templated":true}]}}