{"id":1193,"date":"2025-07-17T12:35:12","date_gmt":"2025-07-17T14:35:12","guid":{"rendered":"https:\/\/sites.usp.br\/emme\/?page_id=1193"},"modified":"2025-10-10T23:48:07","modified_gmt":"2025-10-11T01:48:07","slug":"participantes","status":"publish","type":"page","link":"https:\/\/sites.usp.br\/emme\/participantes\/","title":{"rendered":"Participantes"},"content":{"rendered":"\t\t<div data-elementor-type=\"wp-page\" data-elementor-id=\"1193\" class=\"elementor elementor-1193\" data-elementor-post-type=\"page\">\n\t\t\t\t<div class=\"elementor-element elementor-element-4bfcfdb e-flex e-con-boxed e-con e-parent\" data-id=\"4bfcfdb\" data-element_type=\"container\">\n\t\t\t\t\t<div class=\"e-con-inner\">\n\t\t\t\t<div class=\"elementor-element elementor-element-746a88a elementor-widget elementor-widget-spacer\" data-id=\"746a88a\" data-element_type=\"widget\" data-widget_type=\"spacer.default\">\n\t\t\t\t<div class=\"elementor-widget-container\">\n\t\t\t\t\t<div class=\"elementor-spacer\">\n\t\t\t<div class=\"elementor-spacer-inner\"><\/div>\n\t\t<\/div>\n\t\t\t\t<\/div>\n\t\t\t\t<\/div>\n\t\t\t\t<div class=\"elementor-element elementor-element-4abd986 elementor-widget elementor-widget-text-editor\" data-id=\"4abd986\" data-element_type=\"widget\" data-widget_type=\"text-editor.default\">\n\t\t\t\t<div class=\"elementor-widget-container\">\n\t\t\t\t\t\t\t<p>Lista dos participantes<\/p>\t\t\t\t\t\t<\/div>\n\t\t\t\t<\/div>\n\t\t\t\t\t<\/div>\n\t\t\t\t<\/div>\n\t\t<div class=\"elementor-element elementor-element-ee6ca51 e-con-full e-flex e-con e-parent\" data-id=\"ee6ca51\" data-element_type=\"container\">\n\t\t\t\t<div class=\"elementor-element elementor-element-0c10d7c elementor-widget elementor-widget-text-editor\" data-id=\"0c10d7c\" data-element_type=\"widget\" data-widget_type=\"text-editor.default\">\n\t\t\t\t<div class=\"elementor-widget-container\">\n\t\t\t\t\t\t\t<p><strong>Aceitos(as) para atividades de grupo e palestras<\/strong><\/p>\t\t\t\t\t\t<\/div>\n\t\t\t\t<\/div>\n\t\t\t\t<div class=\"elementor-element elementor-element-48302ea elementor-widget elementor-widget-text-editor\" data-id=\"48302ea\" data-element_type=\"widget\" data-widget_type=\"text-editor.default\">\n\t\t\t\t<div class=\"elementor-widget-container\">\n\t\t\t\t\t\t\t<p>Ana Clara de Pontes Martins<br \/>Ana Luiza Rodrigues de Moraes<br \/>Anast\u00e1cio Pascoal Epandi Canhanga<br \/>Ant\u00f3nio Camunga Tchikoko<br \/>Beatriz Campanha Silva<br \/>Carlos Henrique Passos<br \/>Catarina Maria Stanischesk Molnar<br \/>Claudio Angelo Correa Gonzaga<br \/>Cristiane Mileo Batistela Gouv\u00eaa<br \/>Daniel Antonio Talarico Pereira<br \/>Edson Jos\u00e9 Comparetti<br \/>Enrique Chipicoski Gabrick<br \/>Felipe Simionato Salles<br \/>Fernanda de Oliveira Busato<br \/>Fernando Chieffi Moraes<br \/>Fl\u00e1via Maria Heins Medeiros<br \/>Gabrielle Morais Coelho<br \/>Kawan Santana<br \/>Mayara Bertanhe<br \/>Rafael Eberhardt Sarate<br \/>Tha\u00eds Moreno Madruga<br \/>Vin\u00edcius Tironi de Castilho<br \/>V\u00edtor Amorim Fr\u00f3is<\/p>\t\t\t\t\t\t<\/div>\n\t\t\t\t<\/div>\n\t\t\t\t<\/div>\n\t\t<div class=\"elementor-element elementor-element-1272abe e-con-full e-flex e-con e-parent\" data-id=\"1272abe\" data-element_type=\"container\">\n\t\t\t\t<div class=\"elementor-element elementor-element-4fcbf69 elementor-widget elementor-widget-text-editor\" data-id=\"4fcbf69\" data-element_type=\"widget\" data-widget_type=\"text-editor.default\">\n\t\t\t\t<div class=\"elementor-widget-container\">\n\t\t\t\t\t\t\t<p><strong>Aceitos(as) como ouvintes das palestras<\/strong><\/p>\t\t\t\t\t\t<\/div>\n\t\t\t\t<\/div>\n\t\t\t\t<div class=\"elementor-element elementor-element-c0a31f3 elementor-widget elementor-widget-text-editor\" data-id=\"c0a31f3\" data-element_type=\"widget\" data-widget_type=\"text-editor.default\">\n\t\t\t\t<div class=\"elementor-widget-container\">\n\t\t\t\t\t\t\t<p>Airlane Pereira Alencar<br \/>Alcides Domingos Cambundo<br \/>Alessandra Aparecida da Silva Menezes<br \/>Ana Carolina Cassiano Huziwara<br \/>Ana Flavia Serra Marinho Colares<br \/>Beatriz Araujo Ferreira Nogueira<br \/>Bianca Yumi Hayasaka Moreira<br \/>Cesar Augusto Ipanaque Zapata<br \/>C\u00e9zar Donizetti Luquine J\u00fanior<br \/>Cristian Agostinho de Faria<br \/>D\u00e9lio Gomes Catari Gimbinza<br \/>Denise Pimentel Bergamaschi<br \/>Eduardo Reis de Souza<br \/>Eucilene Alves Santana<br \/>Felipe Wilson da Costa<br \/>Francisco Marcelo Monteiro da Rocha<br \/>Francisco Mariano Neto<br \/>Gabriel Graciano Dias<br \/>Gabriel Roberto Gamarano<br \/>Gerson Laurindo Barbosa<br \/>Gladys Choque Ulloa<br \/>Isabelly Testi<br \/>Ivan Wilson Hossni Dias<br \/>Janaina da Silva Fortirer<br \/>Jefferson Alex Santos e Silva<br \/>J\u00e9ssica Martinho Santos<br \/>J\u00e9ssica Sales Pereira dos Santos<br \/>Joab Jefferson da Silva Xavier<br \/>Jose Rub\u00e9n Castellanos Hern\u00e1ndez<br \/>Leonardo dos Santos Freitas<br \/>Leonardo Nunes Zerbone<br \/>Luan Enrique Firmino dos Santos<br \/>Lucas de Almeida Moura<br \/>Lucas Franceschini<br \/>Lucas Vieira Cortez<br \/>Maria Alvim Leite<br \/>Mariely Morelli<br \/>Nelson dos Santos Afonso<br \/>Paulo Eduardo Alves Camargo-Cruz<br \/>Rogerio Carlos Traballi<br \/>Sidney dos Santos<br \/>Sonia Isabel Renteria Alva<br \/>Sophia Helena Gutruf<br \/>Thiago Pavin<br \/>Vicenzo Carlim de Sousa<\/p>\t\t\t\t\t\t<\/div>\n\t\t\t\t<\/div>\n\t\t\t\t<\/div>\n\t\t<div class=\"elementor-element elementor-element-ba6b66a e-flex e-con-boxed e-con e-parent\" data-id=\"ba6b66a\" data-element_type=\"container\">\n\t\t\t\t\t<div class=\"e-con-inner\">\n\t\t\t\t<div class=\"elementor-element elementor-element-dca5d72 elementor-widget elementor-widget-spacer\" data-id=\"dca5d72\" data-element_type=\"widget\" data-widget_type=\"spacer.default\">\n\t\t\t\t<div class=\"elementor-widget-container\">\n\t\t\t\t\t<div class=\"elementor-spacer\">\n\t\t\t<div class=\"elementor-spacer-inner\"><\/div>\n\t\t<\/div>\n\t\t\t\t<\/div>\n\t\t\t\t<\/div>\n\t\t\t\t\t<\/div>\n\t\t\t\t<\/div>\n\t\t\t\t<\/div>\n\t\t","protected":false},"excerpt":{"rendered":"<p>Lista dos participantes Aceitos(as) para atividades de grupo e palestras Ana Clara de Pontes MartinsAna Luiza Rodrigues de MoraesAnast\u00e1cio Pascoal Epandi CanhangaAnt\u00f3nio Camunga TchikokoBeatriz Campanha SilvaCarlos Henrique PassosCatarina Maria Stanischesk MolnarClaudio Angelo Correa GonzagaCristiane Mileo Batistela Gouv\u00eaaDaniel Antonio Talarico PereiraEdson Jos\u00e9 ComparettiEnrique Chipicoski GabrickFelipe Simionato SallesFernanda de Oliveira BusatoFernando Chieffi MoraesFl\u00e1via Maria Heins MedeirosGabrielle Morais<a href=\"https:\/\/sites.usp.br\/emme\/participantes\/\">[&#8230;]<\/a><\/p>\n","protected":false},"author":24434,"featured_media":0,"parent":0,"menu_order":0,"comment_status":"closed","ping_status":"closed","template":"","meta":{"footnotes":"","_links_to":"","_links_to_target":""},"class_list":["post-1193","page","type-page","status-publish","hentry"],"_links":{"self":[{"href":"https:\/\/sites.usp.br\/emme\/wp-json\/wp\/v2\/pages\/1193","targetHints":{"allow":["GET"]}}],"collection":[{"href":"https:\/\/sites.usp.br\/emme\/wp-json\/wp\/v2\/pages"}],"about":[{"href":"https:\/\/sites.usp.br\/emme\/wp-json\/wp\/v2\/types\/page"}],"author":[{"embeddable":true,"href":"https:\/\/sites.usp.br\/emme\/wp-json\/wp\/v2\/users\/24434"}],"replies":[{"embeddable":true,"href":"https:\/\/sites.usp.br\/emme\/wp-json\/wp\/v2\/comments?post=1193"}],"version-history":[{"count":4,"href":"https:\/\/sites.usp.br\/emme\/wp-json\/wp\/v2\/pages\/1193\/revisions"}],"predecessor-version":[{"id":1413,"href":"https:\/\/sites.usp.br\/emme\/wp-json\/wp\/v2\/pages\/1193\/revisions\/1413"}],"wp:attachment":[{"href":"https:\/\/sites.usp.br\/emme\/wp-json\/wp\/v2\/media?parent=1193"}],"curies":[{"name":"wp","href":"https:\/\/api.w.org\/{rel}","templated":true}]}}