{"id":638,"date":"2025-04-12T19:44:22","date_gmt":"2025-04-12T21:44:22","guid":{"rendered":"https:\/\/sites.usp.br\/emme\/?page_id=638"},"modified":"2025-05-19T15:12:35","modified_gmt":"2025-05-19T17:12:35","slug":"sobre","status":"publish","type":"page","link":"https:\/\/sites.usp.br\/emme\/sobre\/","title":{"rendered":"EMME"},"content":{"rendered":"\t\t<div data-elementor-type=\"wp-page\" data-elementor-id=\"638\" class=\"elementor elementor-638\" data-elementor-post-type=\"page\">\n\t\t\t\t<div class=\"elementor-element elementor-element-b155ac6 e-flex e-con-boxed e-con e-parent\" data-id=\"b155ac6\" data-element_type=\"container\">\n\t\t\t\t\t<div class=\"e-con-inner\">\n\t\t\t\t<div class=\"elementor-element elementor-element-5b8f357 elementor-widget elementor-widget-spacer\" data-id=\"5b8f357\" data-element_type=\"widget\" data-widget_type=\"spacer.default\">\n\t\t\t\t<div class=\"elementor-widget-container\">\n\t\t\t\t\t<div class=\"elementor-spacer\">\n\t\t\t<div class=\"elementor-spacer-inner\"><\/div>\n\t\t<\/div>\n\t\t\t\t<\/div>\n\t\t\t\t<\/div>\n\t\t\t\t<div class=\"elementor-element elementor-element-14df3d6 elementor-widget elementor-widget-text-editor\" data-id=\"14df3d6\" data-element_type=\"widget\" data-widget_type=\"text-editor.default\">\n\t\t\t\t<div class=\"elementor-widget-container\">\n\t\t\t\t\t\t\t<p>SOBRE O EVENTO<\/p>\t\t\t\t\t\t<\/div>\n\t\t\t\t<\/div>\n\t\t\t\t\t<\/div>\n\t\t\t\t<\/div>\n\t\t<div class=\"elementor-element elementor-element-8f72c71 e-flex e-con-boxed e-con e-parent\" data-id=\"8f72c71\" data-element_type=\"container\">\n\t\t\t\t\t<div class=\"e-con-inner\">\n\t\t<div class=\"elementor-element elementor-element-e8b32d7 e-con-full e-flex e-con e-child\" data-id=\"e8b32d7\" data-element_type=\"container\">\n\t\t\t\t<div class=\"elementor-element elementor-element-8112136 elementor-widget elementor-widget-text-editor\" data-id=\"8112136\" data-element_type=\"widget\" data-widget_type=\"text-editor.default\">\n\t\t\t\t<div class=\"elementor-widget-container\">\n\t\t\t\t\t\t\t<div class=\"gmail_default\">O\u00a0Encontro de Modelagem Matem\u00e1tica Aplicada \u00e0 Epidemiologia &#8211; EMME &#8211; \u00e9 uma iniciativa conjunta do Grupo de Pesquisa em Biomatem\u00e1tica (<a href=\"https:\/\/sites.usp.br\/biomat\/\" target=\"_blank\" rel=\"noopener\" data-saferedirecturl=\"https:\/\/www.google.com\/url?q=https:\/\/sites.usp.br\/biomat\/&amp;source=gmail&amp;ust=1747141011497000&amp;usg=AOvVaw3SrfllhoSdtKBmR6-pfSnC\">BIOMAT<\/a>), vinculado ao Departamento de Matem\u00e1tica Aplicada do IME-USP, e do Laborat\u00f3rio de Modelagem Matem\u00e1tica de Sistemas Biol\u00f3gicos (<a href=\"https:\/\/sites.usp.br\/lambs\/\" target=\"_blank\" rel=\"noopener\" data-saferedirecturl=\"https:\/\/www.google.com\/url?q=https:\/\/sites.usp.br\/lambs\/&amp;source=gmail&amp;ust=1747141011497000&amp;usg=AOvVaw1z24n-NBZI9zJL9EF_BWmS\">LAMBS<\/a>), do Departamento de Parasitologia do ICB-USP.<\/div><div class=\"gmail_default\">\u00a0<\/div><div class=\"gmail_default\">Voltado a estudantes de gradua\u00e7\u00e3o e p\u00f3s-gradua\u00e7\u00e3o da USP, o EMME tem como objetivo fomentar o uso da modelagem matem\u00e1tica no entendimento e controle de doen\u00e7as infecciosas, promovendo o di\u00e1logo entre diferentes \u00e1reas do conhecimento.<br \/><br \/>Ao longo de sua programa\u00e7\u00e3o, o evento oferece grupos de estudo interdisciplinares, palestras com especialistas, atividades colaborativas e espa\u00e7os para troca de experi\u00eancias, incentivando a forma\u00e7\u00e3o de uma rede ativa de pesquisadores em epidemiologia matem\u00e1tica.<\/div>\t\t\t\t\t\t<\/div>\n\t\t\t\t<\/div>\n\t\t\t\t<\/div>\n\t\t\t\t\t<\/div>\n\t\t\t\t<\/div>\n\t\t<div class=\"elementor-element elementor-element-8fcb286 e-flex e-con-boxed e-con e-parent\" data-id=\"8fcb286\" data-element_type=\"container\">\n\t\t\t\t\t<div class=\"e-con-inner\">\n\t\t\t\t<div class=\"elementor-element elementor-element-3b6f3d1 elementor-widget elementor-widget-text-editor\" data-id=\"3b6f3d1\" data-element_type=\"widget\" data-widget_type=\"text-editor.default\">\n\t\t\t\t<div class=\"elementor-widget-container\">\n\t\t\t\t\t\t\t<p>GRUPO DE ESTUDOS VINCULADO COMO DISCIPLINA DA P\u00d3S-GRADUA\u00c7\u00c3O:<\/p>\t\t\t\t\t\t<\/div>\n\t\t\t\t<\/div>\n\t\t\t\t\t<\/div>\n\t\t\t\t<\/div>\n\t\t<div class=\"elementor-element elementor-element-50ac6fd e-flex e-con-boxed e-con e-parent\" data-id=\"50ac6fd\" data-element_type=\"container\">\n\t\t\t\t\t<div class=\"e-con-inner\">\n\t\t\t\t<div class=\"elementor-element elementor-element-72e1426 elementor-widget elementor-widget-text-editor\" data-id=\"72e1426\" data-element_type=\"widget\" data-widget_type=\"text-editor.default\">\n\t\t\t\t<div class=\"elementor-widget-container\">\n\t\t\t\t\t\t\t<div class=\"gmail_default\"><p>Uma das atividades centrais do EMME \u00e9 a forma\u00e7\u00e3o de grupos de estudo interdisciplinares, compostos por alunos de diferentes \u00e1reas e unidades da USP. Esses grupos ter\u00e3o como foco a leitura cr\u00edtica de artigos cient\u00edficos, a discuss\u00e3o de estrat\u00e9gias de modelagem e a elabora\u00e7\u00e3o de apresenta\u00e7\u00f5es com base em temas relevantes da epidemiologia moderna.<\/p><p><img decoding=\"async\" class=\"an1\" draggable=\"false\" src=\"https:\/\/fonts.gstatic.com\/s\/e\/notoemoji\/16.0\/1f9a0\/72.png\" alt=\"\ud83e\udda0\" width=\"32\" height=\"32\" data-emoji=\"\ud83e\udda0\" aria-label=\"\ud83e\udda0\" \/>\u00a0<strong>Temas dos grupos<\/strong><br \/>Cada grupo trabalhar\u00e1 com uma doen\u00e7a de interesse epidemiol\u00f3gico, explorando diferentes abordagens de modelagem e estrat\u00e9gias de interven\u00e7\u00e3o:<\/p><\/div><ul><li class=\"gmail_default\">Dengue<\/li><li class=\"gmail_default\">COVID-19<\/li><li class=\"gmail_default\">Mal\u00e1ria<\/li><li class=\"gmail_default\">Zika<\/li><li class=\"gmail_default\">Hepatite A<\/li><\/ul><p>Cada grupo contar\u00e1 com artigos selecionados, materiais de apoio e o acompanhamento de monitores, que orientar\u00e3o o processo de discuss\u00e3o e prepara\u00e7\u00e3o das apresenta\u00e7\u00f5es finais.<\/p><p><img decoding=\"async\" class=\"an1\" draggable=\"false\" src=\"https:\/\/fonts.gstatic.com\/s\/e\/notoemoji\/16.0\/1f4da\/72.png\" alt=\"\ud83d\udcda\" width=\"37\" height=\"37\" data-emoji=\"\ud83d\udcda\" aria-label=\"\ud83d\udcda\" \/>\u00a0<strong>V\u00ednculo com disciplina de p\u00f3s-gradua\u00e7\u00e3o<\/strong><\/p><p>Os alunos inscritos e selecionados para o EMME poder\u00e3o se matricular na disciplina &#8220;Modelagem de Sistemas Biol\u00f3gicos: Fundamentos e Aplica\u00e7\u00f5es&#8221; \u2013 BMP5799 <strong>(2 cr\u00e9ditos)<\/strong>, vinculada ao Programa de P\u00f3s-Gradua\u00e7\u00e3o em Biologia da Rela\u00e7\u00e3o Pat\u00f3geno-Hospedeiro (ICB-USP).\u00a0<\/p><div>\u00a0<\/div><div>\u00a0<\/div><div class=\"gmail_default\"><img decoding=\"async\" class=\"an1\" draggable=\"false\" src=\"https:\/\/fonts.gstatic.com\/s\/e\/notoemoji\/16.0\/1f514\/72.png\" alt=\"\ud83d\udd14\" width=\"27\" height=\"27\" data-emoji=\"\ud83d\udd14\" aria-label=\"\ud83d\udd14\" \/>\u00a0<strong>Importante: Para obter os cr\u00e9ditos, \u00e9 necess\u00e1rio estar regularmente inscrito e cumprir todas as etapas da atividade proposta.<\/strong><\/div>\t\t\t\t\t\t<\/div>\n\t\t\t\t<\/div>\n\t\t\t\t\t<\/div>\n\t\t\t\t<\/div>\n\t\t<div class=\"elementor-element elementor-element-72aee52 e-flex e-con-boxed e-con e-parent\" data-id=\"72aee52\" data-element_type=\"container\">\n\t\t\t\t\t<div class=\"e-con-inner\">\n\t\t\t\t\t<\/div>\n\t\t\t\t<\/div>\n\t\t\t\t<\/div>\n\t\t","protected":false},"excerpt":{"rendered":"<p>SOBRE O EVENTO O\u00a0Encontro de Modelagem Matem\u00e1tica Aplicada \u00e0 Epidemiologia &#8211; EMME &#8211; \u00e9 uma iniciativa conjunta do Grupo de Pesquisa em Biomatem\u00e1tica (BIOMAT), vinculado ao Departamento de Matem\u00e1tica Aplicada do IME-USP, e do Laborat\u00f3rio de Modelagem Matem\u00e1tica de Sistemas Biol\u00f3gicos (LAMBS), do Departamento de Parasitologia do ICB-USP.\u00a0Voltado a estudantes de gradua\u00e7\u00e3o e p\u00f3s-gradua\u00e7\u00e3o da<a href=\"https:\/\/sites.usp.br\/emme\/sobre\/\">[&#8230;]<\/a><\/p>\n","protected":false},"author":24434,"featured_media":0,"parent":0,"menu_order":0,"comment_status":"closed","ping_status":"closed","template":"","meta":{"footnotes":"","_links_to":"","_links_to_target":""},"class_list":["post-638","page","type-page","status-publish","hentry"],"_links":{"self":[{"href":"https:\/\/sites.usp.br\/emme\/wp-json\/wp\/v2\/pages\/638","targetHints":{"allow":["GET"]}}],"collection":[{"href":"https:\/\/sites.usp.br\/emme\/wp-json\/wp\/v2\/pages"}],"about":[{"href":"https:\/\/sites.usp.br\/emme\/wp-json\/wp\/v2\/types\/page"}],"author":[{"embeddable":true,"href":"https:\/\/sites.usp.br\/emme\/wp-json\/wp\/v2\/users\/24434"}],"replies":[{"embeddable":true,"href":"https:\/\/sites.usp.br\/emme\/wp-json\/wp\/v2\/comments?post=638"}],"version-history":[{"count":4,"href":"https:\/\/sites.usp.br\/emme\/wp-json\/wp\/v2\/pages\/638\/revisions"}],"predecessor-version":[{"id":1118,"href":"https:\/\/sites.usp.br\/emme\/wp-json\/wp\/v2\/pages\/638\/revisions\/1118"}],"wp:attachment":[{"href":"https:\/\/sites.usp.br\/emme\/wp-json\/wp\/v2\/media?parent=638"}],"curies":[{"name":"wp","href":"https:\/\/api.w.org\/{rel}","templated":true}]}}