{"id":590,"date":"2025-05-19T23:10:52","date_gmt":"2025-05-20T01:10:52","guid":{"rendered":"https:\/\/sites.usp.br\/encabel\/?page_id=590"},"modified":"2025-11-18T13:07:18","modified_gmt":"2025-11-18T15:07:18","slug":"inscricoes-2","status":"publish","type":"page","link":"https:\/\/sites.usp.br\/encabel\/inscricoes-2\/","title":{"rendered":"INSCRI\u00c7\u00d5ES"},"content":{"rendered":"<p><img loading=\"lazy\" decoding=\"async\" class=\"alignnone wp-image-710 size-full\" src=\"https:\/\/sites.usp.br\/encabel\/wp-content\/uploads\/sites\/1247\/2025\/07\/INSCRICOES_PRECOS.pptx-1-1-e1753706342356.png\" alt=\"\" width=\"1280\" height=\"145\" srcset=\"https:\/\/sites.usp.br\/encabel\/wp-content\/uploads\/sites\/1247\/2025\/07\/INSCRICOES_PRECOS.pptx-1-1-e1753706342356.png 1280w, https:\/\/sites.usp.br\/encabel\/wp-content\/uploads\/sites\/1247\/2025\/07\/INSCRICOES_PRECOS.pptx-1-1-e1753706342356-300x34.png 300w, https:\/\/sites.usp.br\/encabel\/wp-content\/uploads\/sites\/1247\/2025\/07\/INSCRICOES_PRECOS.pptx-1-1-e1753706342356-1024x116.png 1024w, https:\/\/sites.usp.br\/encabel\/wp-content\/uploads\/sites\/1247\/2025\/07\/INSCRICOES_PRECOS.pptx-1-1-e1753706342356-768x87.png 768w, https:\/\/sites.usp.br\/encabel\/wp-content\/uploads\/sites\/1247\/2025\/07\/INSCRICOES_PRECOS.pptx-1-1-e1753706342356-400x45.png 400w\" sizes=\"auto, (max-width: 1280px) 100vw, 1280px\" \/><\/p>\n<h2 style=\"text-align: center;\"><span style=\"color: #000000;\">Como me inscrevo no XIV ESA?<\/span><\/h2>\n<h2><span style=\"color: #000000;\"><a style=\"color: #000000;\" href=\"https:\/\/sites.usp.br\/encabel\/wp-content\/uploads\/sites\/1247\/2025\/05\/giphy-e1747754477178.gif\"><img loading=\"lazy\" decoding=\"async\" class=\"alignnone wp-image-601 \" src=\"https:\/\/sites.usp.br\/encabel\/wp-content\/uploads\/sites\/1247\/2025\/05\/giphy-e1747754477178-150x150.gif\" alt=\"\" width=\"23\" height=\"23\" srcset=\"https:\/\/sites.usp.br\/encabel\/wp-content\/uploads\/sites\/1247\/2025\/05\/giphy-e1747754477178-150x150.gif 150w, https:\/\/sites.usp.br\/encabel\/wp-content\/uploads\/sites\/1247\/2025\/05\/giphy-e1747754477178-160x160.gif 160w, https:\/\/sites.usp.br\/encabel\/wp-content\/uploads\/sites\/1247\/2025\/05\/giphy-e1747754477178-320x320.gif 320w, https:\/\/sites.usp.br\/encabel\/wp-content\/uploads\/sites\/1247\/2025\/05\/giphy-e1747754477178-45x45.gif 45w, https:\/\/sites.usp.br\/encabel\/wp-content\/uploads\/sites\/1247\/2025\/05\/giphy-e1747754477178-200x200.gif 200w\" sizes=\"auto, (max-width: 23px) 100vw, 23px\" \/><\/a>INSCRI\u00c7\u00d5ES FECHADAS!<\/span><\/h2>\n<h5><span style=\"color: #000000;\"><a style=\"color: #000000;\" href=\"https:\/\/sites.usp.br\/encabel\/wp-content\/uploads\/sites\/1247\/2025\/05\/giphy-e1747754477178.gif\"><img loading=\"lazy\" decoding=\"async\" class=\"alignnone wp-image-601 \" src=\"https:\/\/sites.usp.br\/encabel\/wp-content\/uploads\/sites\/1247\/2025\/05\/giphy-e1747754477178-150x150.gif\" alt=\"\" width=\"23\" height=\"23\" srcset=\"https:\/\/sites.usp.br\/encabel\/wp-content\/uploads\/sites\/1247\/2025\/05\/giphy-e1747754477178-150x150.gif 150w, https:\/\/sites.usp.br\/encabel\/wp-content\/uploads\/sites\/1247\/2025\/05\/giphy-e1747754477178-160x160.gif 160w, https:\/\/sites.usp.br\/encabel\/wp-content\/uploads\/sites\/1247\/2025\/05\/giphy-e1747754477178-320x320.gif 320w, https:\/\/sites.usp.br\/encabel\/wp-content\/uploads\/sites\/1247\/2025\/05\/giphy-e1747754477178-45x45.gif 45w, https:\/\/sites.usp.br\/encabel\/wp-content\/uploads\/sites\/1247\/2025\/05\/giphy-e1747754477178-200x200.gif 200w\" sizes=\"auto, (max-width: 23px) 100vw, 23px\" \/><\/a>Passo 1: Realize o pagamento antes de preencher o formul\u00e1rio de inscri\u00e7\u00e3o (voc\u00ea precisar\u00e1 enviar o comprovante anexado junto ao formul\u00e1rio de inscri\u00e7\u00e3o).<\/span><\/h5>\n<h5><span style=\"color: #000000;\"><a style=\"color: #000000;\" href=\"https:\/\/sites.usp.br\/encabel\/wp-content\/uploads\/sites\/1247\/2025\/05\/giphy-e1747754477178.gif\"><img loading=\"lazy\" decoding=\"async\" class=\"alignnone wp-image-601 \" src=\"https:\/\/sites.usp.br\/encabel\/wp-content\/uploads\/sites\/1247\/2025\/05\/giphy-e1747754477178-150x150.gif\" alt=\"\" width=\"23\" height=\"23\" srcset=\"https:\/\/sites.usp.br\/encabel\/wp-content\/uploads\/sites\/1247\/2025\/05\/giphy-e1747754477178-150x150.gif 150w, https:\/\/sites.usp.br\/encabel\/wp-content\/uploads\/sites\/1247\/2025\/05\/giphy-e1747754477178-160x160.gif 160w, https:\/\/sites.usp.br\/encabel\/wp-content\/uploads\/sites\/1247\/2025\/05\/giphy-e1747754477178-320x320.gif 320w, https:\/\/sites.usp.br\/encabel\/wp-content\/uploads\/sites\/1247\/2025\/05\/giphy-e1747754477178-45x45.gif 45w, https:\/\/sites.usp.br\/encabel\/wp-content\/uploads\/sites\/1247\/2025\/05\/giphy-e1747754477178-200x200.gif 200w\" sizes=\"auto, (max-width: 23px) 100vw, 23px\" \/><\/a>FORMAS DE PAGAMENTO\/M\u00c9TODOS DE PAGO\/PAYMENT METHODS:<\/span><\/h5>\n<ul>\n<li style=\"list-style-type: none;\">\n<ul>\n<li>\n<h5><span style=\"color: #000000;\">Transfer\u00eancia: Banco do Brasil, Ag\u00eancia: 1969-0, Conta Corrente: 14800-8, Favorecido: Klaus Hartmann Hartfelder<\/span><\/h5>\n<\/li>\n<li>\n<h5><span style=\"color: #000000;\">Chave PIX: encontrosobreabelhas@gmail.com<\/span><\/h5>\n<\/li>\n<li>\n<h5><span style=\"color: #000000;\">Paypal: fsnascim@usp.br<\/span><\/h5>\n<\/li>\n<\/ul>\n<\/li>\n<\/ul>\n<h5><span style=\"color: #000000;\"><a style=\"color: #000000;\" href=\"https:\/\/sites.usp.br\/encabel\/wp-content\/uploads\/sites\/1247\/2025\/05\/giphy-e1747754477178.gif\"><img loading=\"lazy\" decoding=\"async\" class=\"alignnone wp-image-601 \" src=\"https:\/\/sites.usp.br\/encabel\/wp-content\/uploads\/sites\/1247\/2025\/05\/giphy-e1747754477178-150x150.gif\" alt=\"\" width=\"23\" height=\"23\" srcset=\"https:\/\/sites.usp.br\/encabel\/wp-content\/uploads\/sites\/1247\/2025\/05\/giphy-e1747754477178-150x150.gif 150w, https:\/\/sites.usp.br\/encabel\/wp-content\/uploads\/sites\/1247\/2025\/05\/giphy-e1747754477178-160x160.gif 160w, https:\/\/sites.usp.br\/encabel\/wp-content\/uploads\/sites\/1247\/2025\/05\/giphy-e1747754477178-320x320.gif 320w, https:\/\/sites.usp.br\/encabel\/wp-content\/uploads\/sites\/1247\/2025\/05\/giphy-e1747754477178-45x45.gif 45w, https:\/\/sites.usp.br\/encabel\/wp-content\/uploads\/sites\/1247\/2025\/05\/giphy-e1747754477178-200x200.gif 200w\" sizes=\"auto, (max-width: 23px) 100vw, 23px\" \/><\/a>Passo 2: Preencha o formul\u00e1rio de inscri\u00e7\u00e3o.<\/span><\/h5>\n<p>&nbsp;<\/p>\n<h2 style=\"text-align: center;\">TABELA DE LOTES E PRE\u00c7OS XIV ESA<\/h2>\n<p><img loading=\"lazy\" decoding=\"async\" class=\"aligncenter wp-image-733 size-full\" src=\"https:\/\/sites.usp.br\/encabel\/wp-content\/uploads\/sites\/1247\/2025\/09\/Texto-do-seu-paragrafo-2-e1756917410488.png\" alt=\"\" width=\"1080\" height=\"702\" srcset=\"https:\/\/sites.usp.br\/encabel\/wp-content\/uploads\/sites\/1247\/2025\/09\/Texto-do-seu-paragrafo-2-e1756917410488.png 1080w, https:\/\/sites.usp.br\/encabel\/wp-content\/uploads\/sites\/1247\/2025\/09\/Texto-do-seu-paragrafo-2-e1756917410488-300x195.png 300w, https:\/\/sites.usp.br\/encabel\/wp-content\/uploads\/sites\/1247\/2025\/09\/Texto-do-seu-paragrafo-2-e1756917410488-1024x666.png 1024w, https:\/\/sites.usp.br\/encabel\/wp-content\/uploads\/sites\/1247\/2025\/09\/Texto-do-seu-paragrafo-2-e1756917410488-768x499.png 768w, https:\/\/sites.usp.br\/encabel\/wp-content\/uploads\/sites\/1247\/2025\/09\/Texto-do-seu-paragrafo-2-e1756917410488-400x260.png 400w\" sizes=\"auto, (max-width: 1080px) 100vw, 1080px\" \/><\/p>\n<p style=\"text-align: center;\">______________________________________________________________________________<\/p>\n<h4 style=\"text-align: center;\"><a href=\"https:\/\/sites.usp.br\/encabel\/wp-content\/uploads\/sites\/1247\/2023\/02\/lOGO-ESA_SEM-FUNDO_1.jpg\"><img loading=\"lazy\" decoding=\"async\" class=\"alignnone wp-image-579\" src=\"https:\/\/sites.usp.br\/encabel\/wp-content\/uploads\/sites\/1247\/2023\/02\/lOGO-ESA_SEM-FUNDO_1-300x122.jpg\" alt=\"\" width=\"98\" height=\"40\" srcset=\"https:\/\/sites.usp.br\/encabel\/wp-content\/uploads\/sites\/1247\/2023\/02\/lOGO-ESA_SEM-FUNDO_1-300x122.jpg 300w, https:\/\/sites.usp.br\/encabel\/wp-content\/uploads\/sites\/1247\/2023\/02\/lOGO-ESA_SEM-FUNDO_1-1024x415.jpg 1024w, https:\/\/sites.usp.br\/encabel\/wp-content\/uploads\/sites\/1247\/2023\/02\/lOGO-ESA_SEM-FUNDO_1-768x311.jpg 768w, https:\/\/sites.usp.br\/encabel\/wp-content\/uploads\/sites\/1247\/2023\/02\/lOGO-ESA_SEM-FUNDO_1-400x162.jpg 400w, https:\/\/sites.usp.br\/encabel\/wp-content\/uploads\/sites\/1247\/2023\/02\/lOGO-ESA_SEM-FUNDO_1.jpg 1159w\" sizes=\"auto, (max-width: 98px) 100vw, 98px\" \/><\/a><\/h4>\n<h4 style=\"text-align: center;\">D\u00favidas? Nos escreva!<\/h4>\n<p style=\"text-align: center;\">encontrosobreabelhas@gmail.com<\/p>\n","protected":false},"excerpt":{"rendered":"<p>Como me inscrevo no XIV ESA? INSCRI\u00c7\u00d5ES FECHADAS! Passo 1: Realize o pagamento antes de preencher o formul\u00e1rio de inscri\u00e7\u00e3o (voc\u00ea precisar\u00e1 enviar o comprovante anexado junto ao formul\u00e1rio de inscri\u00e7\u00e3o). FORMAS DE PAGAMENTO\/M\u00c9TODOS&#46;&#46;&#46;<\/p>\n","protected":false},"author":23595,"featured_media":0,"parent":0,"menu_order":3,"comment_status":"closed","ping_status":"closed","template":"","meta":{"footnotes":"","_links_to":"","_links_to_target":""},"class_list":["post-590","page","type-page","status-publish","hentry"],"_links":{"self":[{"href":"https:\/\/sites.usp.br\/encabel\/wp-json\/wp\/v2\/pages\/590","targetHints":{"allow":["GET"]}}],"collection":[{"href":"https:\/\/sites.usp.br\/encabel\/wp-json\/wp\/v2\/pages"}],"about":[{"href":"https:\/\/sites.usp.br\/encabel\/wp-json\/wp\/v2\/types\/page"}],"author":[{"embeddable":true,"href":"https:\/\/sites.usp.br\/encabel\/wp-json\/wp\/v2\/users\/23595"}],"replies":[{"embeddable":true,"href":"https:\/\/sites.usp.br\/encabel\/wp-json\/wp\/v2\/comments?post=590"}],"version-history":[{"count":4,"href":"https:\/\/sites.usp.br\/encabel\/wp-json\/wp\/v2\/pages\/590\/revisions"}],"predecessor-version":[{"id":884,"href":"https:\/\/sites.usp.br\/encabel\/wp-json\/wp\/v2\/pages\/590\/revisions\/884"}],"wp:attachment":[{"href":"https:\/\/sites.usp.br\/encabel\/wp-json\/wp\/v2\/media?parent=590"}],"curies":[{"name":"wp","href":"https:\/\/api.w.org\/{rel}","templated":true}]}}