{"id":64,"date":"2014-02-12T11:28:54","date_gmt":"2014-02-12T13:28:54","guid":{"rendered":"http:\/\/sites.usp.br\/encabel\/?page_id=64"},"modified":"2025-09-03T15:13:08","modified_gmt":"2025-09-03T17:13:08","slug":"organizacao","status":"publish","type":"page","link":"https:\/\/sites.usp.br\/encabel\/organizacao\/","title":{"rendered":"ORGANIZA\u00c7\u00c3O"},"content":{"rendered":"<p><img loading=\"lazy\" decoding=\"async\" class=\"alignnone wp-image-610 size-full\" src=\"https:\/\/sites.usp.br\/encabel\/wp-content\/uploads\/sites\/1247\/2025\/05\/Slide1.png\" alt=\"\" width=\"1280\" height=\"158\" srcset=\"https:\/\/sites.usp.br\/encabel\/wp-content\/uploads\/sites\/1247\/2025\/05\/Slide1.png 1280w, https:\/\/sites.usp.br\/encabel\/wp-content\/uploads\/sites\/1247\/2025\/05\/Slide1-300x37.png 300w, https:\/\/sites.usp.br\/encabel\/wp-content\/uploads\/sites\/1247\/2025\/05\/Slide1-1024x126.png 1024w, https:\/\/sites.usp.br\/encabel\/wp-content\/uploads\/sites\/1247\/2025\/05\/Slide1-768x95.png 768w, https:\/\/sites.usp.br\/encabel\/wp-content\/uploads\/sites\/1247\/2025\/05\/Slide1-400x49.png 400w\" sizes=\"auto, (max-width: 1280px) 100vw, 1280px\" \/><\/p>\n<p style=\"text-align: center;\"><span style=\"color: #000000;\"><strong>PRESIDENTE<\/strong><\/span><\/p>\n<p style=\"text-align: center;\">F\u00e1bio Santos do Nascimento<\/p>\n<p>&nbsp;<\/p>\n<p style=\"text-align: center;\"><span style=\"color: #000000;\"><strong>VICE PRESIDENTE<\/strong><\/span><\/p>\n<p style=\"text-align: center;\">Fernanda Dalarmi<\/p>\n<p>&nbsp;<\/p>\n<p style=\"text-align: center;\"><span style=\"color: #000000;\"><strong>SECRETARIA<\/strong><\/span><\/p>\n<p style=\"text-align: center;\">Thiago S. Depintor<\/p>\n<p>&nbsp;<\/p>\n<p style=\"text-align: center;\"><strong><span style=\"color: #000000;\">COMISS\u00c3O T\u00c9CNICA<\/span> <\/strong><\/p>\n<p style=\"text-align: center;\">David De Jong<\/p>\n<p style=\"text-align: center;\">Eduardo Andrade Botelho de Almeida<\/p>\n<p style=\"text-align: center;\">Fabio Santos Nascimento<\/p>\n<p style=\"text-align: center;\">Solange Cristina Augusto<\/p>\n<p style=\"text-align: center;\">Zil\u00e1 Luz Paulino Sim\u00f5es<\/p>\n<p>&nbsp;<\/p>\n<p style=\"text-align: center;\"><span style=\"color: #000000;\"><strong>COMISS\u00c3O CIENT\u00cdFICA<\/strong><\/span><\/p>\n<p style=\"text-align: center; line-height: 150%;\" align=\"center\">Zil\u00e1 Luz Paulino Sim\u00f5es (coordenadora)<\/p>\n<p style=\"text-align: center; line-height: 150%;\" align=\"center\">Thiago S. Depintor (coordenador)<\/p>\n<p style=\"text-align: center; line-height: 150%;\" align=\"center\">Matheus Mour\u00e3o Carvalho (coordenador)<\/p>\n<p align=\"center\">Aline C. Martins<\/p>\n<p align=\"center\">Anete P. Louren\u00e7o<\/p>\n<p align=\"center\">Ang\u00e9l R. Barchuk<\/p>\n<p align=\"center\">David de Jong<\/p>\n<p align=\"center\">Denise A. Alves<\/p>\n<p align=\"center\">Fernanda Nogueira<\/p>\n<p align=\"center\">Fl\u00e1via C. P. Freitas<\/p>\n<p align=\"center\">Francis M. F. Nunes<\/p>\n<p align=\"center\">Jos\u00e9 E. Serr\u00e3o<\/p>\n<p align=\"center\">Klaus H. Hartfelder<\/p>\n<p align=\"center\">Livia M. R. Moda<\/p>\n<p align=\"center\">Pedro H. B. Togni<\/p>\n<p align=\"center\">Silvia H. Sofia<\/p>\n<p align=\"center\">Tiago\u00a0Francoy<\/p>\n<p align=\"center\">Wilson Frantine-Silva<\/p>\n<p>&nbsp;<\/p>\n<p style=\"text-align: center;\"><span style=\"color: #000000;\"><strong>COMISS\u00c3O DE COMUNICA\u00c7\u00c3O<\/strong><\/span><\/p>\n<p style=\"text-align: center;\">Mariana Pupo Cassinelli<\/p>\n<p style=\"text-align: center;\">Bruno Matheus Gomes<\/p>\n<p style=\"text-align: center;\">Jeferson Pedrosa dos Santos<\/p>\n<p>&nbsp;<\/p>\n<p style=\"text-align: center;\"><span style=\"color: #000000;\"><strong>COMISS\u00c3O DE LOG\u00cdSTICA<\/strong><\/span><\/p>\n<p style=\"text-align: center;\">Alexsandra De Lima Klates<\/p>\n<p style=\"text-align: center;\">Arthur Roque Justino<\/p>\n<p style=\"text-align: center;\">B\u00e1rbara Gimenes de Castro<\/p>\n<p style=\"text-align: center;\">Gabriel de Deus Correia<\/p>\n<p style=\"text-align: center;\">Geovana\u00a0Henrique\u00a0Passos<\/p>\n<p style=\"text-align: center;\">Rodolfo Bizarria J\u00fanior<\/p>\n<p>&nbsp;<\/p>\n<p style=\"text-align: center;\"><span style=\"color: #000000;\"><strong>\u00a0<\/strong><strong>DIAGRAMA\u00c7\u00c3O<\/strong><\/span><\/p>\n<p style=\"text-align: center;\">_<\/p>\n<h2 style=\"text-align: center;\"><\/h2>\n<h2 style=\"text-align: center;\"><\/h2>\n<p>&nbsp;<\/p>\n<p>&nbsp;<\/p>\n","protected":false},"excerpt":{"rendered":"<p>PRESIDENTE F\u00e1bio Santos do Nascimento &nbsp; VICE PRESIDENTE Fernanda Dalarmi &nbsp; SECRETARIA Thiago S. Depintor &nbsp; COMISS\u00c3O T\u00c9CNICA David De Jong Eduardo Andrade Botelho de Almeida Fabio Santos Nascimento Solange Cristina Augusto Zil\u00e1 Luz&#46;&#46;&#46;<\/p>\n","protected":false},"author":1,"featured_media":0,"parent":0,"menu_order":4,"comment_status":"closed","ping_status":"closed","template":"","meta":{"footnotes":"","_links_to":"","_links_to_target":""},"class_list":["post-64","page","type-page","status-publish","hentry"],"_links":{"self":[{"href":"https:\/\/sites.usp.br\/encabel\/wp-json\/wp\/v2\/pages\/64","targetHints":{"allow":["GET"]}}],"collection":[{"href":"https:\/\/sites.usp.br\/encabel\/wp-json\/wp\/v2\/pages"}],"about":[{"href":"https:\/\/sites.usp.br\/encabel\/wp-json\/wp\/v2\/types\/page"}],"author":[{"embeddable":true,"href":"https:\/\/sites.usp.br\/encabel\/wp-json\/wp\/v2\/users\/1"}],"replies":[{"embeddable":true,"href":"https:\/\/sites.usp.br\/encabel\/wp-json\/wp\/v2\/comments?post=64"}],"version-history":[{"count":4,"href":"https:\/\/sites.usp.br\/encabel\/wp-json\/wp\/v2\/pages\/64\/revisions"}],"predecessor-version":[{"id":748,"href":"https:\/\/sites.usp.br\/encabel\/wp-json\/wp\/v2\/pages\/64\/revisions\/748"}],"wp:attachment":[{"href":"https:\/\/sites.usp.br\/encabel\/wp-json\/wp\/v2\/media?parent=64"}],"curies":[{"name":"wp","href":"https:\/\/api.w.org\/{rel}","templated":true}]}}