{"id":26,"date":"2013-11-21T19:00:33","date_gmt":"2013-11-21T19:00:33","guid":{"rendered":"http:\/\/sites.usp.br\/encerramentogsuite\/?page_id=26"},"modified":"2020-01-09T08:43:28","modified_gmt":"2020-01-09T10:43:28","slug":"contato","status":"publish","type":"page","link":"https:\/\/sites.usp.br\/encerramentogsuite\/contato\/","title":{"rendered":"Contato"},"content":{"rendered":"<p>Se as informa\u00e7\u00f5es em nosso site n\u00e3o foram suficientes para esclarecer ou atender suas necessidades, sinta-se a vontade para entrar em contato com nossa equipe de atendimento nos canais de contato abaixo listados.<\/p>\n<ul>\n<li>Portal de Atendimento:\n<ul>\n<li><a href=\"https:\/\/atendimentosti.usp.br\/\">https:\/\/atendimentosti.usp.br\/<\/a><\/li>\n<\/ul>\n<\/li>\n<li>E-mail:\n<ul>\n<li>atendimentosti@usp.br<\/li>\n<\/ul>\n<\/li>\n<\/ul>\n<p>Para facilitar o atendimento informe seu n\u00famero USP e a conta de e-mail <strong>@usp.br<\/strong> para a qual deseja suporte.<\/p>\n","protected":false},"excerpt":{"rendered":"<p>Se as informa\u00e7\u00f5es em nosso site n\u00e3o foram suficientes para esclarecer ou atender suas necessidades, sinta-se a vontade para entrar em contato com nossa equipe de atendimento nos canais de contato abaixo listados. Portal de Atendimento: https:\/\/atendimentosti.usp.br\/ E-mail: atendimentosti@usp.br Para facilitar o atendimento informe seu n\u00famero USP e a conta de e-mail @usp.br para a<a href=\"https:\/\/sites.usp.br\/encerramentogsuite\/contato\/\">[&#8230;]<\/a><\/p>\n","protected":false},"author":1,"featured_media":0,"parent":0,"menu_order":0,"comment_status":"closed","ping_status":"closed","template":"","meta":{"footnotes":"","_links_to":"","_links_to_target":""},"class_list":["post-26","page","type-page","status-publish","hentry"],"_links":{"self":[{"href":"https:\/\/sites.usp.br\/encerramentogsuite\/wp-json\/wp\/v2\/pages\/26","targetHints":{"allow":["GET"]}}],"collection":[{"href":"https:\/\/sites.usp.br\/encerramentogsuite\/wp-json\/wp\/v2\/pages"}],"about":[{"href":"https:\/\/sites.usp.br\/encerramentogsuite\/wp-json\/wp\/v2\/types\/page"}],"author":[{"embeddable":true,"href":"https:\/\/sites.usp.br\/encerramentogsuite\/wp-json\/wp\/v2\/users\/1"}],"replies":[{"embeddable":true,"href":"https:\/\/sites.usp.br\/encerramentogsuite\/wp-json\/wp\/v2\/comments?post=26"}],"version-history":[{"count":5,"href":"https:\/\/sites.usp.br\/encerramentogsuite\/wp-json\/wp\/v2\/pages\/26\/revisions"}],"predecessor-version":[{"id":295,"href":"https:\/\/sites.usp.br\/encerramentogsuite\/wp-json\/wp\/v2\/pages\/26\/revisions\/295"}],"wp:attachment":[{"href":"https:\/\/sites.usp.br\/encerramentogsuite\/wp-json\/wp\/v2\/media?parent=26"}],"curies":[{"name":"wp","href":"https:\/\/api.w.org\/{rel}","templated":true}]}}