{"id":281,"date":"2020-01-09T08:29:42","date_gmt":"2020-01-09T10:29:42","guid":{"rendered":"https:\/\/sites.usp.br\/encerramentogsuite\/?page_id=281"},"modified":"2024-06-21T08:28:28","modified_gmt":"2024-06-21T10:28:28","slug":"backup","status":"publish","type":"page","link":"https:\/\/sites.usp.br\/encerramentogsuite\/backup\/","title":{"rendered":"Orienta\u00e7\u00f5es de Backup"},"content":{"rendered":"<p>Voc\u00ea deseja fazer o backup de suas mensagens e conte\u00fado de sua conta @usp.br, siga uma das orienta\u00e7\u00f5es abaixo.<\/p>\n<ul>\n<li><strong>Eu ainda tenho a minha conta @usp.br e quero migrar os arquivos do Google Drive, como fa\u00e7o?<\/strong>\n<ul>\n<li>Recomendamos nesse caso salvar os arquivos em um computador e transferir os arquivos a partir dele para outra conta (@alumni.usp.br ou @gmail.com) ou aplicativo similar.<\/li>\n<\/ul>\n<\/li>\n<li><strong>Se voc\u00ea ainda tem acesso e deseja migrar os demais conte\u00fados, veja o tutorial do pr\u00f3prio Google:\u00a0<\/strong>\n<ul>\n<li>Link para o procedimento: <a href=\"https:\/\/support.google.com\/accounts\/answer\/3024190?hl=pt-BR\">FAQ Takeout<\/a><\/li>\n<li>Depois que a conta for desativada, voc\u00ea deixar\u00e1 de ter acesso aos recursos acima, fa\u00e7a isso com anteced\u00eancia.<\/li>\n<\/ul>\n<\/li>\n<\/ul>\n","protected":false},"excerpt":{"rendered":"<p>Voc\u00ea deseja fazer o backup de suas mensagens e conte\u00fado de sua conta @usp.br, siga uma das orienta\u00e7\u00f5es abaixo. Eu ainda tenho a minha conta @usp.br e quero migrar os arquivos do Google Drive, como fa\u00e7o? Recomendamos nesse caso salvar os arquivos em um computador e transferir os arquivos a partir dele para outra conta<a href=\"https:\/\/sites.usp.br\/encerramentogsuite\/backup\/\">[&#8230;]<\/a><\/p>\n","protected":false},"author":402,"featured_media":0,"parent":0,"menu_order":0,"comment_status":"closed","ping_status":"closed","template":"","meta":{"footnotes":"","_links_to":"","_links_to_target":""},"class_list":["post-281","page","type-page","status-publish","hentry"],"_links":{"self":[{"href":"https:\/\/sites.usp.br\/encerramentogsuite\/wp-json\/wp\/v2\/pages\/281","targetHints":{"allow":["GET"]}}],"collection":[{"href":"https:\/\/sites.usp.br\/encerramentogsuite\/wp-json\/wp\/v2\/pages"}],"about":[{"href":"https:\/\/sites.usp.br\/encerramentogsuite\/wp-json\/wp\/v2\/types\/page"}],"author":[{"embeddable":true,"href":"https:\/\/sites.usp.br\/encerramentogsuite\/wp-json\/wp\/v2\/users\/402"}],"replies":[{"embeddable":true,"href":"https:\/\/sites.usp.br\/encerramentogsuite\/wp-json\/wp\/v2\/comments?post=281"}],"version-history":[{"count":4,"href":"https:\/\/sites.usp.br\/encerramentogsuite\/wp-json\/wp\/v2\/pages\/281\/revisions"}],"predecessor-version":[{"id":352,"href":"https:\/\/sites.usp.br\/encerramentogsuite\/wp-json\/wp\/v2\/pages\/281\/revisions\/352"}],"wp:attachment":[{"href":"https:\/\/sites.usp.br\/encerramentogsuite\/wp-json\/wp\/v2\/media?parent=281"}],"curies":[{"name":"wp","href":"https:\/\/api.w.org\/{rel}","templated":true}]}}