{"id":111,"date":"2017-03-27T00:01:13","date_gmt":"2017-03-27T02:01:13","guid":{"rendered":"http:\/\/sites.usp.br\/equonomia\/?page_id=111"},"modified":"2024-01-03T01:25:40","modified_gmt":"2024-01-03T03:25:40","slug":"quem-somos","status":"publish","type":"page","link":"https:\/\/sites.usp.br\/equonomia\/quem-somos\/","title":{"rendered":"Quem somos"},"content":{"rendered":"<p>Equonomia \u00e9 um grupo de extens\u00e3o da ESALQ\/USP<br \/>\nTrabalha no apoio na difus\u00e3o para o p\u00fablico em geral dos conhecimentos dispon\u00edveis sobre equideocultura na universidade, desenvolvimento de estudos referentes ao Complexo do Agroneg\u00f3cio do Cavalo, realiza\u00e7\u00e3o de projetos, para iniciativas p\u00fablicas e privadas, sobre temas ligados ao Complexo do Agroneg\u00f3cio do Cavalo e realiza\u00e7\u00e3o de eventos para apresentar e debater assuntos relacionados \u00e0 equideocultura. <\/p>\n","protected":false},"excerpt":{"rendered":"<p>Equonomia \u00e9 um grupo de extens\u00e3o da ESALQ\/USP Trabalha no apoio na difus\u00e3o para o p\u00fablico em geral dos conhecimentos dispon\u00edveis sobre equideocultura na universidade, desenvolvimento de estudos referentes ao Complexo do Agroneg\u00f3cio do Cavalo, realiza\u00e7\u00e3o de projetos, para iniciativas p\u00fablicas e privadas, sobre temas ligados ao Complexo do Agroneg\u00f3cio do Cavalo e realiza\u00e7\u00e3o de<a href=\"https:\/\/sites.usp.br\/equonomia\/quem-somos\/\">[&#8230;]<\/a><\/p>\n","protected":false},"author":309,"featured_media":0,"parent":0,"menu_order":0,"comment_status":"closed","ping_status":"closed","template":"","meta":{"footnotes":"","_links_to":"","_links_to_target":""},"class_list":["post-111","page","type-page","status-publish","hentry"],"_links":{"self":[{"href":"https:\/\/sites.usp.br\/equonomia\/wp-json\/wp\/v2\/pages\/111","targetHints":{"allow":["GET"]}}],"collection":[{"href":"https:\/\/sites.usp.br\/equonomia\/wp-json\/wp\/v2\/pages"}],"about":[{"href":"https:\/\/sites.usp.br\/equonomia\/wp-json\/wp\/v2\/types\/page"}],"author":[{"embeddable":true,"href":"https:\/\/sites.usp.br\/equonomia\/wp-json\/wp\/v2\/users\/309"}],"replies":[{"embeddable":true,"href":"https:\/\/sites.usp.br\/equonomia\/wp-json\/wp\/v2\/comments?post=111"}],"version-history":[{"count":4,"href":"https:\/\/sites.usp.br\/equonomia\/wp-json\/wp\/v2\/pages\/111\/revisions"}],"predecessor-version":[{"id":351,"href":"https:\/\/sites.usp.br\/equonomia\/wp-json\/wp\/v2\/pages\/111\/revisions\/351"}],"wp:attachment":[{"href":"https:\/\/sites.usp.br\/equonomia\/wp-json\/wp\/v2\/media?parent=111"}],"curies":[{"name":"wp","href":"https:\/\/api.w.org\/{rel}","templated":true}]}}