{"id":685,"date":"2024-05-29T14:50:02","date_gmt":"2024-05-29T17:50:02","guid":{"rendered":"https:\/\/sites.usp.br\/escolausp\/20-02-2017\/"},"modified":"2024-06-12T14:15:03","modified_gmt":"2024-06-12T17:15:03","slug":"20-02-2017","status":"publish","type":"page","link":"https:\/\/sites.usp.br\/escolausp\/20-02-2017\/","title":{"rendered":"20\/02\/2017"},"content":{"rendered":"<div id=\"pl-685\"  class=\"panel-layout\" ><div id=\"pg-685-0\"  class=\"panel-grid panel-no-style\" ><div id=\"pgc-685-0-0\"  class=\"panel-grid-cell\" ><div id=\"panel-685-0-0-0\" class=\"so-panel widget_sow-editor panel-first-child panel-last-child\" data-index=\"0\" ><div\n\t\t\t\n\t\t\tclass=\"so-widget-sow-editor so-widget-sow-editor-base\"\n\t\t\t\n\t\t>\n<div class=\"siteorigin-widget-tinymce textwidget\">\n\t<h1>Gest\u00e3o estrat\u00e9gica com\u00a0 foco na administra\u00e7\u00e3o p\u00fablica - Turma 01 A<\/h1>\n<h2>Por Escolausp | 20\/02\/2017<\/h2>\n<hr \/>\n<p>Est\u00e3o abertas as inscri\u00e7\u00f5es para o curso\u00a0Gest\u00e3o Estrat\u00e9gica com foco na Administra\u00e7\u00e3o P\u00fablica\u00a0do Instituto Legislativo Brasileiro. O curso \u00e9\u00a0aberto, gratuito e sem tutoria, e realizado\u00a0\u00e0 dist\u00e2ncia pela internet.<\/p>\n<p>Objetivo: Apresentar os principais elementos da gest\u00e3o estrat\u00e9gica na administra\u00e7\u00e3o p\u00fablica.<\/p>\n<p>Carga Hor\u00e1ria: 40 horas<\/p>\n<p>Dura\u00e7\u00e3o: at\u00e9 60 dias<br \/>\nConte\u00fado Program\u00e1tico:<br \/>\nM\u00f3dulo \u00danico<br \/>\nUnidade 1 \u2013 Estrat\u00e9gia sob a Vis\u00e3o de Michael Porter<br \/>\nUnidade 2 \u2013 Estrat\u00e9gia sob a Vis\u00e3o de Henri Mintzberg<br \/>\nUnidade 3 \u2013 Motiva\u00e7\u00e3o<br \/>\nUnidade 4 \u2013 Estilos de Lideran\u00e7a<br \/>\nUnidade 5 \u2013 Organiza\u00e7\u00e3o Informal<br \/>\nUnidade 6 \u2013 Negocia\u00e7\u00e3o Ganha x Ganha<br \/>\nUnidade 7 \u2013 Intelig\u00eancia Emocional<br \/>\nUnidade 8 \u2013 Intelig\u00eancias M\u00faltiplas<br \/>\nUnidade 9 \u2013 Comunica\u00e7\u00e3o Institucional<br \/>\nUnidade 10 \u2013 Din\u00e2mica de Grupo<\/p>\n<p>Mais informa\u00e7\u00f5es e inscri\u00e7\u00f5es:\u00a0http:\/\/saberes.senado.leg.br\/<\/p>\n<\/div>\n<\/div><\/div><\/div><\/div><div id=\"pg-685-1\"  class=\"panel-grid panel-no-style\" ><div id=\"pgc-685-1-0\"  class=\"panel-grid-cell\" ><div id=\"panel-685-1-0-0\" class=\"widget_text so-panel widget_custom_html panel-first-child panel-last-child\" data-index=\"1\" ><div class=\"textwidget custom-html-widget\"><a href= \"https:\/\/sites.usp.br\/escolausp\/posts\/01-02-2017\/\">\n\t<h3 style=\"text-align: center; margin-bottom: 0px;\">Anterior<\/h3>\n\t\n\t<p style=\"text-align: center;\"> \n\t\tBig data: O Novo Desafio das Empresas e Profissionais do Mercado\n\t<\/p>\n<\/a><\/div><\/div><\/div><div id=\"pgc-685-1-1\"  class=\"panel-grid-cell\" ><div id=\"panel-685-1-1-0\" class=\"widget_text so-panel widget_custom_html panel-first-child panel-last-child\" data-index=\"2\" ><div class=\"textwidget custom-html-widget\"><a href= \"https:\/\/sites.usp.br\/escolausp\/posts\/08-03-2017\/\">\n\t<h3 style=\"text-align: center; margin-bottom: 0px;\">Pr\u00f3ximo<\/h3>\n\t\n\t<p style=\"text-align: center;\"> \n\t\t\u00bfSon Emprendedores Nuestros J\u00f3venes Universitarios? \u00bfLes Ense\u00f1amos A Serloasdfasdf\n\t<\/p>\n<\/a><\/div><\/div><\/div><\/div><\/div>","protected":false},"excerpt":{"rendered":"<p>Gest\u00e3o estrat\u00e9gica com\u00a0 foco na administra\u00e7\u00e3o p\u00fablica &#8211; Turma 01 A Por Escolausp | 20\/02\/2017 [&hellip;]<\/p>\n","protected":false},"author":23980,"featured_media":0,"parent":0,"menu_order":23,"comment_status":"closed","ping_status":"closed","template":"","meta":{"footnotes":"","_links_to":"","_links_to_target":""},"class_list":["post-685","page","type-page","status-publish","hentry"],"_links":{"self":[{"href":"https:\/\/sites.usp.br\/escolausp\/wp-json\/wp\/v2\/pages\/685","targetHints":{"allow":["GET"]}}],"collection":[{"href":"https:\/\/sites.usp.br\/escolausp\/wp-json\/wp\/v2\/pages"}],"about":[{"href":"https:\/\/sites.usp.br\/escolausp\/wp-json\/wp\/v2\/types\/page"}],"author":[{"embeddable":true,"href":"https:\/\/sites.usp.br\/escolausp\/wp-json\/wp\/v2\/users\/23980"}],"replies":[{"embeddable":true,"href":"https:\/\/sites.usp.br\/escolausp\/wp-json\/wp\/v2\/comments?post=685"}],"version-history":[{"count":5,"href":"https:\/\/sites.usp.br\/escolausp\/wp-json\/wp\/v2\/pages\/685\/revisions"}],"predecessor-version":[{"id":741,"href":"https:\/\/sites.usp.br\/escolausp\/wp-json\/wp\/v2\/pages\/685\/revisions\/741"}],"wp:attachment":[{"href":"https:\/\/sites.usp.br\/escolausp\/wp-json\/wp\/v2\/media?parent=685"}],"curies":[{"name":"wp","href":"https:\/\/api.w.org\/{rel}","templated":true}]}}