{"id":814,"date":"2024-11-01T16:07:05","date_gmt":"2024-11-01T19:07:05","guid":{"rendered":"https:\/\/sites.usp.br\/escolausp\/pagina-inicialcapacitacoes-realizadas-2024\/"},"modified":"2025-11-28T12:36:18","modified_gmt":"2025-11-28T15:36:18","slug":"capacitacoes-realizadas","status":"publish","type":"page","link":"https:\/\/sites.usp.br\/escolausp\/pagina-inicial\/capacitacoes-realizadas\/","title":{"rendered":"Capacita\u00e7\u00f5es Realizadas"},"content":{"rendered":"<div id=\"pl-814\"  class=\"panel-layout\" ><div id=\"pg-814-0\"  class=\"panel-grid panel-no-style\" ><div id=\"pgc-814-0-0\"  class=\"panel-grid-cell\" ><div id=\"panel-814-0-0-0\" class=\"widget_text so-panel widget_custom_html panel-first-child panel-last-child\" data-index=\"0\" ><div class=\"textwidget custom-html-widget\"><style>\ntable {\nborder-collapse: collapse;\ncolor: black;\nmargin-top: 20px;\ndisplay: none; \nwidth: 100%;\n}\ntable.active {\ndisplay: table;\n}\nthead th {\nbackground-color: #5B92AD;\ncolor: white;\n}\nth, td {\nborder: 1px solid black;\npadding: 8px;\ntext-align: center;\n}\ntbody th {\nbackground-color: #DCB101;\n}\n.button-container {\nmargin-bottom: 20px;\ntext-align: center;\n}\nbutton {\npadding: 10px 20px;\nmargin: 5px;\nfont-size: 16px;\ncursor: pointer;\nbackground-color: #5B92AD;\ncolor: white;\nborder: none;\nborder-radius: 5px;\ntransition: all 0.5s ease;\n}\nbutton:hover {\nbackground-color: #457287;\n}\n<\/style>\n<body>\n<div class=\"button-container\">\n<button onclick=\"showTable('table2023')\">2023<\/button>\n<button onclick=\"showTable('table2024')\">2024<\/button>\n<button onclick=\"showTable('table2025')\">2025<\/button>\n<\/div>\n<table id=\"table2023\" class=\"active\">\n<thead>\n<tr>\n<th scope=\"col\"> Capacita\u00e7\u00e3o <\/th>\n<th scope=\"col\"> Data <\/th>\n<th scope=\"col\"> Carga Hor\u00e1ria <\/th>\n<th scope=\"col\"> P\u00fablico-alvo <\/th>\n<th scope=\"col\"> Modalidade <\/th>\n<\/tr>\n<\/thead>\n<tbody>\n<tr>\n<th>Treinamento Gest\u00e3o de Projetos<\/th>\n<td>30 e 31\/05 - S\u00e3o Paulo<\/td>\n<td>8h<\/td>\n<td>Respons\u00e1veis por projetos CODAGE - 30 participantes<\/td>\n<td>Presencial<\/td>\n<\/tr>\n<tr>\n<th>Treinamento sobre o Invent\u00e1rio USP 2023<\/th>\n<td>01\/08 - S\u00e3o Paulo, 03\/08 - Piracicaba<\/td>\n<td>3h<\/td>\n<td>Integrantes das Comiss\u00f5es Subsetoriais de Invent\u00e1rio das Unidades\/\u00d3rg\u00e3os (aprox 300 participantes)<\/td>\n<td>Presencial<\/td>\n<\/tr>\n<tr>\n<th>Treinamento Gest\u00e3o de Projetos<\/th>\n<td>04 e 05\/09 - S\u00e3o Paulo<\/td>\n<td>16h<\/td>\n<td>Servidores das \u00e1reas administrativa e financeira da USP, UNESP e Unicamp (total 600 vagas)<\/td>\n<td>Presencial com transmiss\u00e3o online<\/td>\n<\/tr>\n<tr>\n<th>Treinamento Gest\u00e3o de Projetos<\/th>\n<td>14\/09 - Tribunal ministra na USP<\/td>\n<td>3h<\/td>\n<td>Assistentes administrativos e financeiros da USP<\/td>\n<td>Presencial com transmiss\u00e3o online<\/td>\n<\/tr>\n<tr>\n<th>Treinamento Gest\u00e3o de Projetos<\/th>\n<td>30\/11 e 01\/12 (USP - Piracicaba)<\/td>\n<td>16h<\/td>\n<td>Servidores e Docentes das 3 Universidades (300 vagas)<\/td>\n<td>Presencial<\/td>\n<\/tr>\n<tr>\n<th>Treinamento Gest\u00e3o de Projetos<\/th>\n<td>16\/11\/2023<\/td>\n<td>3h<\/td>\n<td>Facilitadores de Capacita\u00e7\u00e3o - Unidades capital e interior<\/td>\n<td>Virtual<\/td>\n<\/tr>\n<tr>\n<th>Treinamento Gest\u00e3o de Projetos<\/th>\n<td>6, 7 e 8\/12\/2023<\/td>\n<td>24h<\/td>\n<td>Servidores das \u00e1reas Adm e Financeiras-Compras p\u00fablicas<\/td>\n<td>Presencial<\/td>\n<\/tr>\n<tr>\n<th>Treinamento Gest\u00e3o de Projetos<\/th>\n<td>16\/12\/2023<\/td>\n<td>4h<\/td>\n<td>Facilitadores de Capacita\u00e7\u00e3o - Unidades capital e interior<\/td>\n<td>Presencial<\/td>\n<\/tr>\n<\/tbody>\n<\/table>\n<table id=\"table2024\">\n<thead>\n<tr>\n<th scope=\"col\">Capacita\u00e7\u00e3o<\/th>\n<th scope=\"col\">Data<\/th>\n<th scope=\"col\">Carga Hor\u00e1ria<\/th>\n<th scope=\"col\">P\u00fablico-alvo<\/th>\n<th scope=\"col\">Modalidade<\/th>\n<\/tr>\n<\/thead>\n<tbody>\n<tr>\n<th>M\u00f3dulo Dirigentes<\/th>\n<td>29 de abril<\/td>\n<td>8h<\/td>\n<td>Dirigentes<\/td>\n<td>Presencial<\/td>\n<\/tr>\n<tr>\n<th>M\u00f3dulo - Chefias<\/th>\n<td>11 e 12 de junho<\/td>\n<td>16h<\/td>\n<td>Chefes de Se\u00e7\u00e3o<\/td>\n<td>Presencial<\/td>\n<\/tr>\n<tr>\n<th>M\u00f3dulo - Chefias<\/th>\n<td>26 e 27 de junho<\/td>\n<td>16h<\/td>\n<td>Chefes de Se\u00e7\u00e3o<\/td>\n<td>Presencial<\/td>\n<\/tr>\n<tr>\n<th>M\u00f3dulo - Chefias<\/th>\n<td>06 e 07 de agosto<\/td>\n<td>16h<\/td>\n<td>Chefes de Depto de Ensino<\/td>\n<td>Presencial<\/td>\n<\/tr>\n<tr>\n<th>M\u00f3dulo - Chefias<\/th>\n<td>14 e 15 de agosto<\/td>\n<td>16h<\/td>\n<td>Chefes de Se\u00e7\u00e3o<\/td>\n<td>Presencial<\/td>\n<\/tr>\n<tr>\n<th>M\u00f3dulo - Chefias<\/th>\n<td>19 e 20 de setembro<\/td>\n<td>16h<\/td>\n<td>Chefes de Se\u00e7\u00e3o<\/td>\n<td>Presencial<\/td>\n<\/tr>\n<tr>\n<th>M\u00f3dulo - Chefias<\/th>\n<td>24 e 25 de setembro<\/td>\n<td>16h<\/td>\n<td>Chefes de Se\u00e7\u00e3o<\/td>\n<td>Presencial<\/td>\n<\/tr>\n<tr>\n<th>M\u00f3dulo - Assistentes<\/th>\n<td>07 a 09 de outubro<\/td>\n<td>16h<\/td>\n<td>Assistentes<\/td>\n<td>Presencial<\/td>\n<\/tr>\n<tr>\n<th>M\u00f3dulo - Assistentes<\/th>\n<td>22 a 24 de outubro<\/td>\n<td>16h<\/td>\n<td>Assistentes<\/td>\n<td>Presencial<\/td>\n<\/tr>\n<tr>\n<th>M\u00f3dulo - Chefias<\/th>\n<td>11 a 13 de novembro<\/td>\n<td>16h<\/td>\n<td>Chefes de Se\u00e7\u00e3o<\/td>\n<td>Presencial<\/td>\n<\/tr>\n<tr>\n<th>M\u00f3dulo - Chefias<\/th>\n<td>25 a 27 de novembro<\/td>\n<td>16h<\/td>\n<td>Chefes de Se\u00e7\u00e3o<\/td>\n<td>Presencial<\/td>\n<\/tr>\n<\/tbody>\n<\/table>\n<table id=\"table2025\">\n<thead>\n<tr>\n<th scope=\"col\">Capacita\u00e7\u00e3o<\/th>\n<th scope=\"col\">Data<\/th>\n<th scope=\"col\">Carga Hor\u00e1ria<\/th>\n<th scope=\"col\">P\u00fablico-alvo<\/th>\n<th scope=\"col\">Modalidade<\/th>\n<\/tr>\n<\/thead>\n<tbody>\n<tr>\n<th>M\u00f3dulo Secret\u00e1rias<\/th>\n<td>03\/02 a 05\/02<\/td>\n<td>16h<\/td>\n<td>Secret\u00e1rias<\/td>\n<td>Presencial<\/td>\n<\/tr>\n<tr>\n<th>M\u00f3dulo B\u00e1sicos<\/th>\n<td>11\/02 a 13\/02<\/td>\n<td>16h<\/td>\n<td>B\u00e1sicos<\/td>\n<td>Presencial<\/td>\n<\/tr>\n<tr>\n<th>M\u00f3dulo B\u00e1sicos<\/th>\n<td>18\/02 a 20\/02<\/td>\n<td>16h<\/td>\n<td>B\u00e1sicos<\/td>\n<td>Presencial<\/td>\n<\/tr>\n<tr>\n<th>M\u00f3dulo B\u00e1sicos<\/th>\n<td>24\/02 a 26\/02<\/td>\n<td>16h<\/td>\n<td>B\u00e1sicos<\/td>\n<td>Presencial<\/td>\n<\/tr>\n<tr>\n<th>M\u00f3dulo B\u00e1sicos<\/th>\n<td>26\/02 a 28\/02<\/td>\n<td>16h<\/td>\n<td>B\u00e1sicos<\/td>\n<td>Presencial<\/td>\n<\/tr>\n<tr>\n<th>M\u00f3dulo B\u00e1sicos<\/th>\n<td>10\/03 a 12\/03<\/td>\n<td>16h<\/td>\n<td>B\u00e1sicos<\/td>\n<td>Presencial<\/td>\n<\/tr>\n<tr>\n<th>M\u00f3dulo B\u00e1sicos<\/th>\n<td>24\/03 a 26\/03<\/td>\n<td>16h<\/td>\n<td>B\u00e1sicos<\/td>\n<td>Presencial<\/td>\n<\/tr>\n<tr>\n<th>M\u00f3dulo B\u00e1sicos<\/th>\n<td>31\/03 a 02\/04<\/td>\n<td>16h<\/td>\n<td>B\u00e1sicos<\/td>\n<td>Presencial<\/td>\n<\/tr>\n<tr>\n<th>M\u00f3dulo B\u00e1sicos e T\u00e9cnicos<\/th>\n<td>07\/04 a 09\/04<\/td>\n<td>16h<\/td>\n<td>B\u00e1sicos e T\u00e9cnicos<\/td>\n<td>Presencial<\/td>\n<\/tr>\n<tr>\n<th>M\u00f3dulo T\u00e9cnicos<\/th>\n<td>14\/04 a 16\/04<\/td>\n<td>16h<\/td>\n<td>T\u00e9cnicos<\/td>\n<td>Presencial<\/td>\n<\/tr>\n<tr>\n<th>M\u00f3dulo T\u00e9cnicos<\/th>\n<td>28\/04 a 30\/04<\/td>\n<td>16h<\/td>\n<td>T\u00e9cnicos<\/td>\n<td>Presencial<\/td>\n<\/tr>\n<tr>\n<th>M\u00f3dulo T\u00e9cnicos<\/th>\n<td>05\/05 a 07\/05<\/td>\n<td>16h<\/td>\n<td>T\u00e9cnicos<\/td>\n<td>Presencial<\/td>\n<\/tr>\n\n\n<tr>\n<th>M\u00f3dulo T\u00e9cnicos<\/th>\n<td>12\/05 a 14\/05<\/td>\n<td>16h<\/td>\n<td>T\u00e9cnicos<\/td>\n<td>Presencial<\/td>\n<\/tr>\n<tr>\n<th>M\u00f3dulo T\u00e9cnicos<\/th>\n<td>21\/05 a 23\/05<\/td>\n<td>16h<\/td>\n<td>T\u00e9cnicos<\/td>\n<td>Presencial<\/td>\n<\/tr>\n<tr>\n<th>M\u00f3dulo T\u00e9cnicos<\/th>\n<td>26\/05 a 28\/05<\/td>\n<td>16h<\/td>\n<td>T\u00e9cnicos<\/td>\n<td>Presencial<\/td>\n<\/tr>\n<tr>\n<th>M\u00f3dulo T\u00e9cnicos<\/th>\n<td>02\/06 a 04\/06<\/td>\n<td>16h<\/td>\n<td>T\u00e9cnicos<\/td>\n<td>Presencial<\/td>\n<\/tr>\n<tr>\n<th>M\u00f3dulo T\u00e9cnicos<\/th>\n<td>11\/06 a 13\/06<\/td>\n<td>16h<\/td>\n<td>T\u00e9cnicos<\/td>\n<td>Presencial<\/td>\n<\/tr>\n<tr>\n<th>M\u00f3dulo T\u00e9cnicos<\/th>\n<td>16\/06 a 18\/06<\/td>\n<td>16h<\/td>\n<td>T\u00e9cnicos<\/td>\n<td>Presencial<\/td>\n<\/tr>\n<tr>\n<th>M\u00f3dulo T\u00e9cnicos<\/th>\n<td>25\/06 a 27\/06<\/td>\n<td>16h<\/td>\n<td>T\u00e9cnicos<\/td>\n<td>Presencial<\/td>\n<\/tr>\n<tr>\n<th>M\u00f3dulo Superiores<\/th>\n<td>31\/07 a 01\/08<\/td>\n<td>16h<\/td>\n<td>Superiores<\/td>\n<td>Presencial<\/td>\n<\/tr>\n<tr>\n<th>M\u00f3dulo Superiores<\/th>\n<td>04\/08 a 06\/08<\/td>\n<td>16h<\/td>\n<td>Superiores<\/td>\n<td>Presencial<\/td>\n<\/tr>\n<tr>\n<th>M\u00f3dulo Superiores<\/th>\n<td>11\/08 a 13\/08<\/td>\n<td>16h<\/td>\n<td>Superiores<\/td>\n<td>Presencial<\/td>\n<\/tr>\n<tr>\n<th>M\u00f3dulo Superiores<\/th>\n<td>18\/08 a 20\/08<\/td>\n<td>16h<\/td>\n<td>Superiores<\/td>\n<td>Presencial<\/td>\n<\/tr>\n<tr>\n<th>M\u00f3dulo Superiores<\/th>\n<td>03\/09 a 05\/09<\/td>\n<td>16h<\/td>\n<td>Superiores<\/td>\n<td>Presencial<\/td>\n<\/tr>\n<tr>\n<th>M\u00f3dulo Superiores<\/th>\n<td>10\/09 a 12\/09<\/td>\n<td>16h<\/td>\n<td>Superiores<\/td>\n<td>Presencial<\/td>\n<\/tr>\n<tr>\n<th>M\u00f3dulo Superiores<\/th>\n<td>15\/09 a 17\/09<\/td>\n<td>16h<\/td>\n<td>Superiores<\/td>\n<td>Presencial<\/td>\n<\/tr>\n<tr>\n<th>M\u00f3dulo Superiores<\/th>\n<td>22\/09 a 24\/09<\/td>\n<td>16h<\/td>\n<td>Superiores<\/td>\n<td>Presencial<\/td>\n<\/tr>\n<tr>\n<th>M\u00f3dulo Facilitadores<\/th>\n<td>08\/10 a 10\/10<\/td>\n<td>16h<\/td>\n<td>T\u00e9cnicos<\/td>\n<td>Presencial<\/td>\n<\/tr>\n\n<\/tbody>\n<\/table>\n<script>\nfunction showTable(tableId) {\nconst tables = document.querySelectorAll(\"table\");\ntables.forEach(table => table.classList.remove(\"active\"));\nconst tableToShow = document.getElementById(tableId);\nif (tableToShow) {\ntableToShow.classList.add(\"active\");\n}\n}\n<\/script>\n<\/body><\/div><\/div><\/div><\/div><div id=\"pg-814-1\"  class=\"panel-grid panel-no-style\" ><div id=\"pgc-814-1-0\"  class=\"panel-grid-cell\" ><div id=\"panel-814-1-0-0\" class=\"so-panel widget_sow-hero panel-first-child panel-last-child\" data-index=\"1\" ><div\n\t\t\t\n\t\t\tclass=\"so-widget-sow-hero so-widget-sow-hero-default-ba6faa71707d-814 so-widget-fittext-wrapper\"\n\t\t\t data-fit-text-compressor=\"0.85\"\n\t\t>\t\t\t\t<div class=\"sow-slider-base\" style=\"display: none\" tabindex=\"0\">\n\t\t\t\t\t<ul\n\t\t\t\t\tclass=\"sow-slider-images\"\n\t\t\t\t\tdata-settings=\"{&quot;pagination&quot;:true,&quot;speed&quot;:800,&quot;timeout&quot;:8000,&quot;paused&quot;:false,&quot;pause_on_hover&quot;:false,&quot;swipe&quot;:true,&quot;nav_always_show_desktop&quot;:&quot;&quot;,&quot;nav_always_show_mobile&quot;:&quot;&quot;,&quot;breakpoint&quot;:&quot;780px&quot;,&quot;unmute&quot;:false,&quot;anchor&quot;:null}\"\n\t\t\t\t\tstyle=\"min-height: 440px\"\t\t\t\t\tdata-anchor-id=\"\"\n\t\t\t\t>\t\t<li class=\"sow-slider-image  sow-slider-image-cover\" style=\"visibility: visible;;background-color: #333333\" >\n\t\t\t\t\t<div class=\"sow-slider-image-container\">\n\t\t\t<div class=\"sow-slider-image-wrapper\">\n\t\t\t\t<h2>Gostaria de participar de algum curso?<\/h2>\n<div class=\"sow-hero-buttons\" ><div\n\t\t\t\n\t\t\tclass=\"so-widget-sow-button so-widget-sow-button-wire-f79171a4e330\"\n\t\t\t\n\t\t><div class=\"ow-button-base ow-button-align-center\"\n>\n\t\t\t<a\n\t\t\t\t\thref=\"https:\/\/sites.usp.br\/escolausp\/pagina-inicial\/cursos-e-eventos-escola-usp\/\"\n\t\t\t\t\tclass=\"sowb-button ow-icon-placement-left\" \t>\n\t\t<span>\n\t\t\t\n\t\t\tVeja os cursos atuais\t\t<\/span>\n\t\t\t<\/a>\n\t<\/div>\n<\/div><\/div>\t\t\t<\/div>\n\t\t<\/div>\n\t\t<div class=\"sow-slider-image-overlay sow-slider-image-cover\" style=\"opacity: 0.5;background-image: url(https:\/\/sites.usp.br\/escolausp\/wp-content\/uploads\/sites\/1412\/2017\/04\/imagem_usp04.jpg)\"  ><\/div>\t\t<\/li>\n\t\t<\/ul>\t\t\t\t<ol class=\"sow-slider-pagination\">\n\t\t\t\t\t\t\t\t\t\t\t<li><a href=\"#\" data-goto=\"0\" aria-label=\"Display slide 1\"><\/a><\/li>\n\t\t\t\t\t\t\t\t\t<\/ol>\n\n\t\t\t\t<div class=\"sow-slide-nav sow-slide-nav-next\">\n\t\t\t\t\t<a href=\"#\" data-goto=\"next\" aria-label=\"Next slide\" data-action=\"next\">\n\t\t\t\t\t\t<em class=\"sow-sld-icon-thin-right\"><\/em>\n\t\t\t\t\t<\/a>\n\t\t\t\t<\/div>\n\n\t\t\t\t<div class=\"sow-slide-nav sow-slide-nav-prev\">\n\t\t\t\t\t<a href=\"#\" data-goto=\"previous\" aria-label=\"Previous slide\" data-action=\"prev\">\n\t\t\t\t\t\t<em class=\"sow-sld-icon-thin-left\"><\/em>\n\t\t\t\t\t<\/a>\n\t\t\t\t<\/div>\n\t\t\t\t<\/div><\/div><\/div><\/div><\/div><\/div>","protected":false},"excerpt":{"rendered":"<p>2023 2024 2025 Capacita\u00e7\u00e3o Data Carga Hor\u00e1ria P\u00fablico-alvo Modalidade Treinamento Gest\u00e3o de Projetos 30 e [&hellip;]<\/p>\n","protected":false},"author":23905,"featured_media":0,"parent":79,"menu_order":0,"comment_status":"closed","ping_status":"closed","template":"","meta":{"footnotes":"","_links_to":"","_links_to_target":""},"class_list":["post-814","page","type-page","status-publish","hentry"],"_links":{"self":[{"href":"https:\/\/sites.usp.br\/escolausp\/wp-json\/wp\/v2\/pages\/814","targetHints":{"allow":["GET"]}}],"collection":[{"href":"https:\/\/sites.usp.br\/escolausp\/wp-json\/wp\/v2\/pages"}],"about":[{"href":"https:\/\/sites.usp.br\/escolausp\/wp-json\/wp\/v2\/types\/page"}],"author":[{"embeddable":true,"href":"https:\/\/sites.usp.br\/escolausp\/wp-json\/wp\/v2\/users\/23905"}],"replies":[{"embeddable":true,"href":"https:\/\/sites.usp.br\/escolausp\/wp-json\/wp\/v2\/comments?post=814"}],"version-history":[{"count":4,"href":"https:\/\/sites.usp.br\/escolausp\/wp-json\/wp\/v2\/pages\/814\/revisions"}],"predecessor-version":[{"id":1052,"href":"https:\/\/sites.usp.br\/escolausp\/wp-json\/wp\/v2\/pages\/814\/revisions\/1052"}],"up":[{"embeddable":true,"href":"https:\/\/sites.usp.br\/escolausp\/wp-json\/wp\/v2\/pages\/79"}],"wp:attachment":[{"href":"https:\/\/sites.usp.br\/escolausp\/wp-json\/wp\/v2\/media?parent=814"}],"curies":[{"name":"wp","href":"https:\/\/api.w.org\/{rel}","templated":true}]}}