{"id":210,"date":"2021-11-16T07:46:19","date_gmt":"2021-11-16T10:46:19","guid":{"rendered":"https:\/\/sites.usp.br\/estagiosfilo\/?page_id=210"},"modified":"2022-09-14T12:47:00","modified_gmt":"2022-09-14T15:47:00","slug":"acompanhamento","status":"publish","type":"page","link":"https:\/\/sites.usp.br\/estagiosfilo\/acompanhamento\/","title":{"rendered":"Acompanhamento"},"content":{"rendered":"<p>Durante o est\u00e1gio (obrigat\u00f3rio ou n\u00e3o obrigat\u00f3rio), voc\u00ea dever\u00e1 preencher o\u00a0<strong>relat\u00f3rio de acompanhamento<\/strong> a cada 6 meses, a contar da data de in\u00edcio do est\u00e1gio.<\/p>\n<ul>\n<li><a href=\"https:\/\/forms.gle\/xmw4hse8zZH4EDkN9\" target=\"_blank\" rel=\"noopener\"><strong>Relat\u00f3rio de Acompanhamento<\/strong><\/a><\/li>\n<\/ul>\n<p><strong>Prorroga\u00e7\u00e3o ou Altera\u00e7\u00e3o de Dados<\/strong><\/p>\n<ul>\n<li><strong><a href=\"https:\/\/sites.usp.br\/estagiosfilo\/acompanhamento\/aditamento\/\">Clique aqui para ver as instru\u00e7\u00f5es<\/a><\/strong><\/li>\n<\/ul>\n<p><strong>Est\u00e1gios Obrigat\u00f3rios<\/strong><\/p>\n<p>Se o seu est\u00e1gio for\u00a0<strong>obrigat\u00f3rio<\/strong>, al\u00e9m do procedimento acima, voc\u00ea deve consultar os procedimentos espec\u00edficos para o seu curso junto \u00e0 Secretaria ou Coordena\u00e7\u00e3o.<\/p>\n<p>O preenchimento do relat\u00f3rio de acompanhamento <strong>n\u00e3o substitui a necessidade<\/strong> da entrega do relat\u00f3rio circunstanciado para obten\u00e7\u00e3o da nota na disciplina.<\/p>\n","protected":false},"excerpt":{"rendered":"<p>Durante o est\u00e1gio (obrigat\u00f3rio ou n\u00e3o obrigat\u00f3rio), voc\u00ea dever\u00e1 preencher o\u00a0relat\u00f3rio de acompanhamento a cada 6 meses, a contar da data de in\u00edcio do est\u00e1gio. Relat\u00f3rio de Acompanhamento Prorroga\u00e7\u00e3o ou Altera\u00e7\u00e3o de Dados Clique aqui para ver as instru\u00e7\u00f5es Est\u00e1gios Obrigat\u00f3rios Se o seu est\u00e1gio for\u00a0obrigat\u00f3rio, al\u00e9m do procedimento acima, voc\u00ea deve consultar os procedimentos &hellip; <\/p>\n<p class=\"link-more\"><a href=\"https:\/\/sites.usp.br\/estagiosfilo\/acompanhamento\/\" class=\"more-link\">Continue lendo<span class=\"screen-reader-text\"> &#8220;Acompanhamento&#8221;<\/span><\/a><\/p>\n","protected":false},"author":783,"featured_media":0,"parent":0,"menu_order":0,"comment_status":"closed","ping_status":"closed","template":"","meta":{"footnotes":"","_links_to":"","_links_to_target":""},"class_list":["post-210","page","type-page","status-publish","hentry","entry"],"_links":{"self":[{"href":"https:\/\/sites.usp.br\/estagiosfilo\/wp-json\/wp\/v2\/pages\/210","targetHints":{"allow":["GET"]}}],"collection":[{"href":"https:\/\/sites.usp.br\/estagiosfilo\/wp-json\/wp\/v2\/pages"}],"about":[{"href":"https:\/\/sites.usp.br\/estagiosfilo\/wp-json\/wp\/v2\/types\/page"}],"author":[{"embeddable":true,"href":"https:\/\/sites.usp.br\/estagiosfilo\/wp-json\/wp\/v2\/users\/783"}],"replies":[{"embeddable":true,"href":"https:\/\/sites.usp.br\/estagiosfilo\/wp-json\/wp\/v2\/comments?post=210"}],"version-history":[{"count":4,"href":"https:\/\/sites.usp.br\/estagiosfilo\/wp-json\/wp\/v2\/pages\/210\/revisions"}],"predecessor-version":[{"id":278,"href":"https:\/\/sites.usp.br\/estagiosfilo\/wp-json\/wp\/v2\/pages\/210\/revisions\/278"}],"wp:attachment":[{"href":"https:\/\/sites.usp.br\/estagiosfilo\/wp-json\/wp\/v2\/media?parent=210"}],"curies":[{"name":"wp","href":"https:\/\/api.w.org\/{rel}","templated":true}]}}