{"id":115,"date":"2014-04-28T16:28:49","date_gmt":"2014-04-28T19:28:49","guid":{"rendered":"http:\/\/sites.usp.brprp\/?page_id=115"},"modified":"2025-06-08T00:11:17","modified_gmt":"2025-06-08T03:11:17","slug":"contato","status":"publish","type":"page","link":"https:\/\/sites.usp.br\/etnopsicologia\/contato\/","title":{"rendered":"Contato"},"content":{"rendered":"<p>Aqui voc\u00ea pode entrar em contato com a equipe do Laborat\u00f3rio de Etnopsicologia.<\/p>\n<p>Caso prefira, tamb\u00e9m estamos no <a href=\"https:\/\/www.facebook.com\/Laborat%C3%B3rio-de-Etnopsicologia-USP-1814072712159544\/\">facebook<\/a>.<\/p>\n<p>Agora tamb\u00e9m no instagram: <a href=\"https:\/\/www.instagram.com\/etnopsi.usp\/\">@etnopsi.usp<\/a><\/p>\n<p>&nbsp;<\/p>\n<p>&nbsp;<\/p>\n<p style=\"text-align: center;\"><b>etnopsi.usp@gmail.com<\/b><\/p>\n<p>&nbsp;<\/p>\n<p>&nbsp;<\/p>\n<p>Telefone: (16) 3315-3735<\/p>\n","protected":false},"excerpt":{"rendered":"<p>Aqui voc\u00ea pode entrar em contato com a equipe do Laborat\u00f3rio de Etnopsicologia. Caso prefira, tamb\u00e9m estamos no facebook. Agora tamb\u00e9m no instagram: @etnopsi.usp &nbsp; &nbsp; etnopsi.usp@gmail.com &nbsp; &nbsp; Telefone: (16) 3315-3735<\/p>\n","protected":false},"author":13,"featured_media":0,"parent":0,"menu_order":0,"comment_status":"closed","ping_status":"closed","template":"","meta":{"footnotes":"","_links_to":"","_links_to_target":""},"class_list":["post-115","page","type-page","status-publish","hentry"],"_links":{"self":[{"href":"https:\/\/sites.usp.br\/etnopsicologia\/wp-json\/wp\/v2\/pages\/115","targetHints":{"allow":["GET"]}}],"collection":[{"href":"https:\/\/sites.usp.br\/etnopsicologia\/wp-json\/wp\/v2\/pages"}],"about":[{"href":"https:\/\/sites.usp.br\/etnopsicologia\/wp-json\/wp\/v2\/types\/page"}],"author":[{"embeddable":true,"href":"https:\/\/sites.usp.br\/etnopsicologia\/wp-json\/wp\/v2\/users\/13"}],"replies":[{"embeddable":true,"href":"https:\/\/sites.usp.br\/etnopsicologia\/wp-json\/wp\/v2\/comments?post=115"}],"version-history":[{"count":4,"href":"https:\/\/sites.usp.br\/etnopsicologia\/wp-json\/wp\/v2\/pages\/115\/revisions"}],"predecessor-version":[{"id":1268,"href":"https:\/\/sites.usp.br\/etnopsicologia\/wp-json\/wp\/v2\/pages\/115\/revisions\/1268"}],"wp:attachment":[{"href":"https:\/\/sites.usp.br\/etnopsicologia\/wp-json\/wp\/v2\/media?parent=115"}],"curies":[{"name":"wp","href":"https:\/\/api.w.org\/{rel}","templated":true}]}}