{"id":316,"date":"2022-05-04T12:14:45","date_gmt":"2022-05-04T14:14:45","guid":{"rendered":"https:\/\/sites.usp.br\/farmacocardiolab\/?page_id=316"},"modified":"2022-05-04T13:14:35","modified_gmt":"2022-05-04T15:14:35","slug":"publicacoes","status":"publish","type":"page","link":"https:\/\/sites.usp.br\/farmacocardiolab\/publicacoes\/","title":{"rendered":"Publica\u00e7\u00f5es"},"content":{"rendered":"\t\t<div data-elementor-type=\"wp-page\" data-elementor-id=\"316\" class=\"elementor elementor-316\" data-elementor-post-type=\"page\">\n\t\t\t\t\t\t<section class=\"elementor-section elementor-top-section elementor-element elementor-element-866ecf9 elementor-section-boxed elementor-section-height-default elementor-section-height-default\" data-id=\"866ecf9\" data-element_type=\"section\">\n\t\t\t\t\t\t<div class=\"elementor-container elementor-column-gap-default\">\n\t\t\t\t\t<div class=\"elementor-column elementor-col-100 elementor-top-column elementor-element elementor-element-32fb63b\" data-id=\"32fb63b\" data-element_type=\"column\">\n\t\t\t<div class=\"elementor-widget-wrap elementor-element-populated\">\n\t\t\t\t\t\t<div class=\"elementor-element elementor-element-4f30098 elementor-widget elementor-widget-heading\" data-id=\"4f30098\" data-element_type=\"widget\" data-widget_type=\"heading.default\">\n\t\t\t\t<div class=\"elementor-widget-container\">\n\t\t\t<h2 class=\"elementor-heading-title elementor-size-default\">Conhe\u00e7a nossas Publica\u00e7\u00f5es<\/h2>\t\t<\/div>\n\t\t\t\t<\/div>\n\t\t\t\t<div class=\"elementor-element elementor-element-ea5788c elementor-widget elementor-widget-text-editor\" data-id=\"ea5788c\" data-element_type=\"widget\" data-widget_type=\"text-editor.default\">\n\t\t\t\t<div class=\"elementor-widget-container\">\n\t\t\t\t\t\t\t<div style=\"font-family: Nunito, sans-serif; font-style: normal; width: 1120px; font-size: 17px; font-variant-caps: normal; text-align: center;\" data-id=\"ca69635\" data-element_type=\"widget\" data-widget_type=\"text-editor.default\"><div style=\"margin: -20px;\"><div><p style=\"margin-bottom: 1.5em;\">Confira os \u00faltimos trabalhos do Laborat\u00f3rio de Farmacologia Cardiovascular<\/p><\/div><\/div><\/div><section style=\"width: 1120px; caret-color: #404040; color: #404040; font-family: 'PT Sans', sans-serif; font-size: 16px; font-style: normal; font-variant-caps: normal; text-align: center;\" data-id=\"a8ad51c\" data-element_type=\"section\"><div><div style=\"width: 1120px;\"><div style=\"width: 560px;\" data-id=\"15d4f60\" data-element_type=\"column\"><div style=\"width: 560px;\"><div style=\"width: 560px;\"><div style=\"width: 540px;\" data-id=\"ccce5e4\" data-element_type=\"widget\" data-widget_type=\"call-to-action.default\"><div><div style=\"transition-property: all;\"><div style=\"width: 540px;\">\u00a0<\/div><\/div><\/div><\/div><\/div><\/div><\/div><\/div><\/div><\/section>\t\t\t\t\t\t<\/div>\n\t\t\t\t<\/div>\n\t\t\t\t\t<\/div>\n\t\t<\/div>\n\t\t\t\t\t<\/div>\n\t\t<\/section>\n\t\t\t\t<section class=\"elementor-section elementor-top-section elementor-element elementor-element-b27a91c elementor-section-boxed elementor-section-height-default elementor-section-height-default\" data-id=\"b27a91c\" data-element_type=\"section\">\n\t\t\t\t\t\t<div class=\"elementor-container elementor-column-gap-default\">\n\t\t\t\t\t<div class=\"elementor-column elementor-col-100 elementor-top-column elementor-element elementor-element-a3097dc\" data-id=\"a3097dc\" data-element_type=\"column\">\n\t\t\t<div class=\"elementor-widget-wrap elementor-element-populated\">\n\t\t\t\t\t\t<div class=\"elementor-element elementor-element-0025a87 elementor-cta--skin-cover elementor-animated-content elementor-bg-transform elementor-bg-transform-zoom-in elementor-widget elementor-widget-call-to-action\" data-id=\"0025a87\" data-element_type=\"widget\" data-widget_type=\"call-to-action.default\">\n\t\t\t\t<div class=\"elementor-widget-container\">\n\t\t\t\t\t<div class=\"elementor-cta\">\n\t\t\t\t\t<div class=\"elementor-cta__bg-wrapper\">\n\t\t\t\t<div class=\"elementor-cta__bg elementor-bg\" style=\"background-image: url(https:\/\/sites.usp.br\/farmacocardiolab\/wp-content\/uploads\/sites\/1071\/2022\/05\/1-2-310x174.png);\" role=\"img\" aria-label=\"1\"><\/div>\n\t\t\t\t<div class=\"elementor-cta__bg-overlay\"><\/div>\n\t\t\t<\/div>\n\t\t\t\t\t\t\t<div class=\"elementor-cta__content\">\n\t\t\t\t\n\t\t\t\t\t\t\t\t\t<h2 class=\"elementor-cta__title elementor-cta__content-item elementor-content-item elementor-animated-item--grow\">\n\t\t\t\t\t\tTrabalhos publicados no PubMed\t\t\t\t\t<\/h2>\n\t\t\t\t\n\t\t\t\t\n\t\t\t\t\t\t\t\t\t<div class=\"elementor-cta__button-wrapper elementor-cta__content-item elementor-content-item elementor-animated-item--grow\">\n\t\t\t\t\t<a class=\"elementor-cta__button elementor-button elementor-size-\" href=\"https:\/\/pubmed.ncbi.nlm.nih.gov\/?term=Tirapelli%20CR%5BAuthor%5D&#038;sort=\" target=\"_blank\">\n\t\t\t\t\t\tClique aqui\t\t\t\t\t<\/a>\n\t\t\t\t\t<\/div>\n\t\t\t\t\t\t\t<\/div>\n\t\t\t\t\t\t<\/div>\n\t\t\t\t<\/div>\n\t\t\t\t<\/div>\n\t\t\t\t\t<\/div>\n\t\t<\/div>\n\t\t\t\t\t<\/div>\n\t\t<\/section>\n\t\t\t\t<section class=\"elementor-section elementor-top-section elementor-element elementor-element-6cc6d3b elementor-section-boxed elementor-section-height-default elementor-section-height-default\" data-id=\"6cc6d3b\" data-element_type=\"section\">\n\t\t\t\t\t\t<div class=\"elementor-container elementor-column-gap-default\">\n\t\t\t\t\t<div class=\"elementor-column elementor-col-100 elementor-top-column elementor-element elementor-element-dcedc0a\" data-id=\"dcedc0a\" data-element_type=\"column\">\n\t\t\t<div class=\"elementor-widget-wrap elementor-element-populated\">\n\t\t\t\t\t\t<div class=\"elementor-element elementor-element-7417fd3 elementor-cta--skin-cover elementor-animated-content elementor-bg-transform elementor-bg-transform-zoom-in elementor-widget elementor-widget-call-to-action\" data-id=\"7417fd3\" data-element_type=\"widget\" data-widget_type=\"call-to-action.default\">\n\t\t\t\t<div class=\"elementor-widget-container\">\n\t\t\t\t\t<div class=\"elementor-cta\">\n\t\t\t\t\t<div class=\"elementor-cta__bg-wrapper\">\n\t\t\t\t<div class=\"elementor-cta__bg elementor-bg\" style=\"background-image: url(https:\/\/sites.usp.br\/farmacocardiolab\/wp-content\/uploads\/sites\/1071\/2022\/05\/2-2.png);\" role=\"img\" aria-label=\"2\"><\/div>\n\t\t\t\t<div class=\"elementor-cta__bg-overlay\"><\/div>\n\t\t\t<\/div>\n\t\t\t\t\t\t\t<div class=\"elementor-cta__content\">\n\t\t\t\t\n\t\t\t\t\t\t\t\t\t<h2 class=\"elementor-cta__title elementor-cta__content-item elementor-content-item elementor-animated-item--grow\">\n\t\t\t\t\t\tTrabalhos publicados no Google Scholar\t\t\t\t\t<\/h2>\n\t\t\t\t\n\t\t\t\t\n\t\t\t\t\t\t\t\t\t<div class=\"elementor-cta__button-wrapper elementor-cta__content-item elementor-content-item elementor-animated-item--grow\">\n\t\t\t\t\t<a class=\"elementor-cta__button elementor-button elementor-size-\" href=\"https:\/\/scholar.google.com.br\/citations?hl=pt-BR&#038;user=RdqeKGsAAAAJ&#038;view_op=list_works&#038;sortby=pubdate\" target=\"_blank\">\n\t\t\t\t\t\tClique aqui\t\t\t\t\t<\/a>\n\t\t\t\t\t<\/div>\n\t\t\t\t\t\t\t<\/div>\n\t\t\t\t\t\t<\/div>\n\t\t\t\t<\/div>\n\t\t\t\t<\/div>\n\t\t\t\t\t<\/div>\n\t\t<\/div>\n\t\t\t\t\t<\/div>\n\t\t<\/section>\n\t\t\t\t<\/div>\n\t\t","protected":false},"excerpt":{"rendered":"<p>Conhe\u00e7a nossas Publica\u00e7\u00f5es Confira os \u00faltimos trabalhos do Laborat\u00f3rio de Farmacologia Cardiovascular \u00a0 Trabalhos publicados no PubMed Clique aqui Trabalhos publicados no Google Scholar Clique aqui<\/p>\n","protected":false},"author":22104,"featured_media":0,"parent":0,"menu_order":0,"comment_status":"closed","ping_status":"closed","template":"elementor_header_footer","meta":{"footnotes":"","_links_to":"","_links_to_target":""},"class_list":["post-316","page","type-page","status-publish","hentry","entry"],"_links":{"self":[{"href":"https:\/\/sites.usp.br\/farmacocardiolab\/wp-json\/wp\/v2\/pages\/316","targetHints":{"allow":["GET"]}}],"collection":[{"href":"https:\/\/sites.usp.br\/farmacocardiolab\/wp-json\/wp\/v2\/pages"}],"about":[{"href":"https:\/\/sites.usp.br\/farmacocardiolab\/wp-json\/wp\/v2\/types\/page"}],"author":[{"embeddable":true,"href":"https:\/\/sites.usp.br\/farmacocardiolab\/wp-json\/wp\/v2\/users\/22104"}],"replies":[{"embeddable":true,"href":"https:\/\/sites.usp.br\/farmacocardiolab\/wp-json\/wp\/v2\/comments?post=316"}],"version-history":[{"count":4,"href":"https:\/\/sites.usp.br\/farmacocardiolab\/wp-json\/wp\/v2\/pages\/316\/revisions"}],"predecessor-version":[{"id":393,"href":"https:\/\/sites.usp.br\/farmacocardiolab\/wp-json\/wp\/v2\/pages\/316\/revisions\/393"}],"wp:attachment":[{"href":"https:\/\/sites.usp.br\/farmacocardiolab\/wp-json\/wp\/v2\/media?parent=316"}],"curies":[{"name":"wp","href":"https:\/\/api.w.org\/{rel}","templated":true}]}}