{"id":190,"date":"2022-07-27T11:12:21","date_gmt":"2022-07-27T13:12:21","guid":{"rendered":"https:\/\/sites.usp.br\/fernandodeazevedo\/?page_id=190"},"modified":"2023-03-30T16:07:26","modified_gmt":"2023-03-30T18:07:26","slug":"atuacao-na-usp","status":"publish","type":"page","link":"https:\/\/sites.usp.br\/fernandodeazevedo\/atuacao-na-usp\/","title":{"rendered":"Atua\u00e7\u00e3o na USP"},"content":{"rendered":"<p>Em 25 de janeiro de 1934, Armando de Salles Oliveira, interventor do Estado de S\u00e3o Paulo, criou a Universidade de S\u00e3o Paulo ao assinar o decreto-lei, elaborado por uma comiss\u00e3o na qual Fernando de Azevedo e J\u00falio de Mesquita Filho estavam presentes. A Faculdade de Filosofia, Ci\u00eancias e Letras foi criada pelo mesmo decreto, tornando-se o n\u00facleo fundamental do sistema universit\u00e1rio.<\/p>\n<p>A Universidade integrou todas as escolas superiores de forma\u00e7\u00e3o profissional j\u00e1 existentes, tais como a de Direito, Medicina, Engenharia e Agricultura, que passaram a sofrer limita\u00e7\u00f5es em sua autonomia. Uma das incorpora\u00e7\u00f5es efetuadas pela Universidade, foi a do Instituto de Educa\u00e7\u00e3o, extinto em 1938 no Governo de Adhemar de Barros.<\/p>\n<p>A implementa\u00e7\u00e3o e consolida\u00e7\u00e3o do sistema universit\u00e1rio enfrentou resist\u00eancias das antigas escolas superiores, o que desencadeou uma crise na Universidade de S\u00e3o Paulo, dificultando sua sobreviv\u00eancia. A situa\u00e7\u00e3o de hostilidade foi agravada com a vinda de professores estrangeiros, contratados por Theodoro Ramos. As miss\u00f5es congregavam professores franceses, alem\u00e3es e italianos e, segundo Azevedo, garantiram a sobreviv\u00eancia, o sucesso e a proje\u00e7\u00e3o da Faculdade de Filosofia.<\/p>\n<p>Em 1941, Fernando de Azevedo foi nomeado Diretor da Faculdade de Filosofia, e por um decreto-lei, no mesmo ano, deu a esse Instituto a sua primeira organiza\u00e7\u00e3o, instalando a sua Congrega\u00e7\u00e3o e criando seu corpo de funcion\u00e1rios t\u00e9cnicos e administrativos. Consolidou a sua estrutura, conferindo lhe estatuto pr\u00f3prio e tirando-lhe o car\u00e1ter de provisoriedade que a deixava vulner\u00e1vel. A publica\u00e7\u00e3o dos Boletins da Faculdade de Filosofia, Ci\u00eancias e Letras da USP, foi uma das iniciativas desse processo<\/p>\n","protected":false},"excerpt":{"rendered":"<p>Em 25 de janeiro de 1934, Armando de Salles Oliveira, interventor do Estado de S\u00e3o Paulo, criou a Universidade de S\u00e3o Paulo ao assinar o decreto-lei, elaborado por uma comiss\u00e3o na qual Fernando de Azevedo e J\u00falio de Mesquita Filho estavam presentes. A Faculdade de Filosofia, Ci\u00eancias e Letras foi criada pelo mesmo decreto, tornando-se &hellip; <\/p>\n<p class=\"link-more\"><a href=\"https:\/\/sites.usp.br\/fernandodeazevedo\/atuacao-na-usp\/\" class=\"more-link\">Continue lendo<span class=\"screen-reader-text\"> &#8220;Atua\u00e7\u00e3o na USP&#8221;<\/span><\/a><\/p>\n","protected":false},"author":23149,"featured_media":0,"parent":0,"menu_order":0,"comment_status":"closed","ping_status":"closed","template":"","meta":{"footnotes":"","_links_to":"","_links_to_target":""},"class_list":["post-190","page","type-page","status-publish","hentry"],"_links":{"self":[{"href":"https:\/\/sites.usp.br\/fernandodeazevedo\/wp-json\/wp\/v2\/pages\/190","targetHints":{"allow":["GET"]}}],"collection":[{"href":"https:\/\/sites.usp.br\/fernandodeazevedo\/wp-json\/wp\/v2\/pages"}],"about":[{"href":"https:\/\/sites.usp.br\/fernandodeazevedo\/wp-json\/wp\/v2\/types\/page"}],"author":[{"embeddable":true,"href":"https:\/\/sites.usp.br\/fernandodeazevedo\/wp-json\/wp\/v2\/users\/23149"}],"replies":[{"embeddable":true,"href":"https:\/\/sites.usp.br\/fernandodeazevedo\/wp-json\/wp\/v2\/comments?post=190"}],"version-history":[{"count":3,"href":"https:\/\/sites.usp.br\/fernandodeazevedo\/wp-json\/wp\/v2\/pages\/190\/revisions"}],"predecessor-version":[{"id":275,"href":"https:\/\/sites.usp.br\/fernandodeazevedo\/wp-json\/wp\/v2\/pages\/190\/revisions\/275"}],"wp:attachment":[{"href":"https:\/\/sites.usp.br\/fernandodeazevedo\/wp-json\/wp\/v2\/media?parent=190"}],"curies":[{"name":"wp","href":"https:\/\/api.w.org\/{rel}","templated":true}]}}