{"id":190,"date":"2023-02-07T17:29:27","date_gmt":"2023-02-07T19:29:27","guid":{"rendered":"https:\/\/sites.usp.br\/fft\/?page_id=190"},"modified":"2025-07-25T10:12:36","modified_gmt":"2025-07-25T12:12:36","slug":"apresentacao","status":"publish","type":"page","link":"https:\/\/sites.usp.br\/fft\/apresentacao\/","title":{"rendered":"Apresenta\u00e7\u00e3o"},"content":{"rendered":"<h2>Apresenta\u00e7\u00e3o<\/h2>\n<h3>O Programa foi criado na d\u00e9cada de 1970 com docentes oriundos do Departamento de An\u00e1lises Cl\u00ednicas e Toxicol\u00f3gicas da Faculdade de Ci\u00eancias Farmac\u00eauticas da Universidade de S\u00e3o Paulo que, naquele momento, se qualificavam cientificamente, em especial, nos Programas de P\u00f3s-Gradua\u00e7\u00e3o do Instituto de Qu\u00edmica, da Faculdade de Medicina ou Faculdade de Medicina Veterin\u00e1ria e Zootecnia\/USP. Fizeram juntos um trabalho \u00e1rduo ao longo do tempo, sempre pautado na excel\u00eancia cient\u00edfica e na diversifica\u00e7\u00e3o de linhas de pesquisa das An\u00e1lises Cl\u00ednicas e Toxicol\u00f3gicas, para que o Programa de P\u00f3s-Gradua\u00e7\u00e3o em Farm\u00e1cia (An\u00e1lises Cl\u00ednicas) se tornasse o primeiro Programa da \u00e1rea de Farm\u00e1cia com nota 7 na avalia\u00e7\u00e3o Capes em 2010. Em seguida, em 2014, o Programa de P\u00f3s-Gradua\u00e7\u00e3o em Farm\u00e1cia (An\u00e1lises Cl\u00ednicas), iniciou o processo de fus\u00e3o com o Programa de P\u00f3s-Gradua\u00e7\u00e3o em Toxicologia e An\u00e1lises Toxicol\u00f3gicas, o qual havia se recuperado de avalia\u00e7\u00e3o 3 na CAPES, e havia recebido nota 5 neste momento, e estava em franca progress\u00e3o. No entanto, os orientadores do Programa compreenderam naquele momento a necessidade de fus\u00e3o de ambos os Programas do mesmo Departamento da FCF\/USP para que houvesse crescimento cient\u00edfico e tecnol\u00f3gico, os quais resultariam em maior visibilidade ao Programa e progressos na forma\u00e7\u00e3o qualificada na p\u00f3s-gradua\u00e7\u00e3o. Esta iniciativa foi cuidadosamente abordada pelos coordenadores dos Programas com o apoio da chefia de departamento.<\/h3>\n<h3>Princ\u00edpios da Faculdade de Ci\u00eancias Farmac\u00eauticas<\/h3>\n<p><b>Miss\u00e3o FCF<\/b>: &#8220;Promover a forma\u00e7\u00e3o de recursos humanos qualificados,\u00a0empreendedores e com vis\u00e3o cr\u00edtica, gerar o conhecimento e atuar nas atividades\u00a0de extens\u00e3o em Ci\u00eancias Farmac\u00eauticas&#8221;.<\/p>\n<p>&nbsp;<\/p>\n<p><b>Vis\u00e3o FCF<\/b>: &#8220;Ser refer\u00eancia no ensino e na pesquisa interdisciplinar em ci\u00eancias\u00a0farmac\u00eauticas, sendo reconhecida a sua contribui\u00e7\u00e3o \u00e0 sociedade no \u00e2mbito da\u00a0ci\u00eancia, tecnologia e inova\u00e7\u00e3o&#8221;.<\/p>\n<p>&nbsp;<\/p>\n<p><b>Valores<\/b>: &#8220;As atividades de ensino, pesquisa e extens\u00e3o desenvolvidas pela FCF-USP devem ser pautadas pela excel\u00eancia e pelos princ\u00edpios \u00e9ticos, priorizando a\u00a0dignidade dos seres vivos e a preserva\u00e7\u00e3o do meio ambiente&#8221;.<\/p>\n","protected":false},"excerpt":{"rendered":"<p>Apresenta\u00e7\u00e3o O Programa foi criado na d\u00e9cada de 1970 com docentes oriundos do Departamento de An\u00e1lises Cl\u00ednicas e Toxicol\u00f3gicas da&#46;&#46;&#46;<\/p>\n","protected":false},"author":23435,"featured_media":0,"parent":0,"menu_order":0,"comment_status":"closed","ping_status":"closed","template":"elementor_header_footer","meta":{"footnotes":"","_links_to":"","_links_to_target":""},"class_list":["post-190","page","type-page","status-publish","hentry"],"_links":{"self":[{"href":"https:\/\/sites.usp.br\/fft\/wp-json\/wp\/v2\/pages\/190","targetHints":{"allow":["GET"]}}],"collection":[{"href":"https:\/\/sites.usp.br\/fft\/wp-json\/wp\/v2\/pages"}],"about":[{"href":"https:\/\/sites.usp.br\/fft\/wp-json\/wp\/v2\/types\/page"}],"author":[{"embeddable":true,"href":"https:\/\/sites.usp.br\/fft\/wp-json\/wp\/v2\/users\/23435"}],"replies":[{"embeddable":true,"href":"https:\/\/sites.usp.br\/fft\/wp-json\/wp\/v2\/comments?post=190"}],"version-history":[{"count":5,"href":"https:\/\/sites.usp.br\/fft\/wp-json\/wp\/v2\/pages\/190\/revisions"}],"predecessor-version":[{"id":1903,"href":"https:\/\/sites.usp.br\/fft\/wp-json\/wp\/v2\/pages\/190\/revisions\/1903"}],"wp:attachment":[{"href":"https:\/\/sites.usp.br\/fft\/wp-json\/wp\/v2\/media?parent=190"}],"curies":[{"name":"wp","href":"https:\/\/api.w.org\/{rel}","templated":true}]}}