{"id":244,"date":"2023-02-07T18:14:19","date_gmt":"2023-02-07T20:14:19","guid":{"rendered":"https:\/\/sites.usp.br\/fft\/?page_id=244"},"modified":"2023-03-09T17:48:37","modified_gmt":"2023-03-09T19:48:37","slug":"primeira-matricula","status":"publish","type":"page","link":"https:\/\/sites.usp.br\/fft\/primeira-matricula\/","title":{"rendered":"Primeira Matr\u00edcula"},"content":{"rendered":"\t\t<div data-elementor-type=\"wp-page\" data-elementor-id=\"244\" class=\"elementor elementor-244\" data-elementor-post-type=\"page\">\n\t\t\t\t\t\t<section class=\"elementor-section elementor-top-section elementor-element elementor-element-10a855a6 elementor-section-boxed elementor-section-height-default elementor-section-height-default\" data-id=\"10a855a6\" data-element_type=\"section\">\n\t\t\t\t\t\t<div class=\"elementor-container elementor-column-gap-default\">\n\t\t\t\t\t<div class=\"elementor-column elementor-col-100 elementor-top-column elementor-element elementor-element-28959451\" data-id=\"28959451\" data-element_type=\"column\">\n\t\t\t<div class=\"elementor-widget-wrap elementor-element-populated\">\n\t\t\t\t\t\t<div class=\"elementor-element elementor-element-0a0f3cb elementor-widget elementor-widget-spacer\" data-id=\"0a0f3cb\" data-element_type=\"widget\" data-widget_type=\"spacer.default\">\n\t\t\t\t<div class=\"elementor-widget-container\">\n\t\t\t\t\t<div class=\"elementor-spacer\">\n\t\t\t<div class=\"elementor-spacer-inner\"><\/div>\n\t\t<\/div>\n\t\t\t\t<\/div>\n\t\t\t\t<\/div>\n\t\t\t\t<div class=\"elementor-element elementor-element-edd6814 elementor-widget elementor-widget-heading\" data-id=\"edd6814\" data-element_type=\"widget\" data-widget_type=\"heading.default\">\n\t\t\t\t<div class=\"elementor-widget-container\">\n\t\t\t<h2 class=\"elementor-heading-title elementor-size-default\">Primeira matr\u00edcula<\/h2>\t\t<\/div>\n\t\t\t\t<\/div>\n\t\t\t\t<div class=\"elementor-element elementor-element-1ad89c8e elementor-widget elementor-widget-text-editor\" data-id=\"1ad89c8e\" data-element_type=\"widget\" data-widget_type=\"text-editor.default\">\n\t\t\t\t<div class=\"elementor-widget-container\">\n\t\t\t\t\t\t\t<p><a href=\"http:\/\/www.fcf.usp.br\/pos-graduacao\/pagina.php?menu=93&amp;pagina=698\" target=\"_blank\" rel=\"noopener\">Primeira matr\u00edcula &#8211; Alunos Ingressantes<\/a><\/p>\n<p><br><\/p>\n<p><b>Mais informa\u00e7\u00f5es:<\/b><\/p>\n<li><a href=\"http:\/\/www.fcf.usp.br\/pos-graduacao\/subpagina.php?menu=93&amp;pagina=698&amp;subpagina=430\" target=\"_blank\" rel=\"noopener\">Bem-Vindo (a)!<\/a><\/li>\n<li><a href=\"http:\/\/www.fcf.usp.br\/pos-graduacao\/subpagina.php?menu=93&amp;pagina=698&amp;subpagina=431\" target=\"_blank\" rel=\"noopener\">Matr\u00edcula em Disciplinas ou Matr\u00edcula de Acompanhamento<\/a><\/li>\t\t\t\t\t\t<\/div>\n\t\t\t\t<\/div>\n\t\t\t\t\t<\/div>\n\t\t<\/div>\n\t\t\t\t\t<\/div>\n\t\t<\/section>\n\t\t\t\t<section class=\"elementor-section elementor-top-section elementor-element elementor-element-90f03d1 elementor-section-boxed elementor-section-height-default elementor-section-height-default\" data-id=\"90f03d1\" data-element_type=\"section\">\n\t\t\t\t\t\t<div class=\"elementor-container elementor-column-gap-default\">\n\t\t\t\t\t<div class=\"elementor-column elementor-col-100 elementor-top-column elementor-element elementor-element-094b9b1\" data-id=\"094b9b1\" data-element_type=\"column\">\n\t\t\t<div class=\"elementor-widget-wrap elementor-element-populated\">\n\t\t\t\t\t\t<div class=\"elementor-element elementor-element-afd5e57 elementor-widget elementor-widget-spacer\" data-id=\"afd5e57\" data-element_type=\"widget\" data-widget_type=\"spacer.default\">\n\t\t\t\t<div class=\"elementor-widget-container\">\n\t\t\t\t\t<div class=\"elementor-spacer\">\n\t\t\t<div class=\"elementor-spacer-inner\"><\/div>\n\t\t<\/div>\n\t\t\t\t<\/div>\n\t\t\t\t<\/div>\n\t\t\t\t\t<\/div>\n\t\t<\/div>\n\t\t\t\t\t<\/div>\n\t\t<\/section>\n\t\t\t\t<\/div>\n\t\t","protected":false},"excerpt":{"rendered":"<p>Primeira matr\u00edcula Primeira matr\u00edcula &#8211; Alunos Ingressantes Mais informa\u00e7\u00f5es: Bem-Vindo (a)! Matr\u00edcula em Disciplinas ou Matr\u00edcula de Acompanhamento<\/p>\n","protected":false},"author":23435,"featured_media":0,"parent":0,"menu_order":0,"comment_status":"closed","ping_status":"closed","template":"elementor_header_footer","meta":{"footnotes":"","_links_to":"","_links_to_target":""},"class_list":["post-244","page","type-page","status-publish","hentry"],"_links":{"self":[{"href":"https:\/\/sites.usp.br\/fft\/wp-json\/wp\/v2\/pages\/244","targetHints":{"allow":["GET"]}}],"collection":[{"href":"https:\/\/sites.usp.br\/fft\/wp-json\/wp\/v2\/pages"}],"about":[{"href":"https:\/\/sites.usp.br\/fft\/wp-json\/wp\/v2\/types\/page"}],"author":[{"embeddable":true,"href":"https:\/\/sites.usp.br\/fft\/wp-json\/wp\/v2\/users\/23435"}],"replies":[{"embeddable":true,"href":"https:\/\/sites.usp.br\/fft\/wp-json\/wp\/v2\/comments?post=244"}],"version-history":[{"count":4,"href":"https:\/\/sites.usp.br\/fft\/wp-json\/wp\/v2\/pages\/244\/revisions"}],"predecessor-version":[{"id":1422,"href":"https:\/\/sites.usp.br\/fft\/wp-json\/wp\/v2\/pages\/244\/revisions\/1422"}],"wp:attachment":[{"href":"https:\/\/sites.usp.br\/fft\/wp-json\/wp\/v2\/media?parent=244"}],"curies":[{"name":"wp","href":"https:\/\/api.w.org\/{rel}","templated":true}]}}