{"id":293,"date":"2023-02-07T22:36:20","date_gmt":"2023-02-08T00:36:20","guid":{"rendered":"https:\/\/sites.usp.br\/fft\/?page_id=293"},"modified":"2023-03-09T17:46:11","modified_gmt":"2023-03-09T19:46:11","slug":"mobilidade-nacional-internacional","status":"publish","type":"page","link":"https:\/\/sites.usp.br\/fft\/mobilidade-nacional-internacional\/","title":{"rendered":"Mobilidade Nacional \/ Internacional"},"content":{"rendered":"\t\t<div data-elementor-type=\"wp-page\" data-elementor-id=\"293\" class=\"elementor elementor-293\" data-elementor-post-type=\"page\">\n\t\t\t\t\t\t<section class=\"elementor-section elementor-top-section elementor-element elementor-element-3752d374 elementor-section-boxed elementor-section-height-default elementor-section-height-default\" data-id=\"3752d374\" data-element_type=\"section\">\n\t\t\t\t\t\t<div class=\"elementor-container elementor-column-gap-default\">\n\t\t\t\t\t<div class=\"elementor-column elementor-col-100 elementor-top-column elementor-element elementor-element-7453fddd\" data-id=\"7453fddd\" data-element_type=\"column\">\n\t\t\t<div class=\"elementor-widget-wrap elementor-element-populated\">\n\t\t\t\t\t\t<div class=\"elementor-element elementor-element-1db6ffc elementor-widget elementor-widget-spacer\" data-id=\"1db6ffc\" data-element_type=\"widget\" data-widget_type=\"spacer.default\">\n\t\t\t\t<div class=\"elementor-widget-container\">\n\t\t\t\t\t<div class=\"elementor-spacer\">\n\t\t\t<div class=\"elementor-spacer-inner\"><\/div>\n\t\t<\/div>\n\t\t\t\t<\/div>\n\t\t\t\t<\/div>\n\t\t\t\t<div class=\"elementor-element elementor-element-9beaa78 elementor-widget elementor-widget-heading\" data-id=\"9beaa78\" data-element_type=\"widget\" data-widget_type=\"heading.default\">\n\t\t\t\t<div class=\"elementor-widget-container\">\n\t\t\t<h2 class=\"elementor-heading-title elementor-size-default\">Mobilidade Nacional<\/h2>\t\t<\/div>\n\t\t\t\t<\/div>\n\t\t\t\t<div class=\"elementor-element elementor-element-4b509fde elementor-widget elementor-widget-text-editor\" data-id=\"4b509fde\" data-element_type=\"widget\" data-widget_type=\"text-editor.default\">\n\t\t\t\t<div class=\"elementor-widget-container\">\n\t\t\t\t\t\t\t<p><strong>CARLA MARIA DE SOUSA SILVA<\/strong><\/p>\n<p><strong>&nbsp;<\/strong><\/p>\n<p>Curso de Mestrado em Ci\u00eancias Farmac\u00eauticas<\/p>\n<p><strong style=\"color: var( --e-global-color-text );\">Institui\u00e7\u00e3o<\/strong><span style=\"color: var( --e-global-color-text );\">: Universidade Federal de Goi\u00e1s<\/span><br><\/p>\n<p><strong>Orientador<\/strong>: Prof. Dr. Lu\u00eds Carlos da Cunha<\/p>\n<p><strong>Orientador da USP<\/strong>: Prof. Dr. Maur\u00edcio Yonamine<\/p>\n<p><strong>Per\u00edodo<\/strong>: 10\/03\/2020 a 10\/03\/2021<\/p>\n<p><strong>Curriculum Lattes<\/strong>: http:\/\/lattes.cnpq.br\/3336084053380060<\/p>\n<p><strong>Ficha do aluno<\/strong>: Acesse&nbsp;<a href=\"http:\/\/www.fcf.usp.br\/arquivos\/departamentos\/EMY\/43.%20P%C3%B3s-Graduando%20-%20MOBILIDADE%20NACIONAL%20-%202017%20a%202020_15.04.2021_07h6.pdf\" target=\"_blank\">aqui<\/a><\/p>\t\t\t\t\t\t<\/div>\n\t\t\t\t<\/div>\n\t\t\t\t<div class=\"elementor-element elementor-element-28cd176 elementor-widget elementor-widget-spacer\" data-id=\"28cd176\" data-element_type=\"widget\" data-widget_type=\"spacer.default\">\n\t\t\t\t<div class=\"elementor-widget-container\">\n\t\t\t\t\t<div class=\"elementor-spacer\">\n\t\t\t<div class=\"elementor-spacer-inner\"><\/div>\n\t\t<\/div>\n\t\t\t\t<\/div>\n\t\t\t\t<\/div>\n\t\t\t\t\t<\/div>\n\t\t<\/div>\n\t\t\t\t\t<\/div>\n\t\t<\/section>\n\t\t\t\t<\/div>\n\t\t","protected":false},"excerpt":{"rendered":"<p>Mobilidade Nacional CARLA MARIA DE SOUSA SILVA &nbsp; Curso de Mestrado em Ci\u00eancias Farmac\u00eauticas Institui\u00e7\u00e3o: Universidade Federal de Goi\u00e1s Orientador:&#46;&#46;&#46;<\/p>\n","protected":false},"author":23435,"featured_media":0,"parent":0,"menu_order":0,"comment_status":"closed","ping_status":"closed","template":"elementor_header_footer","meta":{"footnotes":"","_links_to":"","_links_to_target":""},"class_list":["post-293","page","type-page","status-publish","hentry"],"_links":{"self":[{"href":"https:\/\/sites.usp.br\/fft\/wp-json\/wp\/v2\/pages\/293","targetHints":{"allow":["GET"]}}],"collection":[{"href":"https:\/\/sites.usp.br\/fft\/wp-json\/wp\/v2\/pages"}],"about":[{"href":"https:\/\/sites.usp.br\/fft\/wp-json\/wp\/v2\/types\/page"}],"author":[{"embeddable":true,"href":"https:\/\/sites.usp.br\/fft\/wp-json\/wp\/v2\/users\/23435"}],"replies":[{"embeddable":true,"href":"https:\/\/sites.usp.br\/fft\/wp-json\/wp\/v2\/comments?post=293"}],"version-history":[{"count":5,"href":"https:\/\/sites.usp.br\/fft\/wp-json\/wp\/v2\/pages\/293\/revisions"}],"predecessor-version":[{"id":1404,"href":"https:\/\/sites.usp.br\/fft\/wp-json\/wp\/v2\/pages\/293\/revisions\/1404"}],"wp:attachment":[{"href":"https:\/\/sites.usp.br\/fft\/wp-json\/wp\/v2\/media?parent=293"}],"curies":[{"name":"wp","href":"https:\/\/api.w.org\/{rel}","templated":true}]}}