{"id":638,"date":"2021-12-22T23:23:36","date_gmt":"2021-12-23T02:23:36","guid":{"rendered":"https:\/\/sites.usp.br\/filologia\/?page_id=638"},"modified":"2022-08-15T09:49:11","modified_gmt":"2022-08-15T12:49:11","slug":"membros","status":"publish","type":"page","link":"https:\/\/sites.usp.br\/filologia\/membros\/","title":{"rendered":"Membros"},"content":{"rendered":"<p><span style=\"color: #800000;\"><strong>COORDENADOR e ORGANIZADOR<\/strong><\/span><\/p>\n<p>&nbsp;<\/p>\n<p style=\"text-align: center;\"><strong>Professor Doutor Luiz Ant\u00f4nio Lindo<\/strong><\/p>\n<p style=\"text-align: center;\"><em>lal@usp.br<\/em><\/p>\n<p style=\"text-align: center;\">Possui gradua\u00e7\u00e3o em Ci\u00eancias Sociais pela Universidade de S\u00e3o Paulo (1981), gradua\u00e7\u00e3o em Jornalismo pela Faculdade de Comunica\u00e7\u00e3o Social Casper L\u00edbero (1977), mestrado em Letras (Teoria Liter\u00e1ria e Literatura Comparada) pela Universidade de S\u00e3o Paulo (1992) e doutorado em Letras (Letras Cl\u00e1ssicas) pela Universidade de S\u00e3o Paulo (1999). Atualmente \u00e9 professor-doutor da Universidade de S\u00e3o Paulo. Tem experi\u00eancia na \u00e1rea de Letras, com \u00eanfase em FILOLOGIA ROM\u00c2NICA, atuando principalmente nos seguintes temas: americanismos l\u00e9xicos, filologia rom\u00e2nica, cultura, linguagem e l\u00e9xico. <a href=\"http:\/\/lattes.cnpq.br\/9342365337211984\" target=\"_blank\" rel=\"noopener\">Clique para acessar o Curr\u00edculo Lattes<\/a>.<\/p>\n<p>&nbsp;<\/p>\n<p><strong><span style=\"color: #000080;\">ESTUDANTES e COLABORADORES<\/span><\/strong><\/p>\n<p>&nbsp;<\/p>\n<p style=\"text-align: center;\"><strong>Victor Ruy Rossetti<\/strong><\/p>\n<p style=\"text-align: center;\"><em>victorruyrossetti1991@gmail.com<\/em><\/p>\n<p style=\"text-align: center;\">Graduado em Hist\u00f3ria pela Universidade de S\u00e3o Paulo (2014-2017), mestrando em Hist\u00f3ria Social pela Universidade de S\u00e3o Paulo (2019-2022). Especialista em Hist\u00f3ria da Igreja, Hist\u00f3ria Medieval e cruzadas. Membro e colaborador do <em>Scriptorium <\/em>desde dezembro de 2021. <a href=\"http:\/\/lattes.cnpq.br\/2062202933337534\" target=\"_blank\" rel=\"noopener\">Clique para acessar o Curr\u00edculo Lattes<\/a>.<\/p>\n<p>&nbsp;<\/p>\n<p style=\"text-align: center;\"><strong>Matheus Bezerra de Azevedo<\/strong><\/p>\n<p style=\"text-align: center;\"><em>matheusazevedo6@gmail.com<\/em><\/p>\n<p style=\"text-align: center;\">Mestrando em Italian\u00edstica pela Universidade de S\u00e3o Paulo. Licenciado em Letras &#8211; L\u00edngua Portuguesa e Literaturas (UFRN). Atualmente integra o Grupo de Pesquisa Am\u00e9rica Rom\u00e2nia, sediado na Universidade de S\u00e3o Paulo, onde tem organizado a Semana de Filologia na USP e o Simp\u00f3sio de Filologia e Cultura Latino-Americana. Tem interesse em Lingu\u00edstica, com enfoque nos estudos gramaticais, publicando a respeito de Abordagens Centradas no Uso (sobretudo as de natureza funcional-cognitiva), bem como em filologia, historiografia e hist\u00f3ria das ideias lingu\u00edsticas relacionadas ao per\u00edodo cl\u00e1ssico e aos seus desdobramentos rom\u00e2nicos. \u00c9 membro associado da Sociedade Brasileira de Estudos Cl\u00e1ssicos (SBEC). <a href=\"http:\/\/lattes.cnpq.br\/6163974142021387\" target=\"_blank\" rel=\"noopener\">Clique para acessar o Curr\u00edculo Lattes<\/a>.<\/p>\n<p>&nbsp;<\/p>\n<p style=\"text-align: center;\"><strong>Paulo Sidnei de Lima<\/strong><\/p>\n<p style=\"text-align: center;\"><em>paulo.sidnei.lima@usp.br<\/em><\/p>\n<p style=\"text-align: center;\">Gradua\u00e7\u00e3o em Letras &#8211; Italiano (Universidade de S\u00e3o Paulo, 2016). Mestrado em Letras (Universidade de S\u00e3o Paulo, 2020). Como pesquisador pelo Programa de L\u00edngua, Literatura e Cultura Italianas tem estudado a recep\u00e7\u00e3o da obra de Dante Alighieri, a Quest\u00e3o da L\u00edngua na It\u00e1lia, a influ\u00eancia cultural dos imigrantes italianos em S\u00e3o Paulo e a presen\u00e7a de Arist\u00f3teles, C\u00edcero e Hor\u00e1cio na obra e no pensamento de Dante Alighieri. Como doutorando pelo mesmo programa tem pesquisado o papel de Dante como comentador do legado da latinidade e como int\u00e9rprete e interlocutor do pensamento dos cl\u00e1ssicos para os povos de l\u00edngua rom\u00e2nica de seu tempo. <a href=\"http:\/\/lattes.cnpq.br\/3321144180144480\" target=\"_blank\" rel=\"noopener\">Clique para acessar o Curr\u00edculo Lattes.<\/a><\/p>\n<p>&nbsp;<\/p>\n<p style=\"text-align: center;\"><strong>Ricardo Gustavo Garcia de Mello<\/strong><\/p>\n<p style=\"text-align: center;\"><em><span class=\"gI\">ricardogarciamello@usp.br<\/span><\/em><\/p>\n<p style=\"text-align: center;\">Doutorando no programa de p\u00f3s-gradua\u00e7\u00e3o interunidades em Integra\u00e7\u00e3o da Am\u00e9rica Latina &#8211; Prolam\/USP. Formado em Sociologia. Foi pesquisador do Instituto Brasileiro de Filosofia e Ci\u00eancia &#8220;Raimundo L\u00falio&#8221; (Ramon Llull), Centro de Estudos de Cultura Contempor\u00e2nea (CEDEC) pelo Projeto Renato Archer\/INEU e Linhagens do pensamento pol\u00edtico-social, e do Laborat\u00f3rio de Novas Tecnologias de Pesquisa em Rela\u00e7\u00f5es Internacionais (LANTRI). Bacharel em Sociologia e Pol\u00edtica pela Funda\u00e7\u00e3o Escola de Sociologia e Pol\u00edtica de S\u00e3o Paulo (FESPSP) onde foi monitor das disciplinas de Ci\u00eancia Pol\u00edtica e Rela\u00e7\u00f5es Internacionais (2010). <a href=\"http:\/\/lattes.cnpq.br\/4713543069224741\" target=\"_blank\" rel=\"noopener\">Clique para acessar o Curr\u00edculo Lattes<\/a>.<\/p>\n<p>&nbsp;<\/p>\n<p style=\"text-align: center;\"><strong>Telma Aparecida F\u00e9lix da Matta Ccori<\/strong><\/p>\n<p style=\"text-align: center;\"><em>telmaccori@gmail.com<\/em><\/p>\n<p style=\"text-align: center;\">Telma Aparecida F\u00e9lix da Matta Ccori possui gradua\u00e7\u00e3o em Letras (2008), mestrado em Letras (L\u00edng. Espanhola e Lit. Hispanas) (2012), e doutorado em Letras (2018) pela Universidade de S\u00e3o Paulo. <a href=\"http:\/\/lattes.cnpq.br\/6000885247300791\" target=\"_blank\" rel=\"noopener\">Clique para acessar o Curr\u00edculo Lattes.<\/a><\/p>\n<p>&nbsp;<\/p>\n<p style=\"text-align: center;\"><strong>Giovanna Chinellato<\/strong><\/p>\n<p style=\"text-align: center;\"><em>giovanna.chinellato@usp.br<\/em><\/p>\n<p style=\"text-align: center;\">Doutoranda em Letras Estrangeiras e Tradu\u00e7\u00e3o na Universidade de S\u00e3o Paulo (USP). Cursando especializa\u00e7\u00e3o em Imaginative Literature na Signum University. Mestre pelo Programa Interdisciplinar em Linguagens, M\u00eddia e Arte da Pontif\u00edcia Universidade Cat\u00f3lica de Campinas. Especializa\u00e7\u00e3o em Tradu\u00e7\u00e3o &#8211; Ingl\u00eas pela Universidade Est\u00e1cio de S\u00e1. Graduada em Jornalismo pela Universidade Federal de Santa Catarina (UFSC). Atualmente pesquisa ecotradu\u00e7\u00e3o, ecocr\u00edtica, literatura infantil, fantasia e fic\u00e7\u00e3o cient\u00edfica. <a href=\"http:\/\/lattes.cnpq.br\/0458563298950875\" target=\"_blank\" rel=\"noopener\">Clique para acessar o Curr\u00edculo Lattes.<\/a><\/p>\n","protected":false},"excerpt":{"rendered":"<p>COORDENADOR e ORGANIZADOR &nbsp; Professor Doutor Luiz Ant\u00f4nio Lindo lal@usp.br Possui gradua\u00e7\u00e3o em Ci\u00eancias Sociais [&hellip;]<\/p>\n","protected":false},"author":649,"featured_media":0,"parent":0,"menu_order":0,"comment_status":"closed","ping_status":"closed","template":"","meta":{"footnotes":"","_links_to":"","_links_to_target":""},"class_list":["post-638","page","type-page","status-publish","hentry"],"_links":{"self":[{"href":"https:\/\/sites.usp.br\/filologia\/wp-json\/wp\/v2\/pages\/638","targetHints":{"allow":["GET"]}}],"collection":[{"href":"https:\/\/sites.usp.br\/filologia\/wp-json\/wp\/v2\/pages"}],"about":[{"href":"https:\/\/sites.usp.br\/filologia\/wp-json\/wp\/v2\/types\/page"}],"author":[{"embeddable":true,"href":"https:\/\/sites.usp.br\/filologia\/wp-json\/wp\/v2\/users\/649"}],"replies":[{"embeddable":true,"href":"https:\/\/sites.usp.br\/filologia\/wp-json\/wp\/v2\/comments?post=638"}],"version-history":[{"count":4,"href":"https:\/\/sites.usp.br\/filologia\/wp-json\/wp\/v2\/pages\/638\/revisions"}],"predecessor-version":[{"id":803,"href":"https:\/\/sites.usp.br\/filologia\/wp-json\/wp\/v2\/pages\/638\/revisions\/803"}],"wp:attachment":[{"href":"https:\/\/sites.usp.br\/filologia\/wp-json\/wp\/v2\/media?parent=638"}],"curies":[{"name":"wp","href":"https:\/\/api.w.org\/{rel}","templated":true}]}}