{"id":646,"date":"2021-12-22T23:52:32","date_gmt":"2021-12-23T02:52:32","guid":{"rendered":"https:\/\/sites.usp.br\/filologia\/?page_id=646"},"modified":"2022-03-04T08:52:54","modified_gmt":"2022-03-04T11:52:54","slug":"palestras","status":"publish","type":"page","link":"https:\/\/sites.usp.br\/filologia\/palestras\/","title":{"rendered":"Palestras"},"content":{"rendered":"<p style=\"text-align: center;\">Em prepara\u00e7\u00e3o para in\u00edcio no primeiro semestre de 2022.<\/p>\n","protected":false},"excerpt":{"rendered":"<p>Em prepara\u00e7\u00e3o para in\u00edcio no primeiro semestre de 2022.<\/p>\n","protected":false},"author":649,"featured_media":0,"parent":0,"menu_order":0,"comment_status":"closed","ping_status":"closed","template":"","meta":{"footnotes":"","_links_to":"","_links_to_target":""},"class_list":["post-646","page","type-page","status-publish","hentry"],"_links":{"self":[{"href":"https:\/\/sites.usp.br\/filologia\/wp-json\/wp\/v2\/pages\/646","targetHints":{"allow":["GET"]}}],"collection":[{"href":"https:\/\/sites.usp.br\/filologia\/wp-json\/wp\/v2\/pages"}],"about":[{"href":"https:\/\/sites.usp.br\/filologia\/wp-json\/wp\/v2\/types\/page"}],"author":[{"embeddable":true,"href":"https:\/\/sites.usp.br\/filologia\/wp-json\/wp\/v2\/users\/649"}],"replies":[{"embeddable":true,"href":"https:\/\/sites.usp.br\/filologia\/wp-json\/wp\/v2\/comments?post=646"}],"version-history":[{"count":2,"href":"https:\/\/sites.usp.br\/filologia\/wp-json\/wp\/v2\/pages\/646\/revisions"}],"predecessor-version":[{"id":735,"href":"https:\/\/sites.usp.br\/filologia\/wp-json\/wp\/v2\/pages\/646\/revisions\/735"}],"wp:attachment":[{"href":"https:\/\/sites.usp.br\/filologia\/wp-json\/wp\/v2\/media?parent=646"}],"curies":[{"name":"wp","href":"https:\/\/api.w.org\/{rel}","templated":true}]}}