{"id":675,"date":"2021-12-23T08:53:56","date_gmt":"2021-12-23T11:53:56","guid":{"rendered":"https:\/\/sites.usp.br\/filologia\/?page_id=675"},"modified":"2021-12-23T13:56:49","modified_gmt":"2021-12-23T16:56:49","slug":"livros","status":"publish","type":"page","link":"https:\/\/sites.usp.br\/filologia\/livros\/","title":{"rendered":"Livros"},"content":{"rendered":"<p>J\u00e1 foram publicadas as atas de cinco Semanas de Filologia na USP; no caso, dos cinco primeiros eventos (2006 a 2010), e todas impressas. H\u00e1 um projeto em andamento para a publica\u00e7\u00e3o de um e-book contendo os textos do I Simp\u00f3sio Internacional Filologia e Humanidades, ocorrido em dezembro de 2021.<\/p>\n","protected":false},"excerpt":{"rendered":"<p>J\u00e1 foram publicadas as atas de cinco Semanas de Filologia na USP; no caso, dos [&hellip;]<\/p>\n","protected":false},"author":649,"featured_media":0,"parent":0,"menu_order":0,"comment_status":"closed","ping_status":"closed","template":"","meta":{"footnotes":"","_links_to":"","_links_to_target":""},"class_list":["post-675","page","type-page","status-publish","hentry"],"_links":{"self":[{"href":"https:\/\/sites.usp.br\/filologia\/wp-json\/wp\/v2\/pages\/675","targetHints":{"allow":["GET"]}}],"collection":[{"href":"https:\/\/sites.usp.br\/filologia\/wp-json\/wp\/v2\/pages"}],"about":[{"href":"https:\/\/sites.usp.br\/filologia\/wp-json\/wp\/v2\/types\/page"}],"author":[{"embeddable":true,"href":"https:\/\/sites.usp.br\/filologia\/wp-json\/wp\/v2\/users\/649"}],"replies":[{"embeddable":true,"href":"https:\/\/sites.usp.br\/filologia\/wp-json\/wp\/v2\/comments?post=675"}],"version-history":[{"count":2,"href":"https:\/\/sites.usp.br\/filologia\/wp-json\/wp\/v2\/pages\/675\/revisions"}],"predecessor-version":[{"id":714,"href":"https:\/\/sites.usp.br\/filologia\/wp-json\/wp\/v2\/pages\/675\/revisions\/714"}],"wp:attachment":[{"href":"https:\/\/sites.usp.br\/filologia\/wp-json\/wp\/v2\/media?parent=675"}],"curies":[{"name":"wp","href":"https:\/\/api.w.org\/{rel}","templated":true}]}}