{"id":3601,"date":"2024-02-01T11:06:20","date_gmt":"2024-02-01T14:06:20","guid":{"rendered":"https:\/\/sites.usp.br\/fisica\/?page_id=3601"},"modified":"2025-09-24T09:17:41","modified_gmt":"2025-09-24T12:17:41","slug":"privacidade","status":"publish","type":"page","link":"https:\/\/sites.usp.br\/fisica\/privacidade\/","title":{"rendered":"Pol\u00edtica de Privacidade"},"content":{"rendered":"\t\t<div data-elementor-type=\"wp-page\" data-elementor-id=\"3601\" class=\"elementor elementor-3601\" data-elementor-post-type=\"page\">\n\t\t\t\t\t\t<section class=\"elementor-section elementor-top-section elementor-element elementor-element-a795f74 elementor-section-boxed elementor-section-height-default elementor-section-height-default\" data-id=\"a795f74\" data-element_type=\"section\">\n\t\t\t\t\t\t<div class=\"elementor-container elementor-column-gap-default\">\n\t\t\t\t\t<div class=\"elementor-column elementor-col-100 elementor-top-column elementor-element elementor-element-93bafc9\" data-id=\"93bafc9\" data-element_type=\"column\">\n\t\t\t<div class=\"elementor-widget-wrap elementor-element-populated\">\n\t\t\t\t\t\t<div class=\"elementor-element elementor-element-3dd1c88 elementor-widget elementor-widget-text-editor\" data-id=\"3dd1c88\" data-element_type=\"widget\" data-widget_type=\"text-editor.default\">\n\t\t\t\t<div class=\"elementor-widget-container\">\n\t\t\t\t\t\t\t<p>\u00daltima atualiza\u00e7\u00e3o em 01\/Fev\/2024<br \/>Data de vig\u00eancia 01\/Fev\/2024<\/p>\t\t\t\t\t\t<\/div>\n\t\t\t\t<\/div>\n\t\t\t\t<div class=\"elementor-element elementor-element-4c8b866 elementor-widget elementor-widget-text-editor\" data-id=\"4c8b866\" data-element_type=\"widget\" data-widget_type=\"text-editor.default\">\n\t\t\t\t<div class=\"elementor-widget-container\">\n\t\t\t\t\t\t\t<p>Esta Pol\u00edtica de Privacidade descreve as pol\u00edticas do Departamento de F\u00edsica da Faculdade de Filosofia, Ci\u00eancias e Letras de Ribeir\u00e3o Preto da Universidade de S\u00e3o Paulo, Av. Bandeirantes, 3900 &#8211; Vila Monte Alegre, Ribeir\u00e3o Preto, S\u00e3o Paulo 14040-901, Brasil, e-mail: secretariadf@ffclrp.usp.br, telefone: +55 16 3315 4440, sobre a coleta, uso e divulga\u00e7\u00e3o de suas informa\u00e7\u00f5es que coletamos quando voc\u00ea usa nosso site (https:\/\/sites.usp.br\/fisica) (o &#8220;Servi\u00e7o&#8221;). Ao acessar ou usar o Servi\u00e7o, voc\u00ea consente com a coleta, o uso e a divulga\u00e7\u00e3o de suas informa\u00e7\u00f5es de acordo com esta Pol\u00edtica de Privacidade. Caso n\u00e3o concorde com isso, n\u00e3o acesse ou use o Servi\u00e7o. <br \/>Podemos modificar esta Pol\u00edtica de Privacidade a qualquer momento, sem aviso pr\u00e9vio, e publicaremos a Pol\u00edtica de Privacidade revisada no Servi\u00e7o. A Pol\u00edtica revisada entrar\u00e1 em vigor 180 dias ap\u00f3s a publica\u00e7\u00e3o da Pol\u00edtica revisada no Servi\u00e7o, e seu acesso ou uso cont\u00ednuo do Servi\u00e7o ap\u00f3s esse per\u00edodo constituir\u00e1 sua aceita\u00e7\u00e3o da Pol\u00edtica de Privacidade revisada. Portanto, recomendamos que voc\u00ea revise periodicamente essa p\u00e1gina.<\/p><p><strong>\u2022 <span style=\"text-decoration: underline;\">Como usamos suas informa\u00e7\u00f5es:<\/span><\/strong> <br \/>Usaremos as informa\u00e7\u00f5es que coletamos sobre voc\u00ea para os seguintes fins:<\/p><p>\u00a0\u00a0\u00a0\u00a0 \u2022 Marketing\/promocional<\/p><p>Se quisermos usar suas informa\u00e7\u00f5es para qualquer outra finalidade, solicitaremos seu consentimento e usaremos suas informa\u00e7\u00f5es somente ap\u00f3s recebermos seu consentimento e, ent\u00e3o, somente para a(s) finalidade(s) para a(s) qual(is) concedemos o consentimento, a menos que sejamos obrigados a fazer o contr\u00e1rio por lei.<\/p><p><strong>\u2022 <span style=\"text-decoration: underline;\">Como compartilhamos suas informa\u00e7\u00f5es:<\/span><\/strong> <br \/>N\u00e3o transferiremos suas informa\u00e7\u00f5es pessoais a terceiros sem solicitar seu consentimento, exceto em circunst\u00e2ncias limitadas, conforme descrito abaixo:<\/p><p>\u00a0\u00a0\u00a0\u00a0 \u2022 An\u00e1lise<\/p><p>Exigimos que esses terceiros usem as informa\u00e7\u00f5es pessoais que transferimos a eles somente para a finalidade para a qual foram transferidas e que n\u00e3o as retenham por mais tempo do que o necess\u00e1rio para cumprir a referida finalidade. <br \/>Tamb\u00e9m podemos divulgar suas informa\u00e7\u00f5es pessoais para os seguintes fins: (1) para cumprir a lei, o regulamento, a ordem judicial ou outro processo legal aplic\u00e1vel; (2) para fazer cumprir seus contratos conosco, inclusive esta Pol\u00edtica de Privacidade; ou (3) para responder a alega\u00e7\u00f5es de que seu uso do Servi\u00e7o viola quaisquer direitos de terceiros. Se o Servi\u00e7o ou nossa empresa for fundida ou adquirida por outra empresa, suas informa\u00e7\u00f5es ser\u00e3o um dos ativos transferidos para o novo propriet\u00e1rio.<\/p><p><strong>\u2022 <span style=\"text-decoration: underline;\">Seus direitos:<\/span> <\/strong><br \/>Dependendo da lei aplic\u00e1vel, voc\u00ea pode ter o direito de acessar e retificar ou apagar seus dados pessoais ou receber uma c\u00f3pia de seus dados pessoais, restringir ou se opor ao processamento ativo de seus dados, solicitar que compartilhemos (portemos) suas informa\u00e7\u00f5es pessoais com outra entidade, retirar qualquer consentimento que voc\u00ea nos tenha dado para processar seus dados, o direito de apresentar uma reclama\u00e7\u00e3o a uma autoridade estatut\u00e1ria e outros direitos que possam ser relevantes de acordo com as leis aplic\u00e1veis. Para exercer esses direitos, voc\u00ea pode nos escrever para secretariadf@ffclrp.usp.br. Responderemos \u00e0 sua solicita\u00e7\u00e3o de acordo com a legisla\u00e7\u00e3o aplic\u00e1vel. <br \/>Voc\u00ea pode optar por n\u00e3o receber comunica\u00e7\u00f5es de marketing direto ou a cria\u00e7\u00e3o de perfis que realizamos para fins de marketing escrevendo para secretariadf@ffclrp.usp.br. <br \/>Observe que, se voc\u00ea n\u00e3o nos permitir coletar ou processar as informa\u00e7\u00f5es pessoais necess\u00e1rias ou retirar o consentimento para process\u00e1-las para os fins exigidos, talvez n\u00e3o consiga acessar ou usar os servi\u00e7os para os quais suas informa\u00e7\u00f5es foram solicitadas.<\/p><p><strong>\u2022 <span style=\"text-decoration: underline;\">Cookies, etc.<\/span><\/strong> <br \/>Para saber mais sobre como usamos esses cookies e suas escolhas em rela\u00e7\u00e3o a essas tecnologias de rastreamento, consulte nossa <a href=\"https:\/\/sites.usp.br\/fisica\/cookies\/\">Pol\u00edtica de Cookies<\/a>.<\/p><p><strong>\u2022 <span style=\"text-decoration: underline;\">Seguran\u00e7a:<\/span> <\/strong><br \/>A seguran\u00e7a de suas informa\u00e7\u00f5es \u00e9 importante para n\u00f3s e usaremos medidas de seguran\u00e7a razo\u00e1veis para evitar a perda, o uso indevido ou a altera\u00e7\u00e3o n\u00e3o autorizada de suas informa\u00e7\u00f5es sob nosso controle. Entretanto, dados os riscos inerentes, n\u00e3o podemos garantir seguran\u00e7a absoluta e, consequentemente, n\u00e3o podemos assegurar ou garantir a seguran\u00e7a de qualquer informa\u00e7\u00e3o que voc\u00ea nos transmita e voc\u00ea o faz por sua pr\u00f3pria conta e risco.<\/p><p><strong>\u2022 <\/strong><span style=\"text-decoration: underline;\"><strong>Links de terceiros e uso de suas informa\u00e7\u00f5es:<\/strong><\/span><br \/>Nosso Servi\u00e7o pode conter links para outros sites que n\u00e3o s\u00e3o operados por n\u00f3s. Esta Pol\u00edtica de Privacidade n\u00e3o trata da pol\u00edtica de privacidade e de outras pr\u00e1ticas de terceiros, inclusive de terceiros que operem qualquer site ou servi\u00e7o que possa ser acessado por meio de um link no Servi\u00e7o. Recomendamos enfaticamente que voc\u00ea analise a pol\u00edtica de privacidade de cada site que visitar. N\u00e3o temos controle e n\u00e3o assumimos nenhuma responsabilidade pelo conte\u00fado, pol\u00edticas de privacidade ou pr\u00e1ticas de sites ou servi\u00e7os de terceiros.<\/p><p><strong>\u2022 <span style=\"text-decoration: underline;\">Reclama\u00e7\u00f5es\/Prote\u00e7\u00e3o de Dados:<\/span> <\/strong><br \/>Se tiver alguma d\u00favida ou preocupa\u00e7\u00e3o sobre o processamento de suas informa\u00e7\u00f5es que est\u00e3o dispon\u00edveis conosco, voc\u00ea pode enviar um e-mail para a nossa secretaria no Departamento de F\u00edsica da Faculdade de Filosofia, Ci\u00eancias e Letras de Ribeir\u00e3o Preto &#8211; USP, Av. Bandeirantes, 3900 &#8211; Vila Monte Alegre, Ribeir\u00e3o Preto, e-mail: secretariadf@ffclrp.usp.br. Trataremos de suas preocupa\u00e7\u00f5es de acordo com a legisla\u00e7\u00e3o aplic\u00e1vel.<\/p><p>Pol\u00edtica de Privacidade gerada com <a href=\"https:\/\/www.cookieyes.com\/?utm_source=PP&amp;utm_medium=footer&amp;utm_campaign=UW\">CookieYes<\/a>.<\/p>\t\t\t\t\t\t<\/div>\n\t\t\t\t<\/div>\n\t\t\t\t\t<\/div>\n\t\t<\/div>\n\t\t\t\t\t<\/div>\n\t\t<\/section>\n\t\t\t\t<section class=\"elementor-section elementor-top-section elementor-element elementor-element-0121ba2 elementor-section-boxed elementor-section-height-default elementor-section-height-default\" data-id=\"0121ba2\" data-element_type=\"section\">\n\t\t\t\t\t\t<div class=\"elementor-container elementor-column-gap-default\">\n\t\t\t\t\t<div class=\"elementor-column elementor-col-100 elementor-top-column elementor-element elementor-element-eda135f\" data-id=\"eda135f\" data-element_type=\"column\">\n\t\t\t<div class=\"elementor-widget-wrap elementor-element-populated\">\n\t\t\t\t\t\t<div class=\"elementor-element elementor-element-f29967f elementor-widget elementor-widget-shortcode\" data-id=\"f29967f\" data-element_type=\"widget\" data-widget_type=\"shortcode.default\">\n\t\t\t\t<div class=\"elementor-widget-container\">\n\t\t\t\t\t<div class=\"elementor-shortcode\"><div class=\"gtranslate_wrapper\" id=\"gt-wrapper-71431225\"><\/div><\/div>\n\t\t\t\t<\/div>\n\t\t\t\t<\/div>\n\t\t\t\t\t<\/div>\n\t\t<\/div>\n\t\t\t\t\t<\/div>\n\t\t<\/section>\n\t\t\t\t<\/div>\n\t\t","protected":false},"excerpt":{"rendered":"<p>\u00daltima atualiza\u00e7\u00e3o em 01\/Fev\/2024Data de vig\u00eancia 01\/Fev\/2024 Esta Pol\u00edtica de Privacidade descreve as pol\u00edticas do Departamento de F\u00edsica da Faculdade de Filosofia, Ci\u00eancias e Letras de Ribeir\u00e3o Preto da Universidade de S\u00e3o Paulo, Av. Bandeirantes, 3900 &#8211; Vila Monte Alegre, Ribeir\u00e3o Preto, S\u00e3o Paulo 14040-901, Brasil, e-mail: secretariadf@ffclrp.usp.br, telefone: +55 16 3315 4440, sobre a [&hellip;]<\/p>\n","protected":false},"author":23839,"featured_media":0,"parent":0,"menu_order":0,"comment_status":"closed","ping_status":"closed","template":"","meta":{"_monsterinsights_skip_tracking":false,"_monsterinsights_sitenote_active":false,"_monsterinsights_sitenote_note":"","_monsterinsights_sitenote_category":0,"ocean_post_layout":"","ocean_both_sidebars_style":"","ocean_both_sidebars_content_width":0,"ocean_both_sidebars_sidebars_width":0,"ocean_sidebar":"","ocean_second_sidebar":"","ocean_disable_margins":"enable","ocean_add_body_class":"","ocean_shortcode_before_top_bar":"","ocean_shortcode_after_top_bar":"","ocean_shortcode_before_header":"","ocean_shortcode_after_header":"","ocean_has_shortcode":"","ocean_shortcode_after_title":"","ocean_shortcode_before_footer_widgets":"","ocean_shortcode_after_footer_widgets":"","ocean_shortcode_before_footer_bottom":"","ocean_shortcode_after_footer_bottom":"","ocean_display_top_bar":"default","ocean_display_header":"default","ocean_header_style":"","ocean_center_header_left_menu":"","ocean_custom_header_template":"","ocean_custom_logo":0,"ocean_custom_retina_logo":0,"ocean_custom_logo_max_width":0,"ocean_custom_logo_tablet_max_width":0,"ocean_custom_logo_mobile_max_width":0,"ocean_custom_logo_max_height":0,"ocean_custom_logo_tablet_max_height":0,"ocean_custom_logo_mobile_max_height":0,"ocean_header_custom_menu":"","ocean_menu_typo_font_family":"","ocean_menu_typo_font_subset":"","ocean_menu_typo_font_size":0,"ocean_menu_typo_font_size_tablet":0,"ocean_menu_typo_font_size_mobile":0,"ocean_menu_typo_font_size_unit":"px","ocean_menu_typo_font_weight":"","ocean_menu_typo_font_weight_tablet":"","ocean_menu_typo_font_weight_mobile":"","ocean_menu_typo_transform":"","ocean_menu_typo_transform_tablet":"","ocean_menu_typo_transform_mobile":"","ocean_menu_typo_line_height":0,"ocean_menu_typo_line_height_tablet":0,"ocean_menu_typo_line_height_mobile":0,"ocean_menu_typo_line_height_unit":"","ocean_menu_typo_spacing":0,"ocean_menu_typo_spacing_tablet":0,"ocean_menu_typo_spacing_mobile":0,"ocean_menu_typo_spacing_unit":"","ocean_menu_link_color":"","ocean_menu_link_color_hover":"","ocean_menu_link_color_active":"","ocean_menu_link_background":"","ocean_menu_link_hover_background":"","ocean_menu_link_active_background":"","ocean_menu_social_links_bg":"","ocean_menu_social_hover_links_bg":"","ocean_menu_social_links_color":"","ocean_menu_social_hover_links_color":"","ocean_disable_title":"default","ocean_disable_heading":"default","ocean_post_title":"","ocean_post_subheading":"","ocean_post_title_style":"","ocean_post_title_background_color":"","ocean_post_title_background":0,"ocean_post_title_bg_image_position":"","ocean_post_title_bg_image_attachment":"","ocean_post_title_bg_image_repeat":"","ocean_post_title_bg_image_size":"","ocean_post_title_height":0,"ocean_post_title_bg_overlay":0.5,"ocean_post_title_bg_overlay_color":"","ocean_disable_breadcrumbs":"default","ocean_breadcrumbs_color":"","ocean_breadcrumbs_separator_color":"","ocean_breadcrumbs_links_color":"","ocean_breadcrumbs_links_hover_color":"","ocean_display_footer_widgets":"default","ocean_display_footer_bottom":"default","ocean_custom_footer_template":"","footnotes":"","_links_to":"","_links_to_target":""},"class_list":["post-3601","page","type-page","status-publish","hentry","entry"],"_links":{"self":[{"href":"https:\/\/sites.usp.br\/fisica\/wp-json\/wp\/v2\/pages\/3601","targetHints":{"allow":["GET"]}}],"collection":[{"href":"https:\/\/sites.usp.br\/fisica\/wp-json\/wp\/v2\/pages"}],"about":[{"href":"https:\/\/sites.usp.br\/fisica\/wp-json\/wp\/v2\/types\/page"}],"author":[{"embeddable":true,"href":"https:\/\/sites.usp.br\/fisica\/wp-json\/wp\/v2\/users\/23839"}],"replies":[{"embeddable":true,"href":"https:\/\/sites.usp.br\/fisica\/wp-json\/wp\/v2\/comments?post=3601"}],"version-history":[{"count":4,"href":"https:\/\/sites.usp.br\/fisica\/wp-json\/wp\/v2\/pages\/3601\/revisions"}],"predecessor-version":[{"id":4615,"href":"https:\/\/sites.usp.br\/fisica\/wp-json\/wp\/v2\/pages\/3601\/revisions\/4615"}],"wp:attachment":[{"href":"https:\/\/sites.usp.br\/fisica\/wp-json\/wp\/v2\/media?parent=3601"}],"curies":[{"name":"wp","href":"https:\/\/api.w.org\/{rel}","templated":true}]}}