{"id":196,"date":"2019-07-24T18:49:13","date_gmt":"2019-07-24T20:49:13","guid":{"rendered":"http:\/\/sites.usp.br\/flamori\/?page_id=196"},"modified":"2025-08-29T17:59:11","modified_gmt":"2025-08-29T20:59:11","slug":"doutorado","status":"publish","type":"page","link":"https:\/\/sites.usp.br\/flamori\/orientacoes\/doutorado\/","title":{"rendered":"Doutorado"},"content":{"rendered":"<p><a href=\"http:\/\/each.uspnet.usp.br\/sistcomplexos\"><big>P\u00f3s-Gradua\u00e7\u00e3o em Nutri\u00e7\u00e3o em Sa\u00fade P\u00fablica<\/big><\/a><\/p>\n<p>Jean Michel Rocha Sampaio Leite. Associa\u00e7\u00e3o entre dislipidemias e disp\u00eandios em sa\u00fade em n\u00edvel populacional: O efeito de varia\u00e7\u00f5es gen\u00e9ticas, escores de risco polig\u00eanico e demais fatores de risco cardiovascular. 2019-2025.<\/p>\n<p>Ana Maria Prado Prado. <a href=\"https:\/\/www.teses.usp.br\/teses\/disponiveis\/6\/6138\/tde-25102023-142253\/pt-br.php\">Revis\u00e3o sistem\u00e1tica dos efeitos alimentares e econ\u00f4micos de programas de alimenta\u00e7\u00e3o do trabalhador.<\/a> 2019-2023.<\/p>\n<p>Jos\u00e9 Antonio Orellana Turri. An\u00e1lise custo-efetividade da cirurgia bari\u00e1trica para combate \u00e0 obesidade moderada e severa no contexto do Sistema \u00danico de Sa\u00fade. 2017-2022.<\/p>\n<p>Gilvo de Farias J\u00fanior. <a href=\"https:\/\/www.teses.usp.br\/teses\/disponiveis\/6\/6138\/tde-31082021-094515\/pt-br.php\">Estilo de vida, estado nutricional e determinantes sociais da sa\u00fade: Estudo de base populacional com adolescentes residentes no munic\u00edpio de S\u00e3o Paulo de 2003 a 2015.<\/a> 2017-2021.<\/p>\n<p>Osvaldinete Lopes de Oliveira Silva. <a href=\"https:\/\/teses.usp.br\/teses\/disponiveis\/6\/6138\/tde-22022019-151700\/pt-br.php\">An\u00e1lise do custo-efetividade da Iniciativa Hospital Amigo da Crian\u00e7a na promo\u00e7\u00e3o da amamenta\u00e7\u00e3o e redu\u00e7\u00e3o da mortalidade infantil.<\/a> 2016-2018. [Coorienta\u00e7\u00e3o \/ Orientadora principal: Profa. Dra. Marina Ferreira Rea].<\/p>\n<p>Tha\u00eds Menezes Hyp\u00f3lito. <a href=\"https:\/\/www.teses.usp.br\/teses\/disponiveis\/6\/6138\/tde-24062021-193148\/pt-br.php\">Associa\u00e7\u00e3o entre obesidade, ansiedade e depress\u00e3o: Investiga\u00e7\u00e3o dos efeitos sobre despesas em sa\u00fade e perda de produtividade entre indiv\u00edduos adultos residentes no munic\u00edpio de S\u00e3o Paulo (SP).<\/a> 2016-2021.<\/p>\n<p>&nbsp;<\/p>\n<p><big>P\u00f3s-Gradua\u00e7\u00e3o Interunidades em Nutri\u00e7\u00e3o Humana Aplicada<\/big><\/p>\n<p>Andr\u00e9 Bento Chaves Santana. <a href=\"https:\/\/teses.usp.br\/teses\/disponiveis\/89\/89131\/tde-06122018-134548\/pt-br.php\">Efeitos da renda sobre atributos da alimenta\u00e7\u00e3o no Brasil: Uma an\u00e1lise da influ\u00eancia de medidas associadas ao sal\u00e1rio m\u00ednimo sobre dimens\u00f5es da seguran\u00e7a alimentar e nutricional.<\/a> 2014-2018.<\/p>\n<p>Mariana Rebello Haddad. <a href=\"https:\/\/teses.usp.br\/teses\/disponiveis\/89\/89131\/tde-11092018-155046\/pt-br.php\">Padr\u00e3o de consumo alimentar e n\u00edvel de pr\u00e1tica de atividade f\u00edsica entre adolescentes de fam\u00edlias em diferentes estratos sociais: Revis\u00e3o sistem\u00e1tica de literatura e an\u00e1lise de dados da Pesquisa Nacional de Sa\u00fade do Escolar (PeNSE 2009, 2012 e 2015).<\/a> 2014-2018.<\/p>\n<p>&nbsp;<\/p>\n<p><a href=\"https:\/\/www.iscte-iul.pt\/curso\/65\/doutoramento-ciencias-complexidade\"><big>P\u00f3s-Gradua\u00e7\u00e3o em Ci\u00eancias da Complexidade (ISCTE-IUL)<\/big><\/a><\/p>\n<p>Danielle Sandler dos Passos. <a href=\"https:\/\/repositorio.iscte-iul.pt\/handle\/10071\/19747\">Antifragilidade: Como a Ci\u00eancia da Complexidade pode auxiliar as organiza\u00e7\u00f5es.<\/a> 2015-2019. [Coorienta\u00e7\u00e3o \/ Orientador principal: Prof. Dr. Helder Manuel Ferreira Coelho].<\/p>\n","protected":false},"excerpt":{"rendered":"<p>P\u00f3s-Gradua\u00e7\u00e3o em Nutri\u00e7\u00e3o em Sa\u00fade P\u00fablica Jean Michel Rocha Sampaio Leite. Associa\u00e7\u00e3o entre dislipidemias e disp\u00eandios em sa\u00fade em n\u00edvel populacional: O efeito de varia\u00e7\u00f5es gen\u00e9ticas, escores de risco polig\u00eanico e demais fatores de risco cardiovascular. 2019-2025. Ana Maria Prado Prado. Revis\u00e3o sistem\u00e1tica dos efeitos alimentares e econ\u00f4micos de programas de alimenta\u00e7\u00e3o do trabalhador. 2019-2023.<a href=\"https:\/\/sites.usp.br\/flamori\/orientacoes\/doutorado\/\">[&#8230;]<\/a><\/p>\n","protected":false},"author":653,"featured_media":0,"parent":188,"menu_order":11,"comment_status":"closed","ping_status":"closed","template":"","meta":{"footnotes":"","_links_to":"","_links_to_target":""},"class_list":["post-196","page","type-page","status-publish","hentry"],"_links":{"self":[{"href":"https:\/\/sites.usp.br\/flamori\/wp-json\/wp\/v2\/pages\/196","targetHints":{"allow":["GET"]}}],"collection":[{"href":"https:\/\/sites.usp.br\/flamori\/wp-json\/wp\/v2\/pages"}],"about":[{"href":"https:\/\/sites.usp.br\/flamori\/wp-json\/wp\/v2\/types\/page"}],"author":[{"embeddable":true,"href":"https:\/\/sites.usp.br\/flamori\/wp-json\/wp\/v2\/users\/653"}],"replies":[{"embeddable":true,"href":"https:\/\/sites.usp.br\/flamori\/wp-json\/wp\/v2\/comments?post=196"}],"version-history":[{"count":5,"href":"https:\/\/sites.usp.br\/flamori\/wp-json\/wp\/v2\/pages\/196\/revisions"}],"predecessor-version":[{"id":412,"href":"https:\/\/sites.usp.br\/flamori\/wp-json\/wp\/v2\/pages\/196\/revisions\/412"}],"up":[{"embeddable":true,"href":"https:\/\/sites.usp.br\/flamori\/wp-json\/wp\/v2\/pages\/188"}],"wp:attachment":[{"href":"https:\/\/sites.usp.br\/flamori\/wp-json\/wp\/v2\/media?parent=196"}],"curies":[{"name":"wp","href":"https:\/\/api.w.org\/{rel}","templated":true}]}}