{"id":212,"date":"2025-02-13T13:24:34","date_gmt":"2025-02-13T16:24:34","guid":{"rendered":"https:\/\/sites.usp.br\/fpgch\/?page_id=212"},"modified":"2025-02-28T15:16:04","modified_gmt":"2025-02-28T18:16:04","slug":"ano-iv","status":"publish","type":"page","link":"https:\/\/sites.usp.br\/fpgch\/ano-iv\/","title":{"rendered":"Ano IV"},"content":{"rendered":"\t\t<div data-elementor-type=\"wp-page\" data-elementor-id=\"212\" class=\"elementor elementor-212\" data-elementor-post-type=\"page\">\n\t\t\t\t\t\t<section class=\"elementor-section elementor-top-section elementor-element elementor-element-9a54d47 elementor-section-boxed elementor-section-height-default elementor-section-height-default\" data-id=\"9a54d47\" data-element_type=\"section\">\n\t\t\t\t\t\t<div class=\"elementor-container elementor-column-gap-default\">\n\t\t\t\t\t<div class=\"elementor-column elementor-col-100 elementor-top-column elementor-element elementor-element-b7c0d98\" data-id=\"b7c0d98\" data-element_type=\"column\">\n\t\t\t<div class=\"elementor-widget-wrap elementor-element-populated\">\n\t\t\t\t\t\t<div class=\"elementor-element elementor-element-3f7e501 elementor-widget elementor-widget-heading\" data-id=\"3f7e501\" data-element_type=\"widget\" data-widget_type=\"heading.default\">\n\t\t\t\t<div class=\"elementor-widget-container\">\n\t\t\t<h2 class=\"elementor-heading-title elementor-size-default\">Ano IV - 2023<\/h2>\t\t<\/div>\n\t\t\t\t<\/div>\n\t\t\t\t\t<\/div>\n\t\t<\/div>\n\t\t\t\t\t<\/div>\n\t\t<\/section>\n\t\t\t\t<section class=\"elementor-section elementor-top-section elementor-element elementor-element-2906ddc elementor-section-boxed elementor-section-height-default elementor-section-height-default\" data-id=\"2906ddc\" data-element_type=\"section\">\n\t\t\t\t\t\t<div class=\"elementor-container elementor-column-gap-default\">\n\t\t\t\t\t<div class=\"elementor-column elementor-col-100 elementor-top-column elementor-element elementor-element-bf200ad\" data-id=\"bf200ad\" data-element_type=\"column\">\n\t\t\t<div class=\"elementor-widget-wrap elementor-element-populated\">\n\t\t\t\t\t\t<div class=\"elementor-element elementor-element-3563ad1 elementor-widget elementor-widget-spacer\" data-id=\"3563ad1\" data-element_type=\"widget\" data-widget_type=\"spacer.default\">\n\t\t\t\t<div class=\"elementor-widget-container\">\n\t\t\t\t\t<div class=\"elementor-spacer\">\n\t\t\t<div class=\"elementor-spacer-inner\"><\/div>\n\t\t<\/div>\n\t\t\t\t<\/div>\n\t\t\t\t<\/div>\n\t\t\t\t\t<\/div>\n\t\t<\/div>\n\t\t\t\t\t<\/div>\n\t\t<\/section>\n\t\t\t\t<section class=\"elementor-section elementor-top-section elementor-element elementor-element-d61620e elementor-section-boxed elementor-section-height-default elementor-section-height-default\" data-id=\"d61620e\" data-element_type=\"section\">\n\t\t\t\t\t\t<div class=\"elementor-container elementor-column-gap-default\">\n\t\t\t\t\t<div class=\"elementor-column elementor-col-14 elementor-top-column elementor-element elementor-element-f7a22a6\" data-id=\"f7a22a6\" data-element_type=\"column\">\n\t\t\t<div class=\"elementor-widget-wrap\">\n\t\t\t\t\t\t\t<\/div>\n\t\t<\/div>\n\t\t\t\t<div class=\"elementor-column elementor-col-14 elementor-top-column elementor-element elementor-element-8e3f875\" data-id=\"8e3f875\" data-element_type=\"column\">\n\t\t\t<div class=\"elementor-widget-wrap elementor-element-populated\">\n\t\t\t\t\t\t<div class=\"elementor-element elementor-element-6d4ebe1 elementor-widget elementor-widget-image\" data-id=\"6d4ebe1\" data-element_type=\"widget\" data-widget_type=\"image.default\">\n\t\t\t\t<div class=\"elementor-widget-container\">\n\t\t\t\t\t\t\t\t\t\t\t\t\t<img fetchpriority=\"high\" decoding=\"async\" width=\"1202\" height=\"1502\" src=\"https:\/\/sites.usp.br\/fpgch\/wp-content\/uploads\/sites\/1589\/2025\/02\/Design-sem-nome-12.png\" class=\"attachment-2048x2048 size-2048x2048 wp-image-236\" alt=\"\" srcset=\"https:\/\/sites.usp.br\/fpgch\/wp-content\/uploads\/sites\/1589\/2025\/02\/Design-sem-nome-12.png 1202w, https:\/\/sites.usp.br\/fpgch\/wp-content\/uploads\/sites\/1589\/2025\/02\/Design-sem-nome-12-240x300.png 240w, https:\/\/sites.usp.br\/fpgch\/wp-content\/uploads\/sites\/1589\/2025\/02\/Design-sem-nome-12-819x1024.png 819w, https:\/\/sites.usp.br\/fpgch\/wp-content\/uploads\/sites\/1589\/2025\/02\/Design-sem-nome-12-768x960.png 768w\" sizes=\"(max-width: 1202px) 100vw, 1202px\" \/>\t\t\t\t\t\t\t\t\t\t\t\t\t<\/div>\n\t\t\t\t<\/div>\n\t\t\t\t<div class=\"elementor-element elementor-element-3a47aa06 elementor-widget elementor-widget-heading\" data-id=\"3a47aa06\" data-element_type=\"widget\" data-widget_type=\"heading.default\">\n\t\t\t\t<div class=\"elementor-widget-container\">\n\t\t\t<h2 class=\"elementor-heading-title elementor-size-default\">Crimes contra a Humanidade e Povos Origin\u00e1rios do Brasil <\/h2>\t\t<\/div>\n\t\t\t\t<\/div>\n\t\t\t\t<div class=\"elementor-element elementor-element-1e610b9e elementor-widget elementor-widget-text-editor\" data-id=\"1e610b9e\" data-element_type=\"widget\" data-widget_type=\"text-editor.default\">\n\t\t\t\t<div class=\"elementor-widget-container\">\n\t\t\t\t\t\t\t<p><span data-sheets-root=\"1\">Prof. Cas\u00e9 Angatu<\/span><\/p>\t\t\t\t\t\t<\/div>\n\t\t\t\t<\/div>\n\t\t\t\t\t<\/div>\n\t\t<\/div>\n\t\t\t\t<div class=\"elementor-column elementor-col-14 elementor-top-column elementor-element elementor-element-0503945\" data-id=\"0503945\" data-element_type=\"column\">\n\t\t\t<div class=\"elementor-widget-wrap\">\n\t\t\t\t\t\t\t<\/div>\n\t\t<\/div>\n\t\t\t\t<div class=\"elementor-column elementor-col-14 elementor-top-column elementor-element elementor-element-36386fa\" data-id=\"36386fa\" data-element_type=\"column\">\n\t\t\t<div class=\"elementor-widget-wrap elementor-element-populated\">\n\t\t\t\t\t\t<div class=\"elementor-element elementor-element-5b9be3f3 elementor-widget elementor-widget-image\" data-id=\"5b9be3f3\" data-element_type=\"widget\" data-widget_type=\"image.default\">\n\t\t\t\t<div class=\"elementor-widget-container\">\n\t\t\t\t\t\t\t\t\t\t\t\t\t\t<a href=\"https:\/\/youtu.be\/Gk1iGM0sViU?feature=shared\">\n\t\t\t\t\t\t\t<img decoding=\"async\" width=\"1202\" height=\"1502\" src=\"https:\/\/sites.usp.br\/fpgch\/wp-content\/uploads\/sites\/1589\/2025\/02\/Design-sem-nome-11.png\" class=\"elementor-animation-grow attachment-2048x2048 size-2048x2048 wp-image-224\" alt=\"\" srcset=\"https:\/\/sites.usp.br\/fpgch\/wp-content\/uploads\/sites\/1589\/2025\/02\/Design-sem-nome-11.png 1202w, https:\/\/sites.usp.br\/fpgch\/wp-content\/uploads\/sites\/1589\/2025\/02\/Design-sem-nome-11-240x300.png 240w, https:\/\/sites.usp.br\/fpgch\/wp-content\/uploads\/sites\/1589\/2025\/02\/Design-sem-nome-11-819x1024.png 819w, https:\/\/sites.usp.br\/fpgch\/wp-content\/uploads\/sites\/1589\/2025\/02\/Design-sem-nome-11-768x960.png 768w\" sizes=\"(max-width: 1202px) 100vw, 1202px\" \/>\t\t\t\t\t\t\t\t<\/a>\n\t\t\t\t\t\t\t\t\t\t\t\t\t<\/div>\n\t\t\t\t<\/div>\n\t\t\t\t<div class=\"elementor-element elementor-element-12a947f elementor-widget elementor-widget-heading\" data-id=\"12a947f\" data-element_type=\"widget\" data-widget_type=\"heading.default\">\n\t\t\t\t<div class=\"elementor-widget-container\">\n\t\t\t<h2 class=\"elementor-heading-title elementor-size-default\">Danos Ambientais na Justi\u00e7a Penal Internacional: Crime contra a Humanidade ou Ecoc\u00eddio?<\/h2>\t\t<\/div>\n\t\t\t\t<\/div>\n\t\t\t\t<div class=\"elementor-element elementor-element-5410e44 elementor-widget elementor-widget-text-editor\" data-id=\"5410e44\" data-element_type=\"widget\" data-widget_type=\"text-editor.default\">\n\t\t\t\t<div class=\"elementor-widget-container\">\n\t\t\t\t\t\t\t<p>Prof.\u00a0 Tatiana Squeff<\/p>\t\t\t\t\t\t<\/div>\n\t\t\t\t<\/div>\n\t\t\t\t\t<\/div>\n\t\t<\/div>\n\t\t\t\t<div class=\"elementor-column elementor-col-14 elementor-top-column elementor-element elementor-element-aefefdb\" data-id=\"aefefdb\" data-element_type=\"column\">\n\t\t\t<div class=\"elementor-widget-wrap\">\n\t\t\t\t\t\t\t<\/div>\n\t\t<\/div>\n\t\t\t\t<div class=\"elementor-column elementor-col-14 elementor-top-column elementor-element elementor-element-db554a5\" data-id=\"db554a5\" data-element_type=\"column\">\n\t\t\t<div class=\"elementor-widget-wrap elementor-element-populated\">\n\t\t\t\t\t\t<div class=\"elementor-element elementor-element-7d30d7c9 elementor-widget elementor-widget-image\" data-id=\"7d30d7c9\" data-element_type=\"widget\" data-widget_type=\"image.default\">\n\t\t\t\t<div class=\"elementor-widget-container\">\n\t\t\t\t\t\t\t\t\t\t\t\t\t\t<a href=\"https:\/\/youtu.be\/QMjf8JCvld0?feature=shared\">\n\t\t\t\t\t\t\t<img decoding=\"async\" width=\"1202\" height=\"1502\" src=\"https:\/\/sites.usp.br\/fpgch\/wp-content\/uploads\/sites\/1589\/2025\/02\/Design-sem-nome-13.png\" class=\"elementor-animation-grow attachment-2048x2048 size-2048x2048 wp-image-235\" alt=\"\" srcset=\"https:\/\/sites.usp.br\/fpgch\/wp-content\/uploads\/sites\/1589\/2025\/02\/Design-sem-nome-13.png 1202w, https:\/\/sites.usp.br\/fpgch\/wp-content\/uploads\/sites\/1589\/2025\/02\/Design-sem-nome-13-240x300.png 240w, https:\/\/sites.usp.br\/fpgch\/wp-content\/uploads\/sites\/1589\/2025\/02\/Design-sem-nome-13-819x1024.png 819w, https:\/\/sites.usp.br\/fpgch\/wp-content\/uploads\/sites\/1589\/2025\/02\/Design-sem-nome-13-768x960.png 768w\" sizes=\"(max-width: 1202px) 100vw, 1202px\" \/>\t\t\t\t\t\t\t\t<\/a>\n\t\t\t\t\t\t\t\t\t\t\t\t\t<\/div>\n\t\t\t\t<\/div>\n\t\t\t\t<div class=\"elementor-element elementor-element-d9e9ced elementor-widget elementor-widget-heading\" data-id=\"d9e9ced\" data-element_type=\"widget\" data-widget_type=\"heading.default\">\n\t\t\t\t<div class=\"elementor-widget-container\">\n\t\t\t<h2 class=\"elementor-heading-title elementor-size-default\">Etnoc\u00eddio de Popula\u00e7\u00f5es Ind\u00edgenas na Constru\u00e7\u00e3o dos Estados da Argentina, Chile e Nova Zel\u00e2ndia<\/h2>\t\t<\/div>\n\t\t\t\t<\/div>\n\t\t\t\t<div class=\"elementor-element elementor-element-bc0e478 elementor-widget elementor-widget-text-editor\" data-id=\"bc0e478\" data-element_type=\"widget\" data-widget_type=\"text-editor.default\">\n\t\t\t\t<div class=\"elementor-widget-container\">\n\t\t\t\t\t\t\t<p><span data-sheets-root=\"1\">Prof. Gabriel Passetti<\/span><\/p>\t\t\t\t\t\t<\/div>\n\t\t\t\t<\/div>\n\t\t\t\t\t<\/div>\n\t\t<\/div>\n\t\t\t\t<div class=\"elementor-column elementor-col-14 elementor-top-column elementor-element elementor-element-8cd0411\" data-id=\"8cd0411\" data-element_type=\"column\">\n\t\t\t<div class=\"elementor-widget-wrap\">\n\t\t\t\t\t\t\t<\/div>\n\t\t<\/div>\n\t\t\t\t\t<\/div>\n\t\t<\/section>\n\t\t\t\t<section class=\"elementor-section elementor-top-section elementor-element elementor-element-4c2b9fc elementor-section-boxed elementor-section-height-default elementor-section-height-default\" data-id=\"4c2b9fc\" data-element_type=\"section\">\n\t\t\t\t\t\t<div class=\"elementor-container elementor-column-gap-default\">\n\t\t\t\t\t<div class=\"elementor-column elementor-col-14 elementor-top-column elementor-element elementor-element-a12b9f7\" data-id=\"a12b9f7\" data-element_type=\"column\">\n\t\t\t<div class=\"elementor-widget-wrap\">\n\t\t\t\t\t\t\t<\/div>\n\t\t<\/div>\n\t\t\t\t<div class=\"elementor-column elementor-col-14 elementor-top-column elementor-element elementor-element-ccbb104\" data-id=\"ccbb104\" data-element_type=\"column\">\n\t\t\t<div class=\"elementor-widget-wrap elementor-element-populated\">\n\t\t\t\t\t\t<div class=\"elementor-element elementor-element-5b36be6 elementor-widget elementor-widget-image\" data-id=\"5b36be6\" data-element_type=\"widget\" data-widget_type=\"image.default\">\n\t\t\t\t<div class=\"elementor-widget-container\">\n\t\t\t\t\t\t\t\t\t\t\t\t\t\t<a href=\"https:\/\/youtu.be\/vU2URycMjIw?feature=shared\">\n\t\t\t\t\t\t\t<img loading=\"lazy\" decoding=\"async\" width=\"1202\" height=\"1502\" src=\"https:\/\/sites.usp.br\/fpgch\/wp-content\/uploads\/sites\/1589\/2025\/02\/Design-sem-nome-10.png\" class=\"elementor-animation-grow attachment-2048x2048 size-2048x2048 wp-image-217\" alt=\"\" srcset=\"https:\/\/sites.usp.br\/fpgch\/wp-content\/uploads\/sites\/1589\/2025\/02\/Design-sem-nome-10.png 1202w, https:\/\/sites.usp.br\/fpgch\/wp-content\/uploads\/sites\/1589\/2025\/02\/Design-sem-nome-10-240x300.png 240w, https:\/\/sites.usp.br\/fpgch\/wp-content\/uploads\/sites\/1589\/2025\/02\/Design-sem-nome-10-819x1024.png 819w, https:\/\/sites.usp.br\/fpgch\/wp-content\/uploads\/sites\/1589\/2025\/02\/Design-sem-nome-10-768x960.png 768w\" sizes=\"(max-width: 1202px) 100vw, 1202px\" \/>\t\t\t\t\t\t\t\t<\/a>\n\t\t\t\t\t\t\t\t\t\t\t\t\t<\/div>\n\t\t\t\t<\/div>\n\t\t\t\t<div class=\"elementor-element elementor-element-b0ba2c4 elementor-widget elementor-widget-heading\" data-id=\"b0ba2c4\" data-element_type=\"widget\" data-widget_type=\"heading.default\">\n\t\t\t\t<div class=\"elementor-widget-container\">\n\t\t\t<h2 class=\"elementor-heading-title elementor-size-default\">Prote\u00e7\u00e3o aos Refugiados Afeg\u00e3os no Sistema Jur\u00eddico Brasileiro<\/h2>\t\t<\/div>\n\t\t\t\t<\/div>\n\t\t\t\t<div class=\"elementor-element elementor-element-ed5c5e0 elementor-widget elementor-widget-text-editor\" data-id=\"ed5c5e0\" data-element_type=\"widget\" data-widget_type=\"text-editor.default\">\n\t\t\t\t<div class=\"elementor-widget-container\">\n\t\t\t\t\t\t\t<p>Prof. Carlos Boucault<\/p>\t\t\t\t\t\t<\/div>\n\t\t\t\t<\/div>\n\t\t\t\t\t<\/div>\n\t\t<\/div>\n\t\t\t\t<div class=\"elementor-column elementor-col-14 elementor-top-column elementor-element elementor-element-b44b05d\" data-id=\"b44b05d\" data-element_type=\"column\">\n\t\t\t<div class=\"elementor-widget-wrap\">\n\t\t\t\t\t\t\t<\/div>\n\t\t<\/div>\n\t\t\t\t<div class=\"elementor-column elementor-col-14 elementor-top-column elementor-element elementor-element-fc45694\" data-id=\"fc45694\" data-element_type=\"column\">\n\t\t\t<div class=\"elementor-widget-wrap elementor-element-populated\">\n\t\t\t\t\t\t<div class=\"elementor-element elementor-element-003c8a9 elementor-widget elementor-widget-image\" data-id=\"003c8a9\" data-element_type=\"widget\" data-widget_type=\"image.default\">\n\t\t\t\t<div class=\"elementor-widget-container\">\n\t\t\t\t\t\t\t\t\t\t\t\t\t<img loading=\"lazy\" decoding=\"async\" width=\"1202\" height=\"1502\" src=\"https:\/\/sites.usp.br\/fpgch\/wp-content\/uploads\/sites\/1589\/2025\/02\/Folders-FPGCH-2023.png\" class=\"attachment-2048x2048 size-2048x2048 wp-image-295\" alt=\"\" srcset=\"https:\/\/sites.usp.br\/fpgch\/wp-content\/uploads\/sites\/1589\/2025\/02\/Folders-FPGCH-2023.png 1202w, https:\/\/sites.usp.br\/fpgch\/wp-content\/uploads\/sites\/1589\/2025\/02\/Folders-FPGCH-2023-240x300.png 240w, https:\/\/sites.usp.br\/fpgch\/wp-content\/uploads\/sites\/1589\/2025\/02\/Folders-FPGCH-2023-819x1024.png 819w, https:\/\/sites.usp.br\/fpgch\/wp-content\/uploads\/sites\/1589\/2025\/02\/Folders-FPGCH-2023-768x960.png 768w\" sizes=\"(max-width: 1202px) 100vw, 1202px\" \/>\t\t\t\t\t\t\t\t\t\t\t\t\t<\/div>\n\t\t\t\t<\/div>\n\t\t\t\t<div class=\"elementor-element elementor-element-67dea93 elementor-widget elementor-widget-heading\" data-id=\"67dea93\" data-element_type=\"widget\" data-widget_type=\"heading.default\">\n\t\t\t\t<div class=\"elementor-widget-container\">\n\t\t\t<h2 class=\"elementor-heading-title elementor-size-default\">Direito Internacional Contempor\u00e2neo e a Prote\u00e7\u00e3o da Democracia: Limites Pr\u00e1ticos, Pol\u00edticos e Gnoseol\u00f3gicos<\/h2>\t\t<\/div>\n\t\t\t\t<\/div>\n\t\t\t\t<div class=\"elementor-element elementor-element-5980e07 elementor-widget elementor-widget-text-editor\" data-id=\"5980e07\" data-element_type=\"widget\" data-widget_type=\"text-editor.default\">\n\t\t\t\t<div class=\"elementor-widget-container\">\n\t\t\t\t\t\t\t<p>Prof.\u00a0 Arthur Capella<\/p>\t\t\t\t\t\t<\/div>\n\t\t\t\t<\/div>\n\t\t\t\t\t<\/div>\n\t\t<\/div>\n\t\t\t\t<div class=\"elementor-column elementor-col-14 elementor-top-column elementor-element elementor-element-29cc922\" data-id=\"29cc922\" data-element_type=\"column\">\n\t\t\t<div class=\"elementor-widget-wrap\">\n\t\t\t\t\t\t\t<\/div>\n\t\t<\/div>\n\t\t\t\t<div class=\"elementor-column elementor-col-14 elementor-top-column elementor-element elementor-element-acd133b\" data-id=\"acd133b\" data-element_type=\"column\">\n\t\t\t<div class=\"elementor-widget-wrap elementor-element-populated\">\n\t\t\t\t\t\t<div class=\"elementor-element elementor-element-b60e6f0 elementor-widget elementor-widget-image\" data-id=\"b60e6f0\" data-element_type=\"widget\" data-widget_type=\"image.default\">\n\t\t\t\t<div class=\"elementor-widget-container\">\n\t\t\t\t\t\t\t\t\t\t\t\t\t\t<a href=\"https:\/\/youtu.be\/x0nTRrafB3s?feature=shared\">\n\t\t\t\t\t\t\t<img loading=\"lazy\" decoding=\"async\" width=\"1202\" height=\"1502\" src=\"https:\/\/sites.usp.br\/fpgch\/wp-content\/uploads\/sites\/1589\/2025\/02\/Design-sem-nome-9.png\" class=\"elementor-animation-grow attachment-2048x2048 size-2048x2048 wp-image-216\" alt=\"\" srcset=\"https:\/\/sites.usp.br\/fpgch\/wp-content\/uploads\/sites\/1589\/2025\/02\/Design-sem-nome-9.png 1202w, https:\/\/sites.usp.br\/fpgch\/wp-content\/uploads\/sites\/1589\/2025\/02\/Design-sem-nome-9-240x300.png 240w, https:\/\/sites.usp.br\/fpgch\/wp-content\/uploads\/sites\/1589\/2025\/02\/Design-sem-nome-9-819x1024.png 819w, https:\/\/sites.usp.br\/fpgch\/wp-content\/uploads\/sites\/1589\/2025\/02\/Design-sem-nome-9-768x960.png 768w\" sizes=\"(max-width: 1202px) 100vw, 1202px\" \/>\t\t\t\t\t\t\t\t<\/a>\n\t\t\t\t\t\t\t\t\t\t\t\t\t<\/div>\n\t\t\t\t<\/div>\n\t\t\t\t<div class=\"elementor-element elementor-element-d32761a elementor-widget elementor-widget-heading\" data-id=\"d32761a\" data-element_type=\"widget\" data-widget_type=\"heading.default\">\n\t\t\t\t<div class=\"elementor-widget-container\">\n\t\t\t<h2 class=\"elementor-heading-title elementor-size-default\">Crimes contra a Humanidade durante a Ditadura Militar Brasileira<\/h2>\t\t<\/div>\n\t\t\t\t<\/div>\n\t\t\t\t<div class=\"elementor-element elementor-element-668a22e elementor-widget elementor-widget-text-editor\" data-id=\"668a22e\" data-element_type=\"widget\" data-widget_type=\"text-editor.default\">\n\t\t\t\t<div class=\"elementor-widget-container\">\n\t\t\t\t\t\t\t<p>Prof.\u00a0 Carolina Melo<\/p>\t\t\t\t\t\t<\/div>\n\t\t\t\t<\/div>\n\t\t\t\t\t<\/div>\n\t\t<\/div>\n\t\t\t\t<div class=\"elementor-column elementor-col-14 elementor-top-column elementor-element elementor-element-9182342\" data-id=\"9182342\" data-element_type=\"column\">\n\t\t\t<div class=\"elementor-widget-wrap\">\n\t\t\t\t\t\t\t<\/div>\n\t\t<\/div>\n\t\t\t\t\t<\/div>\n\t\t<\/section>\n\t\t\t\t<\/div>\n\t\t","protected":false},"excerpt":{"rendered":"<p>Ano IV &#8211; 2023 Crimes contra a Humanidade e Povos Origin\u00e1rios do Brasil Prof. Cas\u00e9 Angatu Danos Ambientais na Justi\u00e7a Penal Internacional: Crime contra a Humanidade ou Ecoc\u00eddio? Prof.\u00a0 Tatiana [&hellip;]<\/p>\n","protected":false},"author":24422,"featured_media":0,"parent":0,"menu_order":0,"comment_status":"closed","ping_status":"closed","template":"","meta":{"ocean_post_layout":"","ocean_both_sidebars_style":"","ocean_both_sidebars_content_width":0,"ocean_both_sidebars_sidebars_width":0,"ocean_sidebar":"0","ocean_second_sidebar":"0","ocean_disable_margins":"enable","ocean_add_body_class":"","ocean_shortcode_before_top_bar":"","ocean_shortcode_after_top_bar":"","ocean_shortcode_before_header":"","ocean_shortcode_after_header":"","ocean_has_shortcode":"","ocean_shortcode_after_title":"","ocean_shortcode_before_footer_widgets":"","ocean_shortcode_after_footer_widgets":"","ocean_shortcode_before_footer_bottom":"","ocean_shortcode_after_footer_bottom":"","ocean_display_top_bar":"default","ocean_display_header":"default","ocean_header_style":"","ocean_center_header_left_menu":"0","ocean_custom_header_template":"0","ocean_custom_logo":0,"ocean_custom_retina_logo":0,"ocean_custom_logo_max_width":0,"ocean_custom_logo_tablet_max_width":0,"ocean_custom_logo_mobile_max_width":0,"ocean_custom_logo_max_height":0,"ocean_custom_logo_tablet_max_height":0,"ocean_custom_logo_mobile_max_height":0,"ocean_header_custom_menu":"0","ocean_menu_typo_font_family":"0","ocean_menu_typo_font_subset":"","ocean_menu_typo_font_size":0,"ocean_menu_typo_font_size_tablet":0,"ocean_menu_typo_font_size_mobile":0,"ocean_menu_typo_font_size_unit":"px","ocean_menu_typo_font_weight":"","ocean_menu_typo_font_weight_tablet":"","ocean_menu_typo_font_weight_mobile":"","ocean_menu_typo_transform":"","ocean_menu_typo_transform_tablet":"","ocean_menu_typo_transform_mobile":"","ocean_menu_typo_line_height":0,"ocean_menu_typo_line_height_tablet":0,"ocean_menu_typo_line_height_mobile":0,"ocean_menu_typo_line_height_unit":"","ocean_menu_typo_spacing":0,"ocean_menu_typo_spacing_tablet":0,"ocean_menu_typo_spacing_mobile":0,"ocean_menu_typo_spacing_unit":"","ocean_menu_link_color":"","ocean_menu_link_color_hover":"","ocean_menu_link_color_active":"","ocean_menu_link_background":"","ocean_menu_link_hover_background":"","ocean_menu_link_active_background":"","ocean_menu_social_links_bg":"","ocean_menu_social_hover_links_bg":"","ocean_menu_social_links_color":"","ocean_menu_social_hover_links_color":"","ocean_disable_title":"default","ocean_disable_heading":"default","ocean_post_title":"","ocean_post_subheading":"","ocean_post_title_style":"","ocean_post_title_background_color":"","ocean_post_title_background":0,"ocean_post_title_bg_image_position":"","ocean_post_title_bg_image_attachment":"","ocean_post_title_bg_image_repeat":"","ocean_post_title_bg_image_size":"","ocean_post_title_height":0,"ocean_post_title_bg_overlay":0.5,"ocean_post_title_bg_overlay_color":"","ocean_disable_breadcrumbs":"default","ocean_breadcrumbs_color":"","ocean_breadcrumbs_separator_color":"","ocean_breadcrumbs_links_color":"","ocean_breadcrumbs_links_hover_color":"","ocean_display_footer_widgets":"default","ocean_display_footer_bottom":"default","ocean_custom_footer_template":"0","footnotes":"","_links_to":"","_links_to_target":""},"class_list":["post-212","page","type-page","status-publish","hentry","entry"],"_links":{"self":[{"href":"https:\/\/sites.usp.br\/fpgch\/wp-json\/wp\/v2\/pages\/212","targetHints":{"allow":["GET"]}}],"collection":[{"href":"https:\/\/sites.usp.br\/fpgch\/wp-json\/wp\/v2\/pages"}],"about":[{"href":"https:\/\/sites.usp.br\/fpgch\/wp-json\/wp\/v2\/types\/page"}],"author":[{"embeddable":true,"href":"https:\/\/sites.usp.br\/fpgch\/wp-json\/wp\/v2\/users\/24422"}],"replies":[{"embeddable":true,"href":"https:\/\/sites.usp.br\/fpgch\/wp-json\/wp\/v2\/comments?post=212"}],"version-history":[{"count":4,"href":"https:\/\/sites.usp.br\/fpgch\/wp-json\/wp\/v2\/pages\/212\/revisions"}],"predecessor-version":[{"id":453,"href":"https:\/\/sites.usp.br\/fpgch\/wp-json\/wp\/v2\/pages\/212\/revisions\/453"}],"wp:attachment":[{"href":"https:\/\/sites.usp.br\/fpgch\/wp-json\/wp\/v2\/media?parent=212"}],"curies":[{"name":"wp","href":"https:\/\/api.w.org\/{rel}","templated":true}]}}