{"id":1474,"date":"2014-04-29T17:14:00","date_gmt":"2014-04-29T19:14:00","guid":{"rendered":"http:\/\/sites.usp.br\/fsp\/?page_id=1474"},"modified":"2015-12-22T11:00:34","modified_gmt":"2015-12-22T13:00:34","slug":"guia-estrangeiro","status":"publish","type":"page","link":"https:\/\/sites.usp.br\/fsp\/guia-estrangeiro\/","title":{"rendered":"Guia do Estrangeiro"},"content":{"rendered":"<p><\/p>\n<h5>Guia do Estrangeiro<\/h5>\n<p><a href=\"http:\/\/sites.usp.br\/fsp\/wp-content\/uploads\/sites\/3\/2013\/12\/IMG_5285.jpg\"><img loading=\"lazy\" decoding=\"async\" class=\"alignright\" alt=\"IMG_5285\" src=\"http:\/\/sites.usp.br\/fsp\/wp-content\/uploads\/sites\/3\/2013\/12\/IMG_5285.jpg\" width=\"200\" height=\"150\" \/><\/a><\/p>\n<p>O Guia do Estrangeiro foi elaborado pela Comiss\u00e3o de Rela\u00e7\u00f5es Internacionais com o fim de tornar claros os passos iniciais que estudantes estrangeiros e visitantes devem realizar, e tamb\u00e9m oferece informa\u00e7\u00f5es importantes que os estrangeiros devem ter conhecimento, antes de deixarem seus pa\u00edses de origem.<\/p>\n<ul>\n<li><a title=\"Guia do Estrangeiro\" href=\"http:\/\/sites.usp.br\/fsp\/wp-content\/uploads\/sites\/3\/2013\/12\/Guia-do-Aluno-Estrangeiro_06_05_2013.pdf\" target=\"_blank\">Guia do Estrangeiro<\/a><\/li>\n<\/ul>\n<p><\/p>","protected":false},"excerpt":{"rendered":"<p>Guia do Estrangeiro O Guia do Estrangeiro foi elaborado pela Comiss\u00e3o de Rela\u00e7\u00f5es Internacionais com o fim de tornar claros os passos iniciais que estudantes estrangeiros e visitantes devem realizar, e tamb\u00e9m oferece informa\u00e7\u00f5es importantes que os estrangeiros devem ter conhecimento, antes de deixarem seus pa\u00edses de origem. Guia do Estrangeiro<\/p>\n","protected":false},"author":34,"featured_media":0,"parent":0,"menu_order":0,"comment_status":"open","ping_status":"open","template":"","meta":{"footnotes":"","_links_to":"","_links_to_target":""},"class_list":["post-1474","page","type-page","status-publish","hentry"],"_links":{"self":[{"href":"https:\/\/sites.usp.br\/fsp\/wp-json\/wp\/v2\/pages\/1474","targetHints":{"allow":["GET"]}}],"collection":[{"href":"https:\/\/sites.usp.br\/fsp\/wp-json\/wp\/v2\/pages"}],"about":[{"href":"https:\/\/sites.usp.br\/fsp\/wp-json\/wp\/v2\/types\/page"}],"author":[{"embeddable":true,"href":"https:\/\/sites.usp.br\/fsp\/wp-json\/wp\/v2\/users\/34"}],"replies":[{"embeddable":true,"href":"https:\/\/sites.usp.br\/fsp\/wp-json\/wp\/v2\/comments?post=1474"}],"version-history":[{"count":2,"href":"https:\/\/sites.usp.br\/fsp\/wp-json\/wp\/v2\/pages\/1474\/revisions"}],"predecessor-version":[{"id":1499,"href":"https:\/\/sites.usp.br\/fsp\/wp-json\/wp\/v2\/pages\/1474\/revisions\/1499"}],"wp:attachment":[{"href":"https:\/\/sites.usp.br\/fsp\/wp-json\/wp\/v2\/media?parent=1474"}],"curies":[{"name":"wp","href":"https:\/\/api.w.org\/{rel}","templated":true}]}}