{"id":317,"date":"2013-11-29T16:55:01","date_gmt":"2013-11-29T18:55:01","guid":{"rendered":"http:\/\/sites.usp.br\/fsp\/?page_id=317"},"modified":"2013-12-17T09:09:03","modified_gmt":"2013-12-17T11:09:03","slug":"nutricao-em-saude-publica","status":"publish","type":"page","link":"https:\/\/sites.usp.br\/fsp\/nutricao-em-saude-publica\/","title":{"rendered":"Nutri\u00e7\u00e3o em Sa\u00fade P\u00fablica"},"content":{"rendered":"<p><strong>P\u00f3s-Gradua\u00e7\u00e3o de Nutri\u00e7\u00e3o em Sa\u00fade P\u00fablica (Mestrado e Doutorado)<\/strong><\/p>\n<p>Para informa\u00e7\u00f5es mais detalhadas consulte o site <span style=\"color: #236b8e\"><a href=\"http:\/\/www.fsp.usp.br\/pos\" target=\"_blank\"><span style=\"color: #236b8e\"><strong>http:\/\/www.fsp.usp.br\/pos<\/strong><\/span><\/a><\/span><\/p>\n<ul>\n<li><strong><em>Apresenta\u00e7\u00e3o<\/em><\/strong><\/li>\n<\/ul>\n<p style=\"text-align: justify\"><a href=\"http:\/\/sites.usp.br\/fsp\/wp-content\/uploads\/sites\/3\/2013\/12\/DSC_9166.jpg\"><img loading=\"lazy\" decoding=\"async\" class=\" wp-image-1068 alignright\" alt=\"DSC_9166\" src=\"http:\/\/sites.usp.br\/fsp\/wp-content\/uploads\/sites\/3\/2013\/12\/DSC_9166.jpg\" width=\"246\" height=\"163\" srcset=\"https:\/\/sites.usp.br\/fsp\/wp-content\/uploads\/sites\/3\/2013\/12\/DSC_9166.jpg 2464w, https:\/\/sites.usp.br\/fsp\/wp-content\/uploads\/sites\/3\/2013\/12\/DSC_9166-300x198.jpg 300w, https:\/\/sites.usp.br\/fsp\/wp-content\/uploads\/sites\/3\/2013\/12\/DSC_9166-1024x678.jpg 1024w\" sizes=\"auto, (max-width: 246px) 100vw, 246px\" \/><\/a>O Programa de P\u00f3s-Gradua\u00e7\u00e3o &#8220;Nutri\u00e7\u00e3o em Sa\u00fade P\u00fablica&#8221;, iniciou-se em 2007, ap\u00f3s aprova\u00e7\u00e3o da CAPES. \u00c9 um programa \u00fanico no Brasil por agregar um grupo de pesquisadores com destacadas compet\u00eancias nas \u00e1reas de Epidemiologia Nutricional, Nutri\u00e7\u00e3o Humana e Alimentos, voltado ao estudo dos problemas e solu\u00e7\u00f5es de Sa\u00fade P\u00fablica Ligados a Nutri\u00e7\u00e3o e Alimenta\u00e7\u00e3o.<\/p>\n<p style=\"text-align: justify\">Assim, estudos epidemiol\u00f3gicos diagnosticam os dist\u00farbios nutricionais relevantes na popula\u00e7\u00e3o para os quais s\u00e3o formuladas e avaliadas interven\u00e7\u00f5es, necessitando muitas vezes de alimentos especiais que s\u00e3o desenvolvidos e testados. Esta forma integrada de abordar os problemas de sa\u00fade p\u00fablica \u00e9 a filosofia deste novo programa.<\/p>\n<p style=\"text-align: justify\"><a href=\"http:\/\/sites.usp.br\/fsp\/wp-content\/uploads\/sites\/3\/2013\/12\/Mvc-007f.jpg\"><img loading=\"lazy\" decoding=\"async\" class=\" wp-image-1143 alignleft\" alt=\"Mvc-007f\" src=\"http:\/\/sites.usp.br\/fsp\/wp-content\/uploads\/sites\/3\/2013\/12\/Mvc-007f.jpg\" width=\"204\" height=\"153\" \/><\/a>O programa conta, al\u00e9m dos 8 laborat\u00f3rios do Departamento de Nutri\u00e7\u00e3o, com a infra-estrutura da Faculdade de Sa\u00fade P\u00fablica e da Universidade de S\u00e3o Paulo, que incluem: laborat\u00f3rios de inform\u00e1tica e acesso a softwares de uso comum, biblioteca, facilidades para atividades de pesquisa nos hospitais e servi\u00e7os de Sa\u00fade ligados \u00e0 USP, como o HC, HU, Instituto da Crian\u00e7a, Centros de Sa\u00fade do Butant\u00e3 e Paula Souza, Centro de Refer\u00eancia para Preven\u00e7\u00e3o e Controle das Doen\u00e7as Associadas a Nutri\u00e7\u00e3o, Biot\u00e9rios, SIBI (Servi\u00e7o Integrado de Bibliotecas) que permite acesso a todo acervo bibliogr\u00e1fico dispon\u00edvel na USP bem como assinaturas adicionais de per\u00edodicos n\u00e3o encontrados no portal CAPES.<\/p>\n<p style=\"text-align: center\"><span style=\"color: #236b8e\"><a title=\"Linhas de Pesquisa\" href=\"http:\/\/sites.usp.br\/fsp\/nutricao-em-saude-publica\/linhas-de-pesquisa\/\"><span style=\"color: #236b8e\"><strong>Linhas de pesquisa do Programa<\/strong><\/span><\/a><\/span><\/p>\n<p><\/p>","protected":false},"excerpt":{"rendered":"<p>P\u00f3s-Gradua\u00e7\u00e3o de Nutri\u00e7\u00e3o em Sa\u00fade P\u00fablica (Mestrado e Doutorado) Para informa\u00e7\u00f5es mais detalhadas consulte o site http:\/\/www.fsp.usp.br\/pos Apresenta\u00e7\u00e3o O Programa de P\u00f3s-Gradua\u00e7\u00e3o &#8220;Nutri\u00e7\u00e3o em Sa\u00fade P\u00fablica&#8221;, iniciou-se em 2007, ap\u00f3s aprova\u00e7\u00e3o da CAPES. \u00c9 um programa \u00fanico no Brasil por agregar um grupo de pesquisadores com destacadas compet\u00eancias nas \u00e1reas de Epidemiologia Nutricional, Nutri\u00e7\u00e3o Humana [&hellip;]<\/p>\n","protected":false},"author":2,"featured_media":0,"parent":0,"menu_order":2,"comment_status":"closed","ping_status":"closed","template":"","meta":{"footnotes":"","_links_to":"","_links_to_target":""},"class_list":["post-317","page","type-page","status-publish","hentry"],"_links":{"self":[{"href":"https:\/\/sites.usp.br\/fsp\/wp-json\/wp\/v2\/pages\/317","targetHints":{"allow":["GET"]}}],"collection":[{"href":"https:\/\/sites.usp.br\/fsp\/wp-json\/wp\/v2\/pages"}],"about":[{"href":"https:\/\/sites.usp.br\/fsp\/wp-json\/wp\/v2\/types\/page"}],"author":[{"embeddable":true,"href":"https:\/\/sites.usp.br\/fsp\/wp-json\/wp\/v2\/users\/2"}],"replies":[{"embeddable":true,"href":"https:\/\/sites.usp.br\/fsp\/wp-json\/wp\/v2\/comments?post=317"}],"version-history":[{"count":6,"href":"https:\/\/sites.usp.br\/fsp\/wp-json\/wp\/v2\/pages\/317\/revisions"}],"predecessor-version":[{"id":1351,"href":"https:\/\/sites.usp.br\/fsp\/wp-json\/wp\/v2\/pages\/317\/revisions\/1351"}],"wp:attachment":[{"href":"https:\/\/sites.usp.br\/fsp\/wp-json\/wp\/v2\/media?parent=317"}],"curies":[{"name":"wp","href":"https:\/\/api.w.org\/{rel}","templated":true}]}}