{"id":891,"date":"2025-03-17T10:22:29","date_gmt":"2025-03-17T13:22:29","guid":{"rendered":"https:\/\/sites.usp.br\/geas\/?page_id=891"},"modified":"2026-05-02T17:15:43","modified_gmt":"2026-05-02T20:15:43","slug":"patrocinadores","status":"publish","type":"page","link":"https:\/\/sites.usp.br\/geas\/patrocinadores\/","title":{"rendered":"Patrocinadores"},"content":{"rendered":"\t\t<div data-elementor-type=\"wp-page\" data-elementor-id=\"891\" class=\"elementor elementor-891\" data-elementor-post-type=\"page\">\n\t\t\t\t\t\t<section class=\"elementor-section elementor-top-section elementor-element elementor-element-05ed67b elementor-section-boxed elementor-section-height-default elementor-section-height-default\" data-id=\"05ed67b\" data-element_type=\"section\">\n\t\t\t\t\t\t<div class=\"elementor-container elementor-column-gap-default\">\n\t\t\t\t\t<div class=\"elementor-column elementor-col-100 elementor-top-column elementor-element elementor-element-e8ff7ad\" data-id=\"e8ff7ad\" data-element_type=\"column\">\n\t\t\t<div class=\"elementor-widget-wrap elementor-element-populated\">\n\t\t\t\t\t\t<div class=\"elementor-element elementor-element-a8a775c elementor-widget elementor-widget-text-editor\" data-id=\"a8a775c\" data-element_type=\"widget\" data-widget_type=\"text-editor.default\">\n\t\t\t\t<div class=\"elementor-widget-container\">\n\t\t\t\t\t\t\t<p><span style=\"color: #000000; font-size: 18pt;\"><strong>ALCON<\/strong><\/span><\/p><p>A Alcon \u00e9 l\u00edder na formula\u00e7\u00e3o de ra\u00e7\u00e3o e suplementos para peixes, r\u00e9pteis e outros animais de pequeno porte, dando prioridade \u00e0 qualidade e ao bem-estar. Com \u00eanfase em pesquisa e inova\u00e7\u00e3o, fornece alimentos nutricionalmente ricos e adaptados para cada esp\u00e9cie. Al\u00e9m, de adotarem pr\u00e1ticas sustent\u00e1veis, consolidando-se como l\u00edder no setor.<\/p>\t\t\t\t\t\t<\/div>\n\t\t\t\t<\/div>\n\t\t\t\t\t<\/div>\n\t\t<\/div>\n\t\t\t\t\t<\/div>\n\t\t<\/section>\n\t\t\t\t<section class=\"elementor-section elementor-top-section elementor-element elementor-element-7ac2144 elementor-section-boxed elementor-section-height-default elementor-section-height-default\" data-id=\"7ac2144\" data-element_type=\"section\">\n\t\t\t\t\t\t<div class=\"elementor-container elementor-column-gap-default\">\n\t\t\t\t\t<div class=\"elementor-column elementor-col-100 elementor-top-column elementor-element elementor-element-d2ddcca\" data-id=\"d2ddcca\" data-element_type=\"column\">\n\t\t\t<div class=\"elementor-widget-wrap elementor-element-populated\">\n\t\t\t\t\t\t<div class=\"elementor-element elementor-element-c857e86 elementor-widget elementor-widget-image\" data-id=\"c857e86\" data-element_type=\"widget\" data-widget_type=\"image.default\">\n\t\t\t\t<div class=\"elementor-widget-container\">\n\t\t\t\t\t\t\t\t\t\t\t\t\t<img fetchpriority=\"high\" decoding=\"async\" width=\"768\" height=\"432\" src=\"https:\/\/sites.usp.br\/geas\/wp-content\/uploads\/sites\/1272\/2025\/03\/3-768x432.png\" class=\"attachment-medium_large size-medium_large wp-image-893\" alt=\"\" srcset=\"https:\/\/sites.usp.br\/geas\/wp-content\/uploads\/sites\/1272\/2025\/03\/3-768x432.png 768w, https:\/\/sites.usp.br\/geas\/wp-content\/uploads\/sites\/1272\/2025\/03\/3-300x169.png 300w, https:\/\/sites.usp.br\/geas\/wp-content\/uploads\/sites\/1272\/2025\/03\/3-1024x576.png 1024w, https:\/\/sites.usp.br\/geas\/wp-content\/uploads\/sites\/1272\/2025\/03\/3-1536x864.png 1536w, https:\/\/sites.usp.br\/geas\/wp-content\/uploads\/sites\/1272\/2025\/03\/3-800x450.png 800w, https:\/\/sites.usp.br\/geas\/wp-content\/uploads\/sites\/1272\/2025\/03\/3-310x174.png 310w, https:\/\/sites.usp.br\/geas\/wp-content\/uploads\/sites\/1272\/2025\/03\/3.png 1920w\" sizes=\"(max-width: 768px) 100vw, 768px\" \/>\t\t\t\t\t\t\t\t\t\t\t\t\t<\/div>\n\t\t\t\t<\/div>\n\t\t\t\t\t<\/div>\n\t\t<\/div>\n\t\t\t\t\t<\/div>\n\t\t<\/section>\n\t\t\t\t<section class=\"elementor-section elementor-top-section elementor-element elementor-element-23b9d0a elementor-section-boxed elementor-section-height-default elementor-section-height-default\" data-id=\"23b9d0a\" data-element_type=\"section\">\n\t\t\t\t\t\t<div class=\"elementor-container elementor-column-gap-default\">\n\t\t\t\t\t<div class=\"elementor-column elementor-col-100 elementor-top-column elementor-element elementor-element-28f84db\" data-id=\"28f84db\" data-element_type=\"column\">\n\t\t\t<div class=\"elementor-widget-wrap elementor-element-populated\">\n\t\t\t\t\t\t<div class=\"elementor-element elementor-element-1c1b435 elementor-widget-divider--view-line elementor-widget elementor-widget-divider\" data-id=\"1c1b435\" data-element_type=\"widget\" data-widget_type=\"divider.default\">\n\t\t\t\t<div class=\"elementor-widget-container\">\n\t\t\t\t\t<div class=\"elementor-divider\">\n\t\t\t<span class=\"elementor-divider-separator\">\n\t\t\t\t\t\t<\/span>\n\t\t<\/div>\n\t\t\t\t<\/div>\n\t\t\t\t<\/div>\n\t\t\t\t\t<\/div>\n\t\t<\/div>\n\t\t\t\t\t<\/div>\n\t\t<\/section>\n\t\t\t\t<section class=\"elementor-section elementor-top-section elementor-element elementor-element-f56313b elementor-section-boxed elementor-section-height-default elementor-section-height-default\" data-id=\"f56313b\" data-element_type=\"section\">\n\t\t\t\t\t\t<div class=\"elementor-container elementor-column-gap-default\">\n\t\t\t\t\t<div class=\"elementor-column elementor-col-100 elementor-top-column elementor-element elementor-element-0a650e6\" data-id=\"0a650e6\" data-element_type=\"column\">\n\t\t\t<div class=\"elementor-widget-wrap elementor-element-populated\">\n\t\t\t\t\t\t<div class=\"elementor-element elementor-element-85c36b3 elementor-widget elementor-widget-heading\" data-id=\"85c36b3\" data-element_type=\"widget\" data-widget_type=\"heading.default\">\n\t\t\t\t<div class=\"elementor-widget-container\">\n\t\t\t<h2 class=\"elementor-heading-title elementor-size-default\">CANTERA<\/h2>\t\t<\/div>\n\t\t\t\t<\/div>\n\t\t\t\t<div class=\"elementor-element elementor-element-2b62876 elementor-widget elementor-widget-text-editor\" data-id=\"2b62876\" data-element_type=\"widget\" data-widget_type=\"text-editor.default\">\n\t\t\t\t<div class=\"elementor-widget-container\">\n\t\t\t\t\t\t\t<p>A Cantera Language Hub nasceu para ressignificar o ensino de idiomas, por meio de uma trajet\u00f3ria totalmente personalizada e focada. Aqui, honramos nossos antepassados e fortalecemos nossos la\u00e7os familiares, inspirando o nome de nossa empresa. Nossa tradi\u00e7\u00e3o e hist\u00f3ria s\u00e3o fundamentais para nossa identidade, e levamos esses valores conosco \u00e0 medida que avan\u00e7amos. Nossa Miss\u00e3o \u00e9 ensinar, empoderar e te conectar com o mundo por meio de aulas personalizadas e exclusivas. Nossa Vis\u00e3o: Ser reconhecido como o centro de idiomas mais inovador e exclusivo do mercado, transformando a experi\u00eancia de aprendizagem de idiomas atrav\u00e9s de m\u00e9todos personalizados e interativos.<\/p>\t\t\t\t\t\t<\/div>\n\t\t\t\t<\/div>\n\t\t\t\t<div class=\"elementor-element elementor-element-bdf867d elementor-widget elementor-widget-image\" data-id=\"bdf867d\" data-element_type=\"widget\" data-widget_type=\"image.default\">\n\t\t\t\t<div class=\"elementor-widget-container\">\n\t\t\t\t\t\t\t\t\t\t\t\t\t<img decoding=\"async\" width=\"956\" height=\"230\" src=\"https:\/\/sites.usp.br\/geas\/wp-content\/uploads\/sites\/1272\/2026\/05\/Captura-de-tela-2026-05-02-162806-1.png\" class=\"attachment-large size-large wp-image-1280\" alt=\"\" srcset=\"https:\/\/sites.usp.br\/geas\/wp-content\/uploads\/sites\/1272\/2026\/05\/Captura-de-tela-2026-05-02-162806-1.png 956w, https:\/\/sites.usp.br\/geas\/wp-content\/uploads\/sites\/1272\/2026\/05\/Captura-de-tela-2026-05-02-162806-1-300x72.png 300w, https:\/\/sites.usp.br\/geas\/wp-content\/uploads\/sites\/1272\/2026\/05\/Captura-de-tela-2026-05-02-162806-1-768x185.png 768w\" sizes=\"(max-width: 956px) 100vw, 956px\" \/>\t\t\t\t\t\t\t\t\t\t\t\t\t<\/div>\n\t\t\t\t<\/div>\n\t\t\t\t\t<\/div>\n\t\t<\/div>\n\t\t\t\t\t<\/div>\n\t\t<\/section>\n\t\t\t\t<section class=\"elementor-section elementor-top-section elementor-element elementor-element-07fe9f6 elementor-section-boxed elementor-section-height-default elementor-section-height-default\" data-id=\"07fe9f6\" data-element_type=\"section\">\n\t\t\t\t\t\t<div class=\"elementor-container elementor-column-gap-default\">\n\t\t\t\t\t<div class=\"elementor-column elementor-col-100 elementor-top-column elementor-element elementor-element-05068b1\" data-id=\"05068b1\" data-element_type=\"column\">\n\t\t\t<div class=\"elementor-widget-wrap\">\n\t\t\t\t\t\t\t<\/div>\n\t\t<\/div>\n\t\t\t\t\t<\/div>\n\t\t<\/section>\n\t\t\t\t<section class=\"elementor-section elementor-top-section elementor-element elementor-element-9ebc020 elementor-section-boxed elementor-section-height-default elementor-section-height-default\" data-id=\"9ebc020\" data-element_type=\"section\">\n\t\t\t\t\t\t<div class=\"elementor-container elementor-column-gap-default\">\n\t\t\t\t\t<div class=\"elementor-column elementor-col-100 elementor-top-column elementor-element elementor-element-30a8df4\" data-id=\"30a8df4\" data-element_type=\"column\">\n\t\t\t<div class=\"elementor-widget-wrap elementor-element-populated\">\n\t\t\t\t\t\t<div class=\"elementor-element elementor-element-fec296d elementor-widget-divider--view-line elementor-widget elementor-widget-divider\" data-id=\"fec296d\" data-element_type=\"widget\" data-widget_type=\"divider.default\">\n\t\t\t\t<div class=\"elementor-widget-container\">\n\t\t\t\t\t<div class=\"elementor-divider\">\n\t\t\t<span class=\"elementor-divider-separator\">\n\t\t\t\t\t\t<\/span>\n\t\t<\/div>\n\t\t\t\t<\/div>\n\t\t\t\t<\/div>\n\t\t\t\t\t<\/div>\n\t\t<\/div>\n\t\t\t\t\t<\/div>\n\t\t<\/section>\n\t\t\t\t<section class=\"elementor-section elementor-top-section elementor-element elementor-element-bd1a3b9 elementor-section-boxed elementor-section-height-default elementor-section-height-default\" data-id=\"bd1a3b9\" data-element_type=\"section\">\n\t\t\t\t\t\t<div class=\"elementor-container elementor-column-gap-default\">\n\t\t\t\t\t<div class=\"elementor-column elementor-col-100 elementor-top-column elementor-element elementor-element-ee09f45\" data-id=\"ee09f45\" data-element_type=\"column\">\n\t\t\t<div class=\"elementor-widget-wrap elementor-element-populated\">\n\t\t\t\t\t\t<div class=\"elementor-element elementor-element-1ac79e4 elementor-widget elementor-widget-text-editor\" data-id=\"1ac79e4\" data-element_type=\"widget\" data-widget_type=\"text-editor.default\">\n\t\t\t\t<div class=\"elementor-widget-container\">\n\t\t\t\t\t\t\t<p><span style=\"color: #000000; font-size: 18pt;\"><strong>MUNDO A PARTE<\/strong><\/span><\/p><p>A Mundo a Parte oferece cursos de forma\u00e7\u00e3o em fisioterapia e reabilita\u00e7\u00e3o veterin\u00e1ria, combinando teoria e pr\u00e1tica para formar profissionais competentes. Com a colabora\u00e7\u00e3o de especialistas de prest\u00edgio, ensina t\u00e9cnicas como hidroterapia, laserterapia e acupuntura, com \u00eanfase no tratamento de doen\u00e7as ortop\u00e9dicas e neurol\u00f3gicas. Reconhecimento no setor, incentiva o bem-estar dos animais atrav\u00e9s da reabilita\u00e7\u00e3o.<\/p>\t\t\t\t\t\t<\/div>\n\t\t\t\t<\/div>\n\t\t\t\t\t<\/div>\n\t\t<\/div>\n\t\t\t\t\t<\/div>\n\t\t<\/section>\n\t\t\t\t<section class=\"elementor-section elementor-top-section elementor-element elementor-element-2de7991 elementor-section-boxed elementor-section-height-default elementor-section-height-default\" data-id=\"2de7991\" data-element_type=\"section\">\n\t\t\t\t\t\t<div class=\"elementor-container elementor-column-gap-default\">\n\t\t\t\t\t<div class=\"elementor-column elementor-col-100 elementor-top-column elementor-element elementor-element-c53c2a9\" data-id=\"c53c2a9\" data-element_type=\"column\">\n\t\t\t<div class=\"elementor-widget-wrap elementor-element-populated\">\n\t\t\t\t\t\t<div class=\"elementor-element elementor-element-58b1e20 elementor-widget elementor-widget-image\" data-id=\"58b1e20\" data-element_type=\"widget\" data-widget_type=\"image.default\">\n\t\t\t\t<div class=\"elementor-widget-container\">\n\t\t\t\t\t\t\t\t\t\t\t\t\t<img decoding=\"async\" width=\"768\" height=\"432\" src=\"https:\/\/sites.usp.br\/geas\/wp-content\/uploads\/sites\/1272\/2025\/03\/2-768x432.png\" class=\"attachment-medium_large size-medium_large wp-image-892\" alt=\"\" srcset=\"https:\/\/sites.usp.br\/geas\/wp-content\/uploads\/sites\/1272\/2025\/03\/2-768x432.png 768w, https:\/\/sites.usp.br\/geas\/wp-content\/uploads\/sites\/1272\/2025\/03\/2-300x169.png 300w, https:\/\/sites.usp.br\/geas\/wp-content\/uploads\/sites\/1272\/2025\/03\/2-1024x576.png 1024w, https:\/\/sites.usp.br\/geas\/wp-content\/uploads\/sites\/1272\/2025\/03\/2-1536x864.png 1536w, https:\/\/sites.usp.br\/geas\/wp-content\/uploads\/sites\/1272\/2025\/03\/2-800x450.png 800w, https:\/\/sites.usp.br\/geas\/wp-content\/uploads\/sites\/1272\/2025\/03\/2-310x174.png 310w, https:\/\/sites.usp.br\/geas\/wp-content\/uploads\/sites\/1272\/2025\/03\/2.png 1920w\" sizes=\"(max-width: 768px) 100vw, 768px\" \/>\t\t\t\t\t\t\t\t\t\t\t\t\t<\/div>\n\t\t\t\t<\/div>\n\t\t\t\t\t<\/div>\n\t\t<\/div>\n\t\t\t\t\t<\/div>\n\t\t<\/section>\n\t\t\t\t<\/div>\n\t\t","protected":false},"excerpt":{"rendered":"<p>ALCON A Alcon \u00e9 l\u00edder na formula\u00e7\u00e3o de ra\u00e7\u00e3o e suplementos para peixes, r\u00e9pteis e outros animais de pequeno porte, dando prioridade \u00e0 qualidade e ao bem-estar. Com \u00eanfase em pesquisa e inova\u00e7\u00e3o, fornece alimentos nutricionalmente ricos e adaptados para cada esp\u00e9cie. Al\u00e9m, de adotarem pr\u00e1ticas sustent\u00e1veis, consolidando-se como l\u00edder no setor. CANTERA A Cantera [&hellip;]<\/p>\n","protected":false},"author":24552,"featured_media":0,"parent":0,"menu_order":0,"comment_status":"closed","ping_status":"closed","template":"","meta":{"ocean_post_layout":"","ocean_both_sidebars_style":"","ocean_both_sidebars_content_width":0,"ocean_both_sidebars_sidebars_width":0,"ocean_sidebar":"0","ocean_second_sidebar":"0","ocean_disable_margins":"enable","ocean_add_body_class":"","ocean_shortcode_before_top_bar":"","ocean_shortcode_after_top_bar":"","ocean_shortcode_before_header":"","ocean_shortcode_after_header":"","ocean_has_shortcode":"","ocean_shortcode_after_title":"","ocean_shortcode_before_footer_widgets":"","ocean_shortcode_after_footer_widgets":"","ocean_shortcode_before_footer_bottom":"","ocean_shortcode_after_footer_bottom":"","ocean_display_top_bar":"default","ocean_display_header":"default","ocean_header_style":"","ocean_center_header_left_menu":"0","ocean_custom_header_template":"0","ocean_custom_logo":0,"ocean_custom_retina_logo":0,"ocean_custom_logo_max_width":0,"ocean_custom_logo_tablet_max_width":0,"ocean_custom_logo_mobile_max_width":0,"ocean_custom_logo_max_height":0,"ocean_custom_logo_tablet_max_height":0,"ocean_custom_logo_mobile_max_height":0,"ocean_header_custom_menu":"0","ocean_menu_typo_font_family":"0","ocean_menu_typo_font_subset":"","ocean_menu_typo_font_size":0,"ocean_menu_typo_font_size_tablet":0,"ocean_menu_typo_font_size_mobile":0,"ocean_menu_typo_font_size_unit":"px","ocean_menu_typo_font_weight":"","ocean_menu_typo_font_weight_tablet":"","ocean_menu_typo_font_weight_mobile":"","ocean_menu_typo_transform":"","ocean_menu_typo_transform_tablet":"","ocean_menu_typo_transform_mobile":"","ocean_menu_typo_line_height":0,"ocean_menu_typo_line_height_tablet":0,"ocean_menu_typo_line_height_mobile":0,"ocean_menu_typo_line_height_unit":"","ocean_menu_typo_spacing":0,"ocean_menu_typo_spacing_tablet":0,"ocean_menu_typo_spacing_mobile":0,"ocean_menu_typo_spacing_unit":"","ocean_menu_link_color":"","ocean_menu_link_color_hover":"","ocean_menu_link_color_active":"","ocean_menu_link_background":"","ocean_menu_link_hover_background":"","ocean_menu_link_active_background":"","ocean_menu_social_links_bg":"","ocean_menu_social_hover_links_bg":"","ocean_menu_social_links_color":"","ocean_menu_social_hover_links_color":"","ocean_disable_title":"default","ocean_disable_heading":"default","ocean_post_title":"","ocean_post_subheading":"","ocean_post_title_style":"","ocean_post_title_background_color":"","ocean_post_title_background":0,"ocean_post_title_bg_image_position":"","ocean_post_title_bg_image_attachment":"","ocean_post_title_bg_image_repeat":"","ocean_post_title_bg_image_size":"","ocean_post_title_height":0,"ocean_post_title_bg_overlay":0.5,"ocean_post_title_bg_overlay_color":"","ocean_disable_breadcrumbs":"default","ocean_breadcrumbs_color":"","ocean_breadcrumbs_separator_color":"","ocean_breadcrumbs_links_color":"","ocean_breadcrumbs_links_hover_color":"","ocean_display_footer_widgets":"default","ocean_display_footer_bottom":"default","ocean_custom_footer_template":"0","footnotes":"","_links_to":"","_links_to_target":""},"class_list":["post-891","page","type-page","status-publish","hentry","entry"],"_links":{"self":[{"href":"https:\/\/sites.usp.br\/geas\/wp-json\/wp\/v2\/pages\/891","targetHints":{"allow":["GET"]}}],"collection":[{"href":"https:\/\/sites.usp.br\/geas\/wp-json\/wp\/v2\/pages"}],"about":[{"href":"https:\/\/sites.usp.br\/geas\/wp-json\/wp\/v2\/types\/page"}],"author":[{"embeddable":true,"href":"https:\/\/sites.usp.br\/geas\/wp-json\/wp\/v2\/users\/24552"}],"replies":[{"embeddable":true,"href":"https:\/\/sites.usp.br\/geas\/wp-json\/wp\/v2\/comments?post=891"}],"version-history":[{"count":4,"href":"https:\/\/sites.usp.br\/geas\/wp-json\/wp\/v2\/pages\/891\/revisions"}],"predecessor-version":[{"id":1291,"href":"https:\/\/sites.usp.br\/geas\/wp-json\/wp\/v2\/pages\/891\/revisions\/1291"}],"wp:attachment":[{"href":"https:\/\/sites.usp.br\/geas\/wp-json\/wp\/v2\/media?parent=891"}],"curies":[{"name":"wp","href":"https:\/\/api.w.org\/{rel}","templated":true}]}}