{"id":228,"date":"2014-11-13T12:03:43","date_gmt":"2014-11-13T14:03:43","guid":{"rendered":"http:\/\/sites.usp.br\/gefim\/?page_id=228"},"modified":"2015-08-24T17:21:58","modified_gmt":"2015-08-24T19:21:58","slug":"compatrim","status":"publish","type":"page","link":"https:\/\/sites.usp.br\/gefim\/comissao\/compatrim\/","title":{"rendered":"ComPatrim"},"content":{"rendered":"<p><a href=\"http:\/\/www.usp.br\/da\/?q=node\/19\" target=\"_blank\">Patrim\u00f4nio<\/a><\/p>\n<p>&nbsp;<\/p>\n<table width=\"753\">\n<tbody>\n<tr>\n<td width=\"187\"><strong>Unidade<\/strong><\/td>\n<td width=\"566\"><strong>Membro<\/strong><\/td>\n<\/tr>\n<tr>\n<td width=\"187\">Reitoria<\/td>\n<td width=\"566\">Adriana\u00a0Mello da Silveira Cherobin (Coordenadora)<\/td>\n<\/tr>\n<tr>\n<td width=\"187\">FMVZ<\/td>\n<td width=\"566\">M\u00e1rcia dos Santos Matos Rizzi<\/td>\n<\/tr>\n<tr>\n<td width=\"187\">IFSC<\/td>\n<td width=\"566\">Ana Maria Micheloni<\/td>\n<\/tr>\n<tr>\n<td width=\"187\">FCF<\/td>\n<td width=\"566\">\u00c2ngelo In\u00e1cio Domingues Filho<\/td>\n<\/tr>\n<tr>\n<td width=\"187\">Reitoria<\/td>\n<td width=\"566\">Cleber de Souza Silva<\/td>\n<\/tr>\n<tr>\n<td width=\"187\">FFCLRP<\/td>\n<td width=\"566\">Dirlene Pedroso Ribeiro<\/td>\n<\/tr>\n<tr>\n<td width=\"187\">MP<\/td>\n<td width=\"566\">Jo\u00e3o Ata\u00edde Batista<\/td>\n<\/tr>\n<tr>\n<td width=\"187\">IP<\/td>\n<td width=\"566\">Jose Carlos da Silva<\/td>\n<\/tr>\n<tr>\n<td width=\"187\">IQ<\/td>\n<td width=\"566\">Julio de Assis Pereira<\/td>\n<\/tr>\n<tr>\n<td width=\"187\">ICB<\/td>\n<td width=\"566\">Laura C\u00e2ndida de \u00c1vila Beca<\/td>\n<\/tr>\n<tr>\n<td width=\"187\">HU<\/td>\n<td width=\"566\">Maur\u00edcio Lanzini<\/td>\n<\/tr>\n<tr>\n<td width=\"187\">PUSP-P<\/td>\n<td width=\"566\">Nelson Alexandre Tenan<\/td>\n<\/tr>\n<tr>\n<td width=\"187\">ESALQ<\/td>\n<td width=\"566\">Rafael Candido Possebon<\/td>\n<\/tr>\n<tr>\n<td width=\"187\">FOB<\/td>\n<td width=\"566\">Sergio Fumio Yoneyama<\/td>\n<\/tr>\n<tr>\n<td width=\"187\">CEBIMAR<\/td>\n<td width=\"566\">Wagner San Martin<\/td>\n<\/tr>\n<\/tbody>\n<\/table>\n<p>&nbsp;<\/p>\n","protected":false},"excerpt":{"rendered":"<p>Patrim\u00f4nio &nbsp; Unidade Membro Reitoria Adriana\u00a0Mello da Silveira Cherobin (Coordenadora) FMVZ M\u00e1rcia dos Santos Matos Rizzi IFSC Ana Maria Micheloni FCF \u00c2ngelo In\u00e1cio Domingues Filho Reitoria Cleber de Souza Silva FFCLRP Dirlene Pedroso Ribeiro MP Jo\u00e3o Ata\u00edde Batista IP Jose Carlos da Silva IQ Julio de Assis Pereira ICB Laura C\u00e2ndida de \u00c1vila Beca HU [&hellip;]<\/p>\n","protected":false},"author":70,"featured_media":0,"parent":62,"menu_order":0,"comment_status":"closed","ping_status":"closed","template":"","meta":{"footnotes":"","_links_to":"","_links_to_target":""},"class_list":["post-228","page","type-page","status-publish","hentry"],"_links":{"self":[{"href":"https:\/\/sites.usp.br\/gefim\/wp-json\/wp\/v2\/pages\/228","targetHints":{"allow":["GET"]}}],"collection":[{"href":"https:\/\/sites.usp.br\/gefim\/wp-json\/wp\/v2\/pages"}],"about":[{"href":"https:\/\/sites.usp.br\/gefim\/wp-json\/wp\/v2\/types\/page"}],"author":[{"embeddable":true,"href":"https:\/\/sites.usp.br\/gefim\/wp-json\/wp\/v2\/users\/70"}],"replies":[{"embeddable":true,"href":"https:\/\/sites.usp.br\/gefim\/wp-json\/wp\/v2\/comments?post=228"}],"version-history":[{"count":6,"href":"https:\/\/sites.usp.br\/gefim\/wp-json\/wp\/v2\/pages\/228\/revisions"}],"predecessor-version":[{"id":410,"href":"https:\/\/sites.usp.br\/gefim\/wp-json\/wp\/v2\/pages\/228\/revisions\/410"}],"up":[{"embeddable":true,"href":"https:\/\/sites.usp.br\/gefim\/wp-json\/wp\/v2\/pages\/62"}],"wp:attachment":[{"href":"https:\/\/sites.usp.br\/gefim\/wp-json\/wp\/v2\/media?parent=228"}],"curies":[{"name":"wp","href":"https:\/\/api.w.org\/{rel}","templated":true}]}}